# ************************************************************
# Sequel Ace SQL dump
# Version 20046
#
# https://sequel-ace.com/
# https://github.com/Sequel-Ace/Sequel-Ace
#
# Host: 127.0.0.1 (MySQL 8.0.32-0ubuntu0.20.04.2)
# Database: blockat_back
# Generation Time: 2023-03-20 07:32:02 +0000
# ************************************************************




# Dump of table admins
# ------------------------------------------------------------


CREATE TABLE `admins` (
  `id` bigint unsigned NOT NULL AUTO_INCREMENT,
  `name` varchar(191) COLLATE utf8mb4_unicode_ci NOT NULL,
  `phone` varchar(191) COLLATE utf8mb4_unicode_ci NOT NULL,
  `password` varchar(191) COLLATE utf8mb4_unicode_ci NOT NULL,
  `email` varchar(191) COLLATE utf8mb4_unicode_ci DEFAULT NULL,
  `image` text COLLATE utf8mb4_unicode_ci,
  `is_active` tinyint(1) NOT NULL,
  `created_at` timestamp NULL DEFAULT NULL,
  `updated_at` timestamp NULL DEFAULT NULL,
  `deleted_at` timestamp NULL DEFAULT NULL,
  `lang` varchar(191) COLLATE utf8mb4_unicode_ci NOT NULL DEFAULT 'ar',
  PRIMARY KEY (`id`),
  UNIQUE KEY `admins_phone_unique` (`phone`)
) ENGINE=InnoDB DEFAULT CHARSET=utf8mb4 COLLATE=utf8mb4_unicode_ci;


INSERT INTO `admins` (`id`, `name`, `phone`, `password`, `email`, `image`, `is_active`, `created_at`, `updated_at`, `deleted_at`, `lang`)
VALUES
	(1,'admins','70484120','$2y$10$JIZOosnqYPmZaKbbn.bqFuJQClwz.7xMfvS4K7nLt4Jr2AfewZzcW',NULL,NULL,1,'2021-11-17 08:06:22','2022-12-15 09:44:02',NULL,'en'),
	(2,'product manager','70484121','$2y$10$99wPBaE9OzzId69x5G6g0.wHQ38mviatD6WhensAKFNwaUKqdVEOC',NULL,NULL,1,'2022-01-15 07:53:45','2022-07-24 07:52:49',NULL,'ar'),
	(3,'Khalifa','Khalifa','$2y$10$VMfMu2G.MA8gSUIKKX8hG.k1NArE1giKtzEVDBVbDCCtQoT2kE4Fm',NULL,NULL,1,'2022-08-31 08:35:45','2023-03-07 13:47:51',NULL,'en'),
	(7,'هند','hind374','$2y$10$/lF7uO8Fhy8F.g.cTBz6zO9Jd1dU.D0xj.x6OKZtJiE3mhOE.aaE.',NULL,NULL,1,'2022-11-19 15:36:55','2022-11-20 10:36:20',NULL,'ar'),
	(8,'khadijah','khadijah','$2y$10$iBRcwNIphiiDQ5gSslR25OFno2dzCUAyQwZCs8mYKiIdCSSE4wi1K',NULL,NULL,1,'2022-12-17 20:26:38','2022-12-17 21:05:49',NULL,'ar'),
	(9,'فاطمة','FATIMA','$2y$10$hKZADL1YV50Hljw0VFh04.iOrR.qm61DJ6Q3vOoMWY0c2niiRd9XS',NULL,NULL,1,'2023-01-29 14:59:59','2023-01-29 14:59:59',NULL,'ar'),
	(10,'ahmed','ahmed','$2y$10$eriujmIoPYj3VbCmlwZkaOU9i822Kr.C0kWfCZfi6/unJs61H/Ua6',NULL,NULL,1,'2023-01-30 11:16:29','2023-01-30 11:16:29',NULL,'ar');



# Dump of table categories
# ------------------------------------------------------------


CREATE TABLE `categories` (
  `id` bigint unsigned NOT NULL AUTO_INCREMENT,
  `ar_name` varchar(191) COLLATE utf8mb4_unicode_ci NOT NULL,
  `en_name` varchar(191) COLLATE utf8mb4_unicode_ci NOT NULL,
  `order` int NOT NULL,
  `is_active` int NOT NULL DEFAULT '1',
  `bg_color` varchar(191) COLLATE utf8mb4_unicode_ci NOT NULL,
  `created_at` timestamp NULL DEFAULT NULL,
  `updated_at` timestamp NULL DEFAULT NULL,
  `deleted_at` timestamp NULL DEFAULT NULL,
  PRIMARY KEY (`id`)
) ENGINE=InnoDB DEFAULT CHARSET=utf8mb4 COLLATE=utf8mb4_unicode_ci;


INSERT INTO `categories` (`id`, `ar_name`, `en_name`, `order`, `is_active`, `bg_color`, `created_at`, `updated_at`, `deleted_at`)
VALUES
	(1,'عبايات','Abayas',2,1,'#ffffff',NULL,'2022-12-26 10:59:06',NULL),
	(2,'جلابيات ودراريع','Jalabiyas & Dararie',1,1,'#F8F2DC',NULL,'2022-03-16 13:18:00',NULL),
	(3,'كاجوال','Casual',6,1,'#FFFCF5',NULL,'2022-03-16 13:19:28',NULL),
	(4,'فساتين','Dresses',3,1,'#F8F2DC',NULL,'2022-03-16 13:18:00',NULL),
	(5,'عطورات ودهن عود','Perfume & Oud Oil',7,1,'#fffcf5',NULL,'2022-03-16 13:19:49',NULL),
	(6,'أكسسوارات','Accessory',4,1,'#ffffff',NULL,'2022-11-30 07:34:04',NULL),
	(7,'مستحضرات تجميل','Cosmetic Products',8,1,'#ffffff',NULL,'2022-03-16 13:19:49',NULL),
	(8,'ميك أب أرتست','Makeup Artist',9,0,'#fffcf5',NULL,'2022-11-02 20:38:02',NULL),
	(9,'حقائب وأحذية','Bags & Shoes',5,1,'#F8F2DC',NULL,'2022-03-16 13:19:28',NULL),
	(10,'مودل','Modelling',12,0,'#f5f5f5','2022-01-13 08:33:44','2022-03-16 13:58:21',NULL),
	(11,'مستلزمات منزلية','Home Accessory',11,1,'#ffffff','2022-01-18 12:46:35','2022-03-16 13:20:39',NULL),
	(12,'ملابس أطفال','Kids Clothes',10,1,'#f2d9d9','2022-01-18 12:49:06','2022-03-16 13:59:18',NULL),
	(13,'عربات كوفي وأكل','Coffee carts and eat',13,0,'#000000','2022-11-30 07:49:35','2022-11-30 08:30:56',NULL),
	(14,'مستلزمات الأحتفالات','party accessories',14,1,'#000000','2023-01-04 23:43:20','2023-01-04 23:43:20',NULL);



# Dump of table category_package
# ------------------------------------------------------------


CREATE TABLE `category_package` (
  `category_id` bigint unsigned NOT NULL,
  `package_id` bigint unsigned NOT NULL,
  KEY `category_package_category_id_foreign` (`category_id`),
  KEY `category_package_package_id_foreign` (`package_id`),
  CONSTRAINT `category_package_category_id_foreign` FOREIGN KEY (`category_id`) REFERENCES `categories` (`id`),
  CONSTRAINT `category_package_package_id_foreign` FOREIGN KEY (`package_id`) REFERENCES `packages` (`id`)
) ENGINE=InnoDB DEFAULT CHARSET=utf8mb4 COLLATE=utf8mb4_unicode_ci;


INSERT INTO `category_package` (`category_id`, `package_id`)
VALUES
	(1,1),
	(2,1),
	(3,1),
	(4,1),
	(5,1),
	(6,1),
	(7,1),
	(8,1),
	(9,1),
	(10,1),
	(11,1),
	(12,1),
	(13,1);



# Dump of table contact_us
# ------------------------------------------------------------


CREATE TABLE `contact_us` (
  `id` bigint unsigned NOT NULL AUTO_INCREMENT,
  `name` varchar(191) COLLATE utf8mb4_unicode_ci NOT NULL,
  `phone` varchar(191) COLLATE utf8mb4_unicode_ci NOT NULL,
  `message` text COLLATE utf8mb4_unicode_ci NOT NULL,
  `created_at` timestamp NULL DEFAULT NULL,
  `updated_at` timestamp NULL DEFAULT NULL,
  `deleted_at` timestamp NULL DEFAULT NULL,
  PRIMARY KEY (`id`)
) ENGINE=InnoDB DEFAULT CHARSET=utf8mb4 COLLATE=utf8mb4_unicode_ci;



# Dump of table countries
# ------------------------------------------------------------


CREATE TABLE `countries` (
  `id` bigint unsigned NOT NULL AUTO_INCREMENT,
  `ar_name` varchar(191) COLLATE utf8mb4_unicode_ci NOT NULL,
  `en_name` varchar(191) COLLATE utf8mb4_unicode_ci NOT NULL,
  `en_currency` varchar(191) COLLATE utf8mb4_unicode_ci NOT NULL,
  `ar_currency` varchar(191) COLLATE utf8mb4_unicode_ci NOT NULL,
  `code` varchar(191) COLLATE utf8mb4_unicode_ci NOT NULL,
  `flag` varchar(191) CHARACTER SET utf8mb4 COLLATE utf8mb4_unicode_ci DEFAULT NULL,
  `is_active` int NOT NULL DEFAULT '1',
  `created_at` timestamp NULL DEFAULT NULL,
  `updated_at` timestamp NULL DEFAULT NULL,
  `deleted_at` timestamp NULL DEFAULT NULL,
  PRIMARY KEY (`id`)
) ENGINE=InnoDB DEFAULT CHARSET=utf8mb4 COLLATE=utf8mb4_unicode_ci;


INSERT INTO `countries` (`id`, `ar_name`, `en_name`, `en_currency`, `ar_currency`, `code`, `flag`, `is_active`, `created_at`, `updated_at`, `deleted_at`)
VALUES
	(1,'قطر','Qatar','QAR','QAR','+974','',1,NULL,'2022-01-31 08:42:51',NULL),
	(2,'افغانستان','Afghanistan','AFN','AFN','+93','AF',1,'2021-12-29 13:10:18','2022-03-14 08:43:39',NULL),
	(3,'البانيا','Albania','ALL','ALL','+355','AL',1,'2021-12-29 13:10:18','2022-03-14 08:43:46',NULL),
	(4,'أنتاركتيكا','Antarctica','','','+672','AQ',1,'2021-12-29 13:10:18','2021-12-29 13:10:18',NULL),
	(5,'الجزائر','Algeria','DZD','DZD','+213','DZ',1,'2021-12-29 13:10:18','2021-12-29 13:10:18',NULL),
	(6,'ساموا الأمريكية','American Samoa','USD','USD','+1','AS',1,'2021-12-29 13:10:18','2022-03-13 10:35:17',NULL),
	(7,'أندورا','Andorra','EUR','EUR','+376','AD',1,'2021-12-29 13:10:18','2021-12-29 13:10:18',NULL),
	(8,'أنغولا','Angola','AOA','AOA','+244','AO',1,'2021-12-29 13:10:18','2021-12-29 13:10:18',NULL),
	(9,'أنتيغوا وبربودا','Antigua and Barbuda','XCD','XCD','+1','AG',1,'2021-12-29 13:10:18','2021-12-29 13:10:18',NULL),
	(10,'أذربيجان','Azerbaijan','AZN','AZN','+994','AZ',1,'2021-12-29 13:10:18','2021-12-29 13:10:18',NULL),
	(11,'الارجنتين','Argentina','ARS','ARS','+54','AR',1,'2021-12-29 13:10:18','2022-03-14 08:43:58',NULL),
	(12,'استراليا','Australia','AUD','AUD','+61','AU',1,'2021-12-29 13:10:18','2022-03-14 08:44:02',NULL),
	(13,'النمسا','Austria','EUR','EUR','+43','AT',1,'2021-12-29 13:10:18','2021-12-29 13:10:18',NULL),
	(14,'الباهاماس','Bahamas','BSD','BSD','+1','BS',1,'2021-12-29 13:10:18','2021-12-29 13:10:18',NULL),
	(15,'البحرين','Bahrain','BHD','BHD','+973','BH',1,'2021-12-29 13:10:18','2021-12-29 13:10:18',NULL),
	(16,'بنغلاديش','Bangladesh','BDT','BDT','+880','BD',1,'2021-12-29 13:10:18','2021-12-29 13:10:18',NULL),
	(17,'أرمينيا','Armenia','AMD','AMD','+374','AM',1,'2021-12-29 13:10:18','2021-12-29 13:10:18',NULL),
	(18,'بربادوس','Barbados','BBD','BBD','+1','BB',1,'2021-12-29 13:10:18','2021-12-29 13:10:18',NULL),
	(19,'بلجيكا','Belgium','EUR','EUR','+32','BE',1,'2021-12-29 13:10:18','2021-12-29 13:10:18',NULL),
	(20,'جزر برمودا','Bermuda','BMD','BMD','+1','BM',1,'2021-12-29 13:10:18','2021-12-29 13:10:18',NULL),
	(21,'بوتان','Bhutan','BTN','BTN','+975','BT',1,'2021-12-29 13:10:18','2021-12-29 13:10:18',NULL),
	(22,'بوليفيا','Bolivia, Plurinational State of','BOB','BOB','+591','BO',1,'2021-12-29 13:10:18','2021-12-29 13:10:18',NULL),
	(23,'البوسنة','Bosnia and Herzegovina','BAM','BAM','+387','BA',1,'2021-12-29 13:10:18','2021-12-29 13:10:18',NULL),
	(24,'بوتسوانا','Botswana','BWP','BWP','+267','BW',1,'2021-12-29 13:10:18','2021-12-29 13:10:18',NULL),
	(25,'Bouvet Island','Bouvet Island','','','+47','BV',1,'2021-12-29 13:10:18','2021-12-29 13:10:18',NULL),
	(26,'البرازيل','Brazil','BRL','BRL','+55','BR',1,'2021-12-29 13:10:18','2021-12-29 13:10:18',NULL),
	(27,'بيليز','Belize','BZD','BZD','+501','BZ',1,'2021-12-29 13:10:18','2021-12-29 13:10:18',NULL),
	(28,'British Indian Ocean Territory','British Indian Ocean Territory','USD','USD','+246','IO',1,'2021-12-29 13:10:18','2021-12-29 13:10:18',NULL),
	(29,'جزر سليمان','Solomon Islands','SBD','SBD','+677','SB',1,'2021-12-29 13:10:18','2021-12-29 13:10:18',NULL),
	(30,'الجزر العذراء البريطانية','Virgin Islands, British','USD','USD','+1','VG',1,'2021-12-29 13:10:18','2021-12-29 13:10:18',NULL),
	(31,'بروني','Brunei Darussalam','BND','BND','+673','BN',1,'2021-12-29 13:10:18','2021-12-29 13:10:18',NULL),
	(32,'بلغاريا','Bulgaria','BGN','BGN','+359','BG',1,'2021-12-29 13:10:18','2021-12-29 13:10:18',NULL),
	(33,'ميانمار','Myanmar','MMK','MMK','+95','MM',1,'2021-12-29 13:10:18','2021-12-29 13:10:18',NULL),
	(34,'بوروندي','Burundi','BIF','BIF','+257','BI',1,'2021-12-29 13:10:18','2021-12-29 13:10:18',NULL),
	(35,'روسيا البيضاء','Belarus','BYR','BYR','+375','BY',1,'2021-12-29 13:10:18','2021-12-29 13:10:18',NULL),
	(36,'كمبوديا','Cambodia','KHR','KHR','+855','KH',1,'2021-12-29 13:10:18','2021-12-29 13:10:18',NULL),
	(37,'كاميرون','Cameroon','XAF','XAF','+237','CM',1,'2021-12-29 13:10:18','2021-12-29 13:10:18',NULL),
	(38,'كندا','Canada','CAD','CAD','+1','CA',1,'2021-12-29 13:10:18','2021-12-29 13:10:18',NULL),
	(39,'الرأس الأخضر','Cape Verde','CVE','CVE','+238','CV',1,'2021-12-29 13:10:18','2021-12-29 13:10:18',NULL),
	(40,'Cayman Islands','Cayman Islands','KYD','KYD','+1','KY',1,'2021-12-29 13:10:18','2021-12-29 13:10:18',NULL),
	(41,'جمهورية أفريقيا الوسطى','Central African Republic','XAF','XAF','+236','CF',1,'2021-12-29 13:10:18','2021-12-29 13:10:18',NULL),
	(42,'سريلانكا','Sri Lanka','LKR','LKR','+94','LK',1,'2021-12-29 13:10:18','2021-12-29 13:10:18',NULL),
	(43,'تشاد','Chad','XAF','XAF','+235','TD',1,'2021-12-29 13:10:18','2021-12-29 13:10:18',NULL),
	(44,'شيلي','Chile','CLP','CLP','+56','CL',1,'2021-12-29 13:10:18','2021-12-29 13:10:18',NULL),
	(45,'الصين','China','CNY','CNY','+86','CN',1,'2021-12-29 13:10:18','2022-03-13 10:35:25',NULL),
	(46,'تايوان','Taiwan, Province of China','TWD','TWD','+886','TW',1,'2021-12-29 13:10:18','2021-12-29 13:10:18',NULL),
	(47,'Christmas Island','Christmas Island','AUD','AUD','+61','CX',1,'2021-12-29 13:10:18','2021-12-29 13:10:18',NULL),
	(48,'Cocos (Keeling) Islands','Cocos (Keeling) Islands','AUD','AUD','+61','CC',1,'2021-12-29 13:10:18','2021-12-29 13:10:18',NULL),
	(49,'كولومبيا','Colombia','COP','COP','+57','CO',1,'2021-12-29 13:10:18','2021-12-29 13:10:18',NULL),
	(50,'جزر القمر','Comoros','KMF','KMF','+269','KM',1,'2021-12-29 13:10:18','2021-12-29 13:10:18',NULL),
	(51,'Mayotte','Mayotte','EUR','EUR','+262','YT',1,'2021-12-29 13:10:18','2021-12-29 13:10:18',NULL),
	(52,'الكونغو','Congo','XAF','XAF','+242','CG',1,'2021-12-29 13:10:18','2022-03-13 10:35:34',NULL),
	(53,'الكونغو','Congo, the Democratic Republic of the','CDF','CDF','+243','CD',1,'2021-12-29 13:10:18','2022-03-13 10:35:39',NULL),
	(54,'جزر كوك','Cook Islands','NZD','NZD','+682','CK',1,'2021-12-29 13:10:18','2021-12-29 13:10:18',NULL),
	(55,'كوستاريكا','Costa Rica','CRC','CRC','+506','CR',1,'2021-12-29 13:10:18','2021-12-29 13:10:18',NULL),
	(56,'كرواتيا','Croatia','HRK','HRK','+385','HR',1,'2021-12-29 13:10:18','2021-12-29 13:10:18',NULL),
	(57,'كوبا','Cuba','CUP','CUP','+53','CU',1,'2021-12-29 13:10:18','2021-12-29 13:10:18',NULL),
	(58,'قبرص','Cyprus','EUR','EUR','+357','CY',1,'2021-12-29 13:10:18','2021-12-29 13:10:18',NULL),
	(59,'التشيك','Czech Republic','CZK','CZK','+420','CZ',1,'2021-12-29 13:10:18','2022-03-13 10:35:49',NULL),
	(60,'بنين','Benin','XOF','XOF','+229','BJ',1,'2021-12-29 13:10:18','2021-12-29 13:10:18',NULL),
	(61,'الدانمارك','Denmark','DKK','DKK','+45','DK',1,'2021-12-29 13:10:18','2021-12-29 13:10:18',NULL),
	(62,'دومينيكا','Dominica','XCD','XCD','+1','DM',1,'2021-12-29 13:10:18','2021-12-29 13:10:18',NULL),
	(63,'الجمهورية الدومينيكية','Dominican Republic','DOP','DOP','+1','DO',1,'2021-12-29 13:10:18','2021-12-29 13:10:18',NULL),
	(64,'إكوادور','Ecuador','USD','USD','+593','EC',1,'2021-12-29 13:10:18','2021-12-29 13:10:18',NULL),
	(65,'إلسلفادور','El Salvador','SVC','SVC','+503','SV',1,'2021-12-29 13:10:18','2021-12-29 13:10:18',NULL),
	(66,'غينيا الاستوائي','Equatorial Guinea','XAF','XAF','+240','GQ',1,'2021-12-29 13:10:18','2021-12-29 13:10:18',NULL),
	(67,'أثيوبيا','Ethiopia','ETB','ETB','+251','ET',1,'2021-12-29 13:10:18','2021-12-29 13:10:18',NULL),
	(68,'إريتريا','Eritrea','ERN','ERN','+291','ER',1,'2021-12-29 13:10:18','2021-12-29 13:10:18',NULL),
	(69,'استونيا','Estonia','EUR','EUR','+372','EE',1,'2021-12-29 13:10:18','2021-12-29 13:10:18',NULL),
	(70,'جزر فارو','Faroe Islands','DKK','DKK','+298','FO',1,'2021-12-29 13:10:18','2021-12-29 13:10:18',NULL),
	(71,'Falkland Islands (Malvinas)','Falkland Islands (Malvinas)','FKP','FKP','+500','FK',1,'2021-12-29 13:10:18','2021-12-29 13:10:18',NULL),
	(72,'South Georgia and the South Sandwich Islands','South Georgia and the South Sandwich Islands','','','+44','GS',1,'2021-12-29 13:10:18','2021-12-29 13:10:18',NULL),
	(73,'فيجي','Fiji','FJD','FJD','+679','FJ',1,'2021-12-29 13:10:18','2021-12-29 13:10:18',NULL),
	(74,'فنلندا','Finland','EUR','EUR','+358','FI',1,'2021-12-29 13:10:18','2021-12-29 13:10:18',NULL),
	(75,'Åland Islands','Åland Islands','EUR','EUR','+358','AX',1,'2021-12-29 13:10:18','2021-12-29 13:10:18',NULL),
	(76,'فرنسا','France','EUR','EUR','+33','FR',1,'2021-12-29 13:10:18','2021-12-29 13:10:18',NULL),
	(77,'غويانا الفرنسية','French Guiana','EUR','EUR','+594','GF',1,'2021-12-29 13:10:18','2021-12-29 13:10:18',NULL),
	(78,'بولينيزيا الفرنسية','French Polynesia','XPF','XPF','+689','PF',1,'2021-12-29 13:10:18','2021-12-29 13:10:18',NULL),
	(79,'French Southern Territories','French Southern Territories','EUR','EUR','+33','TF',1,'2021-12-29 13:10:18','2021-12-29 13:10:18',NULL),
	(80,'جيبوتي','Djibouti','DJF','DJF','+253','DJ',1,'2021-12-29 13:10:18','2021-12-29 13:10:18',NULL),
	(81,'الغابون','Gabon','XAF','XAF','+241','GA',1,'2021-12-29 13:10:18','2021-12-29 13:10:18',NULL),
	(82,'جيورجيا','Georgia','GEL','GEL','+995','GE',1,'2021-12-29 13:10:18','2021-12-29 13:10:18',NULL),
	(83,'غامبيا','Gambia','GMD','GMD','+220','GM',1,'2021-12-29 13:10:18','2021-12-29 13:10:18',NULL),
	(84,'فلسطين','Palestine','NULL','NULL','+970','PS',1,'2021-12-29 13:10:18','2021-12-29 13:10:18',NULL),
	(85,'ألمانيا','Germany','EUR','EUR','+49','DE',1,'2021-12-29 13:10:18','2021-12-29 13:10:18',NULL),
	(86,'غانا','Ghana','GHS','GHS','+233','GH',1,'2021-12-29 13:10:18','2021-12-29 13:10:18',NULL),
	(87,'جبل طارق','Gibraltar','GIP','GIP','+350','GI',1,'2021-12-29 13:10:18','2021-12-29 13:10:18',NULL),
	(88,'كيريباتي','Kiribati','AUD','AUD','+686','KI',1,'2021-12-29 13:10:18','2021-12-29 13:10:18',NULL),
	(89,'اليونان','Greece','EUR','EUR','+30','GR',1,'2021-12-29 13:10:18','2021-12-29 13:10:18',NULL),
	(90,'جرينلاند','Greenland','DKK','DKK','+299','GL',1,'2021-12-29 13:10:18','2021-12-29 13:10:18',NULL),
	(91,'غرينادا','Grenada','XCD','XCD','+1','GD',1,'2021-12-29 13:10:18','2021-12-29 13:10:18',NULL),
	(92,'جزر جوادلوب','Guadeloupe','EUR','EUR','+590','GP',1,'2021-12-29 13:10:18','2021-12-29 13:10:18',NULL),
	(93,'جوام','Guam','USD','USD','+1','GU',1,'2021-12-29 13:10:18','2021-12-29 13:10:18',NULL),
	(94,'غواتيمال','Guatemala','GTQ','GTQ','+502','GT',1,'2021-12-29 13:10:18','2021-12-29 13:10:18',NULL),
	(95,'غينيا','Guinea','GNF','GNF','+224','GN',1,'2021-12-29 13:10:18','2021-12-29 13:10:18',NULL),
	(96,'غيانا','Guyana','GYD','GYD','+592','GY',1,'2021-12-29 13:10:18','2021-12-29 13:10:18',NULL),
	(97,'هايتي','Haiti','HTG','HTG','+509','HT',1,'2021-12-29 13:10:18','2021-12-29 13:10:18',NULL),
	(98,'Heard Island and McDonald Islands','Heard Island and McDonald Islands','','','+61','HM',1,'2021-12-29 13:10:18','2021-12-29 13:10:18',NULL),
	(99,'الفاتيكان','Holy See (Vatican City State)','EUR','EUR','+39','VA',1,'2021-12-29 13:10:18','2021-12-29 13:10:18',NULL),
	(100,'هندوراس','Honduras','HNL','HNL','+504','HN',1,'2021-12-29 13:10:18','2021-12-29 13:10:18',NULL),
	(101,'هونغ كونغ','Hong Kong','HKD','HKD','+852','HK',1,'2021-12-29 13:10:18','2021-12-29 13:10:18',NULL),
	(102,'المجر','Hungary','HUF','HUF','+36','HU',1,'2021-12-29 13:10:18','2021-12-29 13:10:18',NULL),
	(103,'آيسلندا','Iceland','ISK','ISK','+354','IS',1,'2021-12-29 13:10:18','2021-12-29 13:10:18',NULL),
	(104,'الهند','India','INR','INR','+91','IN',1,'2021-12-29 13:10:18','2021-12-29 13:10:18',NULL),
	(105,'اندونيسيا','Indonesia','IDR','IDR','+62','ID',1,'2021-12-29 13:10:18','2022-03-14 08:44:06',NULL),
	(106,'ايران','Iran, Islamic Republic of','IRR','IRR','+98','IR',1,'2021-12-29 13:10:18','2022-03-14 08:44:15',NULL),
	(107,'العراق','Iraq','IQD','IQD','+964','IQ',1,'2021-12-29 13:10:18','2021-12-29 13:10:18',NULL),
	(108,'إيرلندا','Ireland','EUR','EUR','+353','IE',1,'2021-12-29 13:10:18','2021-12-29 13:10:18',NULL),
	(109,'إيطاليا','Italy','EUR','EUR','+39','IT',1,'2021-12-29 13:10:18','2021-12-29 13:10:18',NULL),
	(110,'ساحل العاج','Côte d\'Ivoire','XOF','XOF','+225','CI',1,'2021-12-29 13:10:18','2021-12-29 13:10:18',NULL),
	(111,'جمايكا','Jamaica','JMD','JMD','+1','JM',1,'2021-12-29 13:10:18','2021-12-29 13:10:18',NULL),
	(112,'اليابان','Japan','JPY','JPY','+81','JP',1,'2021-12-29 13:10:18','2021-12-29 13:10:18',NULL),
	(113,'كازاخستان','Kazakhstan','KZT','KZT','+7','KZ',1,'2021-12-29 13:10:18','2021-12-29 13:10:18',NULL),
	(114,'الاردن','Jordan','JOD','JOD','+962','JO',1,'2021-12-29 13:10:18','2022-03-14 08:41:49',NULL),
	(115,'كينيا','Kenya','KES','KES','+254','KE',1,'2021-12-29 13:10:18','2021-12-29 13:10:18',NULL),
	(116,'كوريا الجنوبية','Korea, Democratic People\'s Republic of','KPW','KPW','+850','KP',1,'2021-12-29 13:10:18','2021-12-29 13:10:18',NULL),
	(117,'كوريا الشمالية','Korea, Republic of','KRW','KRW','+82','KR',1,'2021-12-29 13:10:18','2021-12-29 13:10:18',NULL),
	(118,'الكويت','Kuwait','KWD','KWD','+965','KW',1,'2021-12-29 13:10:18','2021-12-29 13:10:18',NULL),
	(119,'قيرغيزستان','Kyrgyzstan','KGS','KGS','+996','KG',1,'2021-12-29 13:10:18','2021-12-29 13:10:18',NULL),
	(120,'لاوس','Lao People\'s Democratic Republic','LAK','LAK','+856','LA',1,'2021-12-29 13:10:18','2021-12-29 13:10:18',NULL),
	(121,'لبنان','Lebanon','LBP','LBP','+961','LB',1,'2021-12-29 13:10:18','2021-12-29 13:10:18',NULL),
	(122,'ليسوتو','Lesotho','LSL','LSL','+266','LS',1,'2021-12-29 13:10:18','2021-12-29 13:10:18',NULL),
	(123,'لاتفيا','Latvia','LVL','LVL','+371','LV',1,'2021-12-29 13:10:18','2021-12-29 13:10:18',NULL),
	(124,'ليبيريا','Liberia','LRD','LRD','+231','LR',1,'2021-12-29 13:10:18','2021-12-29 13:10:18',NULL),
	(125,'ليبيا','Libya','LYD','LYD','+218','LY',1,'2021-12-29 13:10:18','2021-12-29 13:10:18',NULL),
	(126,'ليختنشتين','Liechtenstein','CHF','CHF','+423','LI',1,'2021-12-29 13:10:18','2021-12-29 13:10:18',NULL),
	(127,'لتوانيا','Lithuania','LTL','LTL','+370','LT',1,'2021-12-29 13:10:18','2021-12-29 13:10:18',NULL),
	(128,'لوكسمبورغ','Luxembourg','EUR','EUR','+352','LU',1,'2021-12-29 13:10:18','2021-12-29 13:10:18',NULL),
	(129,'ماكاو','Macao','MOP','MOP','+853','MO',1,'2021-12-29 13:10:18','2021-12-29 13:10:18',NULL),
	(130,'مدغشقر','Madagascar','MGA','MGA','+261','MG',1,'2021-12-29 13:10:18','2021-12-29 13:10:18',NULL),
	(131,'مالاوي','Malawi','MWK','MWK','+265','MW',1,'2021-12-29 13:10:18','2021-12-29 13:10:18',NULL),
	(132,'ماليزيا','Malaysia','MYR','MYR','+60','MY',1,'2021-12-29 13:10:18','2021-12-29 13:10:18',NULL),
	(133,'المالديف','Maldives','MVR','MVR','+960','MV',1,'2021-12-29 13:10:18','2021-12-29 13:10:18',NULL),
	(134,'مالي','Mali','XOF','XOF','+223','ML',1,'2021-12-29 13:10:18','2021-12-29 13:10:18',NULL),
	(135,'مالطا','Malta','EUR','EUR','+356','MT',1,'2021-12-29 13:10:18','2021-12-29 13:10:18',NULL),
	(136,'مارتينيك','Martinique','EUR','EUR','+596','MQ',1,'2021-12-29 13:10:18','2021-12-29 13:10:18',NULL),
	(137,'موريتانيا','Mauritania','MRO','MRO','+222','MR',1,'2021-12-29 13:10:18','2021-12-29 13:10:18',NULL),
	(138,'موريشيوس','Mauritius','MUR','MUR','+230','MU',1,'2021-12-29 13:10:18','2021-12-29 13:10:18',NULL),
	(139,'المكسيك','Mexico','MXN','MXN','+52','MX',1,'2021-12-29 13:10:18','2021-12-29 13:10:18',NULL),
	(140,'موناكو','Monaco','EUR','EUR','+377','MC',1,'2021-12-29 13:10:18','2021-12-29 13:10:18',NULL),
	(141,'منغوليا','Mongolia','MNT','MNT','+976','MN',1,'2021-12-29 13:10:18','2021-12-29 13:10:18',NULL),
	(142,'مولدافيا','Moldova, Republic of','MDL','MDL','+373','MD',1,'2021-12-29 13:10:18','2021-12-29 13:10:18',NULL),
	(143,'الجبل الأسو','Montenegro','EUR','EUR','+382','ME',1,'2021-12-29 13:10:18','2021-12-29 13:10:18',NULL),
	(144,'مونتسيرات','Montserrat','XCD','XCD','+1','MS',1,'2021-12-29 13:10:18','2021-12-29 13:10:18',NULL),
	(145,'المغرب','Morocco','MAD','MAD','+212','MA',1,'2021-12-29 13:10:18','2021-12-29 13:10:18',NULL),
	(146,'موزمبيق','Mozambique','MZN','MZN','+258','MZ',1,'2021-12-29 13:10:18','2021-12-29 13:10:18',NULL),
	(147,'عمان','Oman','OMR','OMR','+968','OM',1,'2021-12-29 13:10:18','2022-02-23 10:16:33',NULL),
	(148,'ناميبيا','Namibia','NAD','NAD','+264','NA',1,'2021-12-29 13:10:18','2021-12-29 13:10:18',NULL),
	(149,'نورو','Nauru','AUD','AUD','+674','NR',1,'2021-12-29 13:10:18','2021-12-29 13:10:18',NULL),
	(150,'نيبال','Nepal','NPR','NPR','+977','NP',1,'2021-12-29 13:10:18','2021-12-29 13:10:18',NULL),
	(151,'هولندا','Netherlands','EUR','EUR','+31','NL',1,'2021-12-29 13:10:18','2021-12-29 13:10:18',NULL),
	(152,'Curaçao','Curaçao','ANG','ANG','+599','CW',1,'2021-12-29 13:10:18','2021-12-29 13:10:18',NULL),
	(153,'أروبه','Aruba','AWG','AWG','+297','AW',1,'2021-12-29 13:10:18','2021-12-29 13:10:18',NULL),
	(154,'Sint Maarten (Dutch part)','Sint Maarten (Dutch part)','ANG','ANG','+721','SX',1,'2021-12-29 13:10:18','2021-12-29 13:10:18',NULL),
	(155,'Bonaire, Sint Eustatius and Saba','Bonaire, Sint Eustatius and Saba','USD','USD','+599','BQ',1,'2021-12-29 13:10:18','2021-12-29 13:10:18',NULL),
	(156,'كاليدونيا الجديدة','New Caledonia','XPF','XPF','+687','NC',1,'2021-12-29 13:10:18','2021-12-29 13:10:18',NULL),
	(157,'فانواتو','Vanuatu','VUV','VUV','+678','VU',1,'2021-12-29 13:10:18','2021-12-29 13:10:18',NULL),
	(158,'نيوزيلندا','New Zealand','NZD','NZD','+64','NZ',1,'2021-12-29 13:10:18','2021-12-29 13:10:18',NULL),
	(159,'نيكاراجوا','Nicaragua','NIO','NIO','+505','NI',1,'2021-12-29 13:10:18','2021-12-29 13:10:18',NULL),
	(160,'النيجر','Niger','XOF','XOF','+227','NE',1,'2021-12-29 13:10:18','2021-12-29 13:10:18',NULL),
	(161,'نيجيريا','Nigeria','NGN','NGN','+234','NG',1,'2021-12-29 13:10:18','2021-12-29 13:10:18',NULL),
	(162,'ني','Niue','NZD','NZD','+683','NU',1,'2021-12-29 13:10:18','2021-12-29 13:10:18',NULL),
	(163,'Norfolk Island','Norfolk Island','AUD','AUD','+672','NF',1,'2021-12-29 13:10:18','2021-12-29 13:10:18',NULL),
	(164,'النرويج','Norway','NOK','NOK','+47','NO',1,'2021-12-29 13:10:18','2021-12-29 13:10:18',NULL),
	(165,'جزر ماريانا الشمالي','Northern Mariana Islands','USD','USD','+1','MP',1,'2021-12-29 13:10:18','2021-12-29 13:10:18',NULL),
	(166,'United States Minor Outlying Islands','United States Minor Outlying Islands','USD','USD','+1','UM',1,'2021-12-29 13:10:18','2021-12-29 13:10:18',NULL),
	(167,'Micronesia, Federated States of','Micronesia, Federated States of','USD','USD','+691','FM',1,'2021-12-29 13:10:18','2021-12-29 13:10:18',NULL),
	(168,'جزر مارشال','Marshall Islands','USD','USD','+692','MH',1,'2021-12-29 13:10:18','2021-12-29 13:10:18',NULL),
	(169,'بالاو','Palau','USD','USD','+680','PW',1,'2021-12-29 13:10:18','2021-12-29 13:10:18',NULL),
	(170,'باكستان','Pakistan','PKR','PKR','+92','PK',1,'2021-12-29 13:10:18','2021-12-29 13:10:18',NULL),
	(171,'بنما','Panama','PAB','PAB','+507','PA',1,'2021-12-29 13:10:18','2021-12-29 13:10:18',NULL),
	(172,'بابوا غينيا الجديدة','Papua New Guinea','PGK','PGK','+675','PG',1,'2021-12-29 13:10:18','2021-12-29 13:10:18',NULL),
	(173,'باراغواي','Paraguay','PYG','PYG','+595','PY',1,'2021-12-29 13:10:18','2021-12-29 13:10:18',NULL),
	(174,'بيرو','Peru','PEN','PEN','+51','PE',1,'2021-12-29 13:10:18','2021-12-29 13:10:18',NULL),
	(175,'الفليبين','Philippines','PHP','PHP','+63','PH',1,'2021-12-29 13:10:18','2021-12-29 13:10:18',NULL),
	(176,'Pitcairn','Pitcairn','NZD','NZD','+649','PN',1,'2021-12-29 13:10:18','2021-12-29 13:10:18',NULL),
	(177,'بولونيا','Poland','PLN','PLN','+48','PL',1,'2021-12-29 13:10:18','2021-12-29 13:10:18',NULL),
	(178,'البرتغال','Portugal','EUR','EUR','+351','PT',1,'2021-12-29 13:10:18','2021-12-29 13:10:18',NULL),
	(179,'غينيا بيساو','Guinea-Bissau','XOF','XOF','+245','GW',1,'2021-12-29 13:10:18','2022-03-13 10:36:04',NULL),
	(180,'تيمور الشرقية','Timor-Leste','USD','USD','+670','TL',1,'2021-12-29 13:10:18','2021-12-29 13:10:18',NULL),
	(181,'بورتو ريكو','Puerto Rico','USD','USD','+1','PR',1,'2021-12-29 13:10:18','2021-12-29 13:10:18',NULL),
	(182,'قطر','Qatar','QAR','QAR','+974','QA',1,'2021-12-29 13:10:18','2021-12-29 13:10:18',NULL),
	(183,'ريونيون','Réunion','EUR','EUR','+262','RE',1,'2021-12-29 13:10:18','2021-12-29 13:10:18',NULL),
	(184,'رومانيا','Romania','RON','RON','+40','RO',1,'2021-12-29 13:10:18','2021-12-29 13:10:18',NULL),
	(185,'روسيا','Russian Federation','RUB','RUB','+7','RU',1,'2021-12-29 13:10:18','2021-12-29 13:10:18',NULL),
	(186,'رواندا','Rwanda','RWF','RWF','+250','RW',1,'2021-12-29 13:10:18','2021-12-29 13:10:18',NULL),
	(187,'Saint Barthélemy','Saint Barthélemy','EUR','EUR','+590','BL',1,'2021-12-29 13:10:18','2021-12-29 13:10:18',NULL),
	(188,'Saint Helena, Ascension and Tristan da Cunha','Saint Helena, Ascension and Tristan da Cunha','SHP','SHP','+290','SH',1,'2021-12-29 13:10:18','2021-12-29 13:10:18',NULL),
	(189,'سانت كيتس ونيفس','Saint Kitts and Nevis','XCD','XCD','+1','KN',1,'2021-12-29 13:10:18','2021-12-29 13:10:18',NULL),
	(190,'أنغويلا','Anguilla','XCD','XCD','+1','AI',1,'2021-12-29 13:10:18','2021-12-29 13:10:18',NULL),
	(191,'سانت لوسيا','Saint Lucia','XCD','XCD','+1','LC',1,'2021-12-29 13:10:18','2021-12-29 13:10:18',NULL),
	(192,'Saint Martin (French part)','Saint Martin (French part)','EUR','EUR','+590','MF',1,'2021-12-29 13:10:18','2021-12-29 13:10:18',NULL),
	(193,'Saint Pierre and Miquelon','Saint Pierre and Miquelon','EUR','EUR','+508','PM',1,'2021-12-29 13:10:18','2021-12-29 13:10:18',NULL),
	(194,'سانت فنسنت وجزر غرينادين','Saint Vincent and the Grenadines','XCD','XCD','+1','VC',1,'2021-12-29 13:10:18','2021-12-29 13:10:18',NULL),
	(195,'سان مارينو','San Marino','EUR','EUR','+378','SM',1,'2021-12-29 13:10:18','2021-12-29 13:10:18',NULL),
	(196,'ساو تومي وبرينسيبي','Sao Tome and Principe','STD','STD','+239','ST',1,'2021-12-29 13:10:18','2021-12-29 13:10:18',NULL),
	(197,'السعودية','Saudi Arabia','SAR','SAR','+966','SA',1,'2021-12-29 13:10:18','2022-03-13 10:36:12',NULL),
	(198,'السنغال','Senegal','XOF','XOF','+221','SN',1,'2021-12-29 13:10:18','2021-12-29 13:10:18',NULL),
	(199,'جمهورية صربيا','Serbia','RSD','RSD','+381','RS',1,'2021-12-29 13:10:18','2021-12-29 13:10:18',NULL),
	(200,'سيشيل','Seychelles','SCR','SCR','+248','SC',1,'2021-12-29 13:10:18','2021-12-29 13:10:18',NULL),
	(201,'سيراليون','Sierra Leone','SLL','SLL','+232','SL',1,'2021-12-29 13:10:18','2021-12-29 13:10:18',NULL),
	(202,'سنغافورة','Singapore','SGD','SGD','+65','SG',1,'2021-12-29 13:10:18','2021-12-29 13:10:18',NULL),
	(203,'سلوفاكيا','Slovakia','EUR','EUR','+421','SK',1,'2021-12-29 13:10:18','2021-12-29 13:10:18',NULL),
	(204,'فيتنام','Viet Nam','VND','VND','+84','VN',1,'2021-12-29 13:10:18','2021-12-29 13:10:18',NULL),
	(205,'سلوفينيا','Slovenia','EUR','EUR','+386','SI',1,'2021-12-29 13:10:18','2021-12-29 13:10:18',NULL),
	(206,'الصومال','Somalia','SOS','SOS','+252','SO',1,'2021-12-29 13:10:18','2021-12-29 13:10:18',NULL),
	(207,'جنوب أفريقيا','South Africa','ZAR','ZAR','+27','ZA',1,'2021-12-29 13:10:18','2021-12-29 13:10:18',NULL),
	(208,'زمبابوي','Zimbabwe','ZWL','ZWL','+263','ZW',1,'2021-12-29 13:10:18','2021-12-29 13:10:18',NULL),
	(209,'إسبانيا','Spain','EUR','EUR','+34','ES',1,'2021-12-29 13:10:18','2021-12-29 13:10:18',NULL),
	(210,'South Sudan','South Sudan','SSP','SSP','+211','SS',1,'2021-12-29 13:10:18','2021-12-29 13:10:18',NULL),
	(211,'السودان','Sudan','SDG','SDG','+249','SD',1,'2021-12-29 13:10:18','2021-12-29 13:10:18',NULL),
	(212,'الصحراء الغربية','Western Sahara','MAD','MAD','+212','EH',1,'2021-12-29 13:10:18','2021-12-29 13:10:18',NULL),
	(213,'سورينام','Suriname','SRD','SRD','+597','SR',1,'2021-12-29 13:10:18','2021-12-29 13:10:18',NULL),
	(214,'Svalbard and Jan Mayen','Svalbard and Jan Mayen','NOK','NOK','+47','SJ',1,'2021-12-29 13:10:18','2021-12-29 13:10:18',NULL),
	(215,'سوازيلند','Swaziland','SZL','SZL','+268','SZ',1,'2021-12-29 13:10:18','2021-12-29 13:10:18',NULL),
	(216,'السويد','Sweden','SEK','SEK','+46','SE',1,'2021-12-29 13:10:18','2021-12-29 13:10:18',NULL),
	(217,'سويسرا','Switzerland','CHF','CHF','+41','CH',1,'2021-12-29 13:10:18','2021-12-29 13:10:18',NULL),
	(218,'سوريا','Syria','SYP','SYP','+963','SY',1,'2021-12-29 13:10:18','2021-12-29 13:10:18',NULL),
	(219,'طاجيكستان','Tajikistan','TJS','TJS','+992','TJ',1,'2021-12-29 13:10:18','2021-12-29 13:10:18',NULL),
	(220,'تايلندا','Thailand','THB','THB','+66','TH',1,'2021-12-29 13:10:18','2021-12-29 13:10:18',NULL),
	(221,'توغو','Togo','XOF','XOF','+228','TG',1,'2021-12-29 13:10:18','2021-12-29 13:10:18',NULL),
	(222,'Tokelau','Tokelau','NZD','NZD','+690','TK',1,'2021-12-29 13:10:18','2021-12-29 13:10:18',NULL),
	(223,'تونغا','Tonga','TOP','TOP','+676','TO',1,'2021-12-29 13:10:18','2021-12-29 13:10:18',NULL),
	(224,'ترينيداد وتوباغو','Trinidad and Tobago','TTD','TTD','+1','TT',1,'2021-12-29 13:10:18','2021-12-29 13:10:18',NULL),
	(225,'الامارات','United Arab Emirates','AED','AED','+971','AE',1,'2021-12-29 13:10:18','2022-02-23 10:12:43',NULL),
	(226,'تونس','Tunisia','TND','TND','+216','TN',1,'2021-12-29 13:10:18','2021-12-29 13:10:18',NULL),
	(227,'تركيا','Turkey','TRY','TRY','+90','TR',1,'2021-12-29 13:10:18','2021-12-29 13:10:18',NULL),
	(228,'تركمانستان','Turkmenistan','TMT','TMT','+993','TM',1,'2021-12-29 13:10:18','2021-12-29 13:10:18',NULL),
	(229,'Turks and Caicos Islands','Turks and Caicos Islands','USD','USD','+1','TC',1,'2021-12-29 13:10:18','2021-12-29 13:10:18',NULL),
	(230,'توفالو','Tuvalu','AUD','AUD','+688','TV',1,'2021-12-29 13:10:18','2021-12-29 13:10:18',NULL),
	(231,'أوغندا','Uganda','UGX','UGX','+256','UG',1,'2021-12-29 13:10:18','2021-12-29 13:10:18',NULL),
	(232,'أوكرانيا','Ukraine','UAH','UAH','+380','UA',1,'2021-12-29 13:10:18','2021-12-29 13:10:18',NULL),
	(233,'Macedonia, the former Yugoslav Republic of','Macedonia, the former Yugoslav Republic of','MKD','MKD','+389','MK',1,'2021-12-29 13:10:18','2021-12-29 13:10:18',NULL),
	(234,'مصر','Egypt','EGP','EGP','+20','EG',1,'2021-12-29 13:10:18','2021-12-29 13:10:18',NULL),
	(235,'بريطانيا','United Kingdom','GBP','GBP','+44','GB',1,'2021-12-29 13:10:18','2022-02-23 10:17:48',NULL),
	(236,'Guernsey','Guernsey','GGP (GG2)','GGP (GG2)','+44','GG',1,'2021-12-29 13:10:18','2021-12-29 13:10:18',NULL),
	(237,'Jersey','Jersey','JEP (JE2)','JEP (JE2)','+44','JE',1,'2021-12-29 13:10:18','2021-12-29 13:10:18',NULL),
	(238,'Isle of Man','Isle of Man','IMP (IM2)','IMP (IM2)','+44','IM',1,'2021-12-29 13:10:18','2021-12-29 13:10:18',NULL),
	(239,'تنزانيا','Tanzania, United Republic of','TZS','TZS','+255','TZ',1,'2021-12-29 13:10:18','2021-12-29 13:10:18',NULL),
	(240,'امريكا','United States','USD','USD','+1','US',1,'2021-12-29 13:10:18','2022-03-13 10:32:32',NULL),
	(241,'الجزر العذراء الأمريكي','Virgin Islands, U.S.','USD','USD','+1','VI',1,'2021-12-29 13:10:18','2021-12-29 13:10:18',NULL),
	(242,'بوركينا فاسو','Burkina Faso','XOF','XOF','+226','BF',1,'2021-12-29 13:10:18','2021-12-29 13:10:18',NULL),
	(243,'أورغواي','Uruguay','UYU','UYU','+598','UY',1,'2021-12-29 13:10:18','2021-12-29 13:10:18',NULL),
	(244,'أوزباكستان','Uzbekistan','UZS','UZS','+998','UZ',1,'2021-12-29 13:10:18','2021-12-29 13:10:18',NULL),
	(245,'فنزويلا','Venezuela, Bolivarian Republic of','VEF','VEF','+58','VE',1,'2021-12-29 13:10:18','2021-12-29 13:10:18',NULL),
	(246,'والس وفوتونا','Wallis and Futuna','XPF','XPF','+681','WF',1,'2021-12-29 13:10:18','2021-12-29 13:10:18',NULL),
	(247,'المناطق','Samoa','WST','WST','+685','WS',1,'2021-12-29 13:10:18','2021-12-29 13:10:18',NULL),
	(248,'اليمن','Yemen','YER','YER','+967','YE',1,'2021-12-29 13:10:18','2021-12-29 13:10:18',NULL),
	(249,'زامبيا','Zambia','ZMW','ZMW','+260','ZM',1,'2021-12-29 13:10:18','2021-12-29 13:10:18',NULL),
	(250,'عمان','oman','ryal','ريال عماني','+968',NULL,0,'2022-07-23 18:21:51','2022-07-23 18:22:37',NULL);



# Dump of table failed_jobs
# ------------------------------------------------------------


CREATE TABLE `failed_jobs` (
  `id` bigint unsigned NOT NULL AUTO_INCREMENT,
  `uuid` varchar(191) COLLATE utf8mb4_unicode_ci NOT NULL,
  `connection` text COLLATE utf8mb4_unicode_ci NOT NULL,
  `queue` text COLLATE utf8mb4_unicode_ci NOT NULL,
  `payload` longtext COLLATE utf8mb4_unicode_ci NOT NULL,
  `exception` longtext COLLATE utf8mb4_unicode_ci NOT NULL,
  `failed_at` timestamp NOT NULL DEFAULT CURRENT_TIMESTAMP,
  PRIMARY KEY (`id`),
  UNIQUE KEY `failed_jobs_uuid_unique` (`uuid`)
) ENGINE=InnoDB DEFAULT CHARSET=utf8mb4 COLLATE=utf8mb4_unicode_ci;



# Dump of table favorites
# ------------------------------------------------------------


CREATE TABLE `favorites` (
  `id` bigint unsigned NOT NULL AUTO_INCREMENT,
  `user_id` bigint unsigned NOT NULL,
  `favoriteable_type` varchar(191) COLLATE utf8mb4_unicode_ci NOT NULL,
  `favoriteable_id` bigint unsigned NOT NULL,
  `created_at` timestamp NULL DEFAULT NULL,
  `updated_at` timestamp NULL DEFAULT NULL,
  PRIMARY KEY (`id`),
  KEY `favorites_user_id_foreign` (`user_id`),
  CONSTRAINT `favorites_user_id_foreign` FOREIGN KEY (`user_id`) REFERENCES `users` (`id`)
) ENGINE=InnoDB DEFAULT CHARSET=utf8mb4 COLLATE=utf8mb4_unicode_ci;



# Dump of table firebase_notifications
# ------------------------------------------------------------


CREATE TABLE `firebase_notifications` (
  `id` bigint unsigned NOT NULL AUTO_INCREMENT,
  `user_id` bigint unsigned NOT NULL,
  `type` varchar(191) COLLATE utf8mb4_unicode_ci NOT NULL DEFAULT '1',
  `image` varchar(191) CHARACTER SET utf8mb4 COLLATE utf8mb4_unicode_ci DEFAULT NULL,
  `title` text COLLATE utf8mb4_unicode_ci,
  `body` text COLLATE utf8mb4_unicode_ci,
  `lang` varchar(191) COLLATE utf8mb4_unicode_ci NOT NULL DEFAULT 'ar',
  `product_id` bigint unsigned DEFAULT NULL,
  `created_at` timestamp NULL DEFAULT NULL,
  `updated_at` timestamp NULL DEFAULT NULL,
  `deleted_at` timestamp NULL DEFAULT NULL,
  `item_id` varchar(191) COLLATE utf8mb4_unicode_ci DEFAULT NULL,
  PRIMARY KEY (`id`),
  KEY `firebase_notifications_user_id_foreign` (`user_id`),
  KEY `firebase_notifications_product_id_foreign` (`product_id`),
  CONSTRAINT `firebase_notifications_product_id_foreign` FOREIGN KEY (`product_id`) REFERENCES `products` (`id`),
  CONSTRAINT `firebase_notifications_user_id_foreign` FOREIGN KEY (`user_id`) REFERENCES `users` (`id`)
) ENGINE=InnoDB DEFAULT CHARSET=utf8mb4 COLLATE=utf8mb4_unicode_ci;



# Dump of table images
# ------------------------------------------------------------


CREATE TABLE `images` (
  `id` bigint unsigned NOT NULL AUTO_INCREMENT,
  `imageable_id` bigint unsigned NOT NULL,
  `imageable_type` varchar(191) COLLATE utf8mb4_unicode_ci NOT NULL,
  `path` varchar(191) COLLATE utf8mb4_unicode_ci NOT NULL,
  `is_default` int NOT NULL DEFAULT '0',
  `order` int DEFAULT NULL,
  `created_at` timestamp NULL DEFAULT NULL,
  `updated_at` timestamp NULL DEFAULT NULL,
  PRIMARY KEY (`id`)
) ENGINE=InnoDB DEFAULT CHARSET=utf8mb4 COLLATE=utf8mb4_unicode_ci;


INSERT INTO `images` (`id`, `imageable_id`, `imageable_type`, `path`, `is_default`, `order`, `created_at`, `updated_at`)
VALUES
	(1,138,'user','users/9f79f2ef-d331-49c4-8ce3-7f8c29585912.jpg',1,NULL,'2023-03-18 20:05:38','2023-03-18 20:05:38');



# Dump of table marketers
# ------------------------------------------------------------


CREATE TABLE `marketers` (
  `id` bigint unsigned NOT NULL AUTO_INCREMENT,
  `name_ar` varchar(191) COLLATE utf8mb4_unicode_ci NOT NULL,
  `name_en` varchar(191) COLLATE utf8mb4_unicode_ci NOT NULL,
  `marketer_code` varchar(191) COLLATE utf8mb4_unicode_ci NOT NULL,
  `discount_percentage` double NOT NULL,
  `is_active` int NOT NULL DEFAULT '1',
  `created_at` timestamp NULL DEFAULT NULL,
  `updated_at` timestamp NULL DEFAULT NULL,
  PRIMARY KEY (`id`)
) ENGINE=InnoDB DEFAULT CHARSET=utf8mb4 COLLATE=utf8mb4_unicode_ci;



# Dump of table migrations
# ------------------------------------------------------------


CREATE TABLE `migrations` (
  `id` int unsigned NOT NULL AUTO_INCREMENT,
  `migration` varchar(191) COLLATE utf8mb4_unicode_ci NOT NULL,
  `batch` int NOT NULL,
  PRIMARY KEY (`id`)
) ENGINE=InnoDB DEFAULT CHARSET=utf8mb4 COLLATE=utf8mb4_unicode_ci;


INSERT INTO `migrations` (`id`, `migration`, `batch`)
VALUES
	(1,'2014_10_11_024917_create_countries_table',1),
	(2,'2014_10_12_000000_create_users_table',1),
	(3,'2014_10_12_100000_create_password_resets_table',1),
	(4,'2019_08_19_000000_create_failed_jobs_table',1),
	(5,'2019_12_14_000001_create_personal_access_tokens_table',1),
	(6,'2021_04_25_224835_create_categories_table',1),
	(7,'2021_04_25_225634_create_packages_table',1),
	(8,'2021_04_25_225842_create_category_package_table',1),
	(9,'2021_04_25_231850_create_payment_transaction_table',1),
	(10,'2021_04_25_231924_create_shop_categories_table',1),
	(11,'2021_04_25_233614_create_shop_products_table',1),
	(12,'2021_04_25_234140_create_contact_us_table',1),
	(13,'2021_04_25_234304_create_settings_table',1),
	(14,'2021_04_26_010244_create_images_table',1),
	(15,'2021_04_30_011751_create_sms_logs_table',1),
	(16,'2021_05_11_043733_create_favorites_table',1),
	(17,'2021_06_04_172924_alter_categories_table_add_bg_color',1),
	(18,'2021_06_10_111711_alter_packages_table_add_days',1),
	(19,'2021_06_10_223130_create_admins_table',1),
	(20,'2021_06_12_032000_alter_admins_table_add_lang',1),
	(21,'2021_06_15_003047_alter_countries_table_set_flag_nullable',1),
	(22,'2021_06_15_022116_alter_countries_table_add_soft_delete',1),
	(23,'2021_07_01_222501_create_firebase_notifications_table',1),
	(24,'2021_07_16_185521_alter_users_table_add_shop_name_en',1),
	(25,'2021_07_16_194746_alter_countries_table_add_currency',1),
	(26,'2021_07_17_050706_alter_notification_table_fix',1),
	(27,'2021_09_20_024330_alter_settings_table_value',1),
	(28,'2021_09_20_032548_alter_firebasenotifications_table',1),
	(29,'2021_09_20_184548_alter_products_table_is_approved',1),
	(30,'2021_09_24_024138_create_permission_tables',1),
	(31,'2021_10_03_141603_sadad_trans_log',2),
	(32,'2022_01_09_130935_create_package_histories_table',2),
	(33,'2022_02_09_071746_add_name_field_to_products',3),
	(34,'2022_03_11_231746_change_products_table_field',4),
	(35,'2022_03_12_092603_add_fields_to_users_table',4),
	(36,'2022_04_17_090823_add_declined_reason_to_products_table',5),
	(37,'2022_05_19_082126_create_marketers_table',6),
	(38,'2022_05_19_120221_add_marketer_details_to_payment_transactions_table',6),
	(39,'2022_05_23_125914_make_nullable_name_field_users_table',6),
	(40,'2022_07_05_072316_update_products_table',6),
	(41,'2022_10_30_135558_add_user_vendor_field_to_users_table',7),
	(42,'2023_01_03_083353_add_language_column_to_firebase_notifications_table',8),
	(43,'2023_01_03_112645_add_declined_reason_ar_field_to_products_table',8);



# Dump of table model_has_permissions
# ------------------------------------------------------------


CREATE TABLE `model_has_permissions` (
  `permission_id` bigint unsigned NOT NULL,
  `model_type` varchar(191) COLLATE utf8mb4_unicode_ci NOT NULL,
  `model_id` bigint unsigned NOT NULL,
  PRIMARY KEY (`permission_id`,`model_id`,`model_type`),
  KEY `model_has_permissions_model_id_model_type_index` (`model_id`,`model_type`),
  CONSTRAINT `model_has_permissions_permission_id_foreign` FOREIGN KEY (`permission_id`) REFERENCES `permissions` (`id`) ON DELETE CASCADE
) ENGINE=InnoDB DEFAULT CHARSET=utf8mb4 COLLATE=utf8mb4_unicode_ci;



# Dump of table model_has_roles
# ------------------------------------------------------------


CREATE TABLE `model_has_roles` (
  `role_id` bigint unsigned NOT NULL,
  `model_type` varchar(191) COLLATE utf8mb4_unicode_ci NOT NULL,
  `model_id` bigint unsigned NOT NULL,
  PRIMARY KEY (`role_id`,`model_id`,`model_type`),
  KEY `model_has_roles_model_id_model_type_index` (`model_id`,`model_type`),
  CONSTRAINT `model_has_roles_role_id_foreign` FOREIGN KEY (`role_id`) REFERENCES `roles` (`id`) ON DELETE CASCADE
) ENGINE=InnoDB DEFAULT CHARSET=utf8mb4 COLLATE=utf8mb4_unicode_ci;


INSERT INTO `model_has_roles` (`role_id`, `model_type`, `model_id`)
VALUES
	(1,'App\\Models\\Admin',1),
	(1,'App\\Models\\Admin',2),
	(1,'App\\Models\\Admin',3),
	(8,'App\\Models\\Admin',7),
	(9,'App\\Models\\Admin',8),
	(10,'App\\Models\\Admin',9),
	(11,'App\\Models\\Admin',10);



# Dump of table package_histories
# ------------------------------------------------------------


CREATE TABLE `package_histories` (
  `id` bigint unsigned NOT NULL AUTO_INCREMENT,
  `shop_category_id` bigint unsigned NOT NULL,
  `package_id` bigint unsigned NOT NULL,
  `from` date NOT NULL,
  `to` date NOT NULL,
  `created_at` timestamp NULL DEFAULT NULL,
  `updated_at` timestamp NULL DEFAULT NULL,
  PRIMARY KEY (`id`),
  KEY `package_histories_shop_category_id_foreign` (`shop_category_id`),
  KEY `package_histories_package_id_foreign` (`package_id`),
  CONSTRAINT `package_histories_package_id_foreign` FOREIGN KEY (`package_id`) REFERENCES `packages` (`id`),
  CONSTRAINT `package_histories_shop_category_id_foreign` FOREIGN KEY (`shop_category_id`) REFERENCES `shop_categories` (`id`)
) ENGINE=InnoDB DEFAULT CHARSET=utf8mb4 COLLATE=utf8mb4_unicode_ci;


INSERT INTO `package_histories` (`id`, `shop_category_id`, `package_id`, `from`, `to`, `created_at`, `updated_at`)
VALUES
	(1,1,1,'2023-03-18','2023-04-17','2023-03-18 20:06:34','2023-03-18 20:06:34');



# Dump of table packages
# ------------------------------------------------------------


CREATE TABLE `packages` (
  `id` bigint unsigned NOT NULL AUTO_INCREMENT,
  `ar_name` varchar(191) COLLATE utf8mb4_unicode_ci NOT NULL,
  `en_name` varchar(191) COLLATE utf8mb4_unicode_ci NOT NULL,
  `cost` double NOT NULL,
  `days` int NOT NULL,
  `discount` double NOT NULL DEFAULT '0',
  `discount_type` int NOT NULL DEFAULT '1',
  `is_active` int NOT NULL DEFAULT '1',
  `created_at` timestamp NULL DEFAULT NULL,
  `updated_at` timestamp NULL DEFAULT NULL,
  `deleted_at` timestamp NULL DEFAULT NULL,
  PRIMARY KEY (`id`)
) ENGINE=InnoDB DEFAULT CHARSET=utf8mb4 COLLATE=utf8mb4_unicode_ci;


INSERT INTO `packages` (`id`, `ar_name`, `en_name`, `cost`, `days`, `discount`, `discount_type`, `is_active`, `created_at`, `updated_at`, `deleted_at`)
VALUES
	(1,'شهر مجاني','Free Month',0,30,0,1,1,'2022-12-15 09:46:29','2022-12-15 09:46:29',NULL);



# Dump of table password_resets
# ------------------------------------------------------------


CREATE TABLE `password_resets` (
  `email` varchar(191) COLLATE utf8mb4_unicode_ci NOT NULL,
  `token` varchar(191) COLLATE utf8mb4_unicode_ci NOT NULL,
  `created_at` timestamp NULL DEFAULT NULL,
  KEY `password_resets_email_index` (`email`)
) ENGINE=InnoDB DEFAULT CHARSET=utf8mb4 COLLATE=utf8mb4_unicode_ci;



# Dump of table payment_transactions
# ------------------------------------------------------------


CREATE TABLE `payment_transactions` (
  `id` bigint unsigned NOT NULL AUTO_INCREMENT,
  `user_id` bigint unsigned NOT NULL,
  `category_id` bigint unsigned NOT NULL,
  `package_id` bigint unsigned NOT NULL,
  `amount` double NOT NULL,
  `subscribe_days` int DEFAULT NULL,
  `payment_id` varchar(191) COLLATE utf8mb4_unicode_ci DEFAULT NULL,
  `transaction_id` varchar(191) COLLATE utf8mb4_unicode_ci DEFAULT NULL,
  `status` varchar(191) COLLATE utf8mb4_unicode_ci NOT NULL DEFAULT 'PENDING',
  `card_token` varchar(191) COLLATE utf8mb4_unicode_ci DEFAULT NULL,
  `card_info` varchar(191) COLLATE utf8mb4_unicode_ci DEFAULT NULL,
  `auto_renew` tinyint(1) NOT NULL DEFAULT '0',
  `response` text COLLATE utf8mb4_unicode_ci,
  `marketer_id` int DEFAULT NULL,
  `marketer_details` json DEFAULT NULL,
  `created_at` timestamp NULL DEFAULT NULL,
  `updated_at` timestamp NULL DEFAULT NULL,
  PRIMARY KEY (`id`),
  KEY `payment_transactions_user_id_foreign` (`user_id`),
  KEY `payment_transactions_category_id_foreign` (`category_id`),
  KEY `payment_transactions_package_id_foreign` (`package_id`),
  CONSTRAINT `payment_transactions_category_id_foreign` FOREIGN KEY (`category_id`) REFERENCES `categories` (`id`),
  CONSTRAINT `payment_transactions_package_id_foreign` FOREIGN KEY (`package_id`) REFERENCES `packages` (`id`),
  CONSTRAINT `payment_transactions_user_id_foreign` FOREIGN KEY (`user_id`) REFERENCES `users` (`id`)
) ENGINE=InnoDB DEFAULT CHARSET=utf8mb4 COLLATE=utf8mb4_unicode_ci;


INSERT INTO `payment_transactions` (`id`, `user_id`, `category_id`, `package_id`, `amount`, `subscribe_days`, `payment_id`, `transaction_id`, `status`, `card_token`, `card_info`, `auto_renew`, `response`, `marketer_id`, `marketer_details`, `created_at`, `updated_at`)
VALUES
	(1,138,1,1,0,30,'1','VolejRejNm-EPiUb','SUCCESS',NULL,NULL,0,'\"Free Month Subscription\"',NULL,'null','2023-03-18 20:06:31','2023-03-18 20:06:34');



# Dump of table permissions
# ------------------------------------------------------------


CREATE TABLE `permissions` (
  `id` bigint unsigned NOT NULL AUTO_INCREMENT,
  `name` varchar(191) COLLATE utf8mb4_unicode_ci NOT NULL,
  `ar_name` varchar(191) COLLATE utf8mb4_unicode_ci DEFAULT NULL,
  `group_name` varchar(191) COLLATE utf8mb4_unicode_ci DEFAULT NULL,
  `guard_name` varchar(191) COLLATE utf8mb4_unicode_ci NOT NULL,
  `created_at` timestamp NULL DEFAULT NULL,
  `updated_at` timestamp NULL DEFAULT NULL,
  PRIMARY KEY (`id`),
  UNIQUE KEY `permissions_name_guard_name_unique` (`name`,`guard_name`)
) ENGINE=InnoDB DEFAULT CHARSET=utf8mb4 COLLATE=utf8mb4_unicode_ci;


INSERT INTO `permissions` (`id`, `name`, `ar_name`, `group_name`, `guard_name`, `created_at`, `updated_at`)
VALUES
	(1,'dashboard_cards','عدادات لوحة التحكم','dashboard','admins',NULL,NULL),
	(2,'permissions_index','مشاهدة الصلاحيات','permissions','admins',NULL,NULL),
	(3,'permissions_create','انشاء صلاحية جديده','permissions','admins',NULL,NULL),
	(4,'permissions_edit','تعديل الصلاحيات','permissions','admins',NULL,NULL),
	(5,'permissions_delete','حذف الصلاحيات','permissions','admins',NULL,NULL),
	(6,'admins_index','مشاهدة المديرين','admins','admins',NULL,NULL),
	(7,'admins_create','انشاء مدير جديد','admins','admins',NULL,NULL),
	(8,'admins_edit','تعديل المديرين','admins','admins',NULL,NULL),
	(9,'admins_delete','حذف المديرين','admins','admins',NULL,NULL),
	(10,'countries_index','مشاهدة الدول','countries','admins',NULL,NULL),
	(11,'countries_create','انشاء دولة جديدة','countries','admins',NULL,NULL),
	(12,'countries_edit','تعديل الدول','countries','admins',NULL,NULL),
	(13,'categories_index','مشاهدة الاقسام','categories','admins',NULL,NULL),
	(14,'categories_create','انشاء الاقسام','categories','admins',NULL,NULL),
	(15,'categories_edit','تعديل الاقسام','categories','admins',NULL,NULL),
	(16,'categories_arrange','ترتيب الاقسام','categories','admins',NULL,NULL),
	(17,'packages_index','مشاهدة الباقات','packages','admins',NULL,NULL),
	(18,'packages_create','انشاء باقات','packages','admins',NULL,NULL),
	(19,'packages_edit','تعديل الباقات','packages','admins',NULL,NULL),
	(20,'users_index','مشاهدة المستخدمين','users','admins',NULL,NULL),
	(21,'users_create','انشاء مستخدمين','users','admins',NULL,NULL),
	(22,'users_edit','تعديل مستخدمين','users','admins',NULL,NULL),
	(23,'users_delete','حذف المستخدمين','users','admins',NULL,NULL),
	(24,'shops_index','مشاهدة المتاجر','shops','admins',NULL,NULL),
	(25,'shops_create','انشاء متاجر','shops','admins',NULL,NULL),
	(26,'shops_edit','تعديل المتاجر','shops','admins',NULL,NULL),
	(27,'shops_delete','حذف المتاجر','shops','admins',NULL,NULL),
	(28,'shops_notification','ارسال شعار باستخدم المتجر','shops','admins',NULL,NULL),
	(29,'products_index','مشاهدة المنتجات','products','admins',NULL,NULL),
	(30,'products_create','انشاء منتجات','products','admins',NULL,NULL),
	(31,'products_edit','تعديل المنتجات','products','admins',NULL,NULL),
	(32,'products_delete','حذف المنتجات','products','admins',NULL,NULL),
	(33,'products_notification','ارسال اشعار باستخدام المنتج','products','admins',NULL,NULL),
	(34,'products_approval','الموافقة علي ظهور المنتج','products','admins',NULL,NULL),
	(35,'subscriptions_index','مشاهدة الاشتراكات','subscriptions','admins',NULL,NULL),
	(36,'payment_transactions_index','مشاهدة العمليات المالية','payment_transactions','admins',NULL,NULL),
	(37,'complaints_index','مشاهدة الشكاوي','complaints_transactions','admins',NULL,NULL),
	(38,'notifications_index','ارسال اشعارات','notifications_transactions','admins',NULL,NULL),
	(39,'settings_index','تعديل الاعدادت','settings_transactions','admins',NULL,NULL),
	(40,'marketers_index','مشاهدة المستخدمين','marketers','admins',NULL,NULL),
	(41,'marketers_create','انشاء مستخدمين','marketers','admins',NULL,NULL),
	(42,'marketers_edit','تعديل مستخدمين','marketers','admins',NULL,NULL),
	(43,'marketers_delete','حذف المستخدمين','marketers','admins',NULL,NULL);



# Dump of table personal_access_tokens
# ------------------------------------------------------------


CREATE TABLE `personal_access_tokens` (
  `id` bigint unsigned NOT NULL AUTO_INCREMENT,
  `tokenable_type` varchar(191) COLLATE utf8mb4_unicode_ci NOT NULL,
  `tokenable_id` bigint unsigned NOT NULL,
  `name` varchar(191) COLLATE utf8mb4_unicode_ci NOT NULL,
  `token` varchar(64) COLLATE utf8mb4_unicode_ci NOT NULL,
  `abilities` text COLLATE utf8mb4_unicode_ci,
  `last_used_at` timestamp NULL DEFAULT NULL,
  `created_at` timestamp NULL DEFAULT NULL,
  `updated_at` timestamp NULL DEFAULT NULL,
  PRIMARY KEY (`id`),
  UNIQUE KEY `personal_access_tokens_token_unique` (`token`),
  KEY `personal_access_tokens_tokenable_type_tokenable_id_index` (`tokenable_type`,`tokenable_id`)
) ENGINE=InnoDB DEFAULT CHARSET=utf8mb4 COLLATE=utf8mb4_unicode_ci;


INSERT INTO `personal_access_tokens` (`id`, `tokenable_type`, `tokenable_id`, `name`, `token`, `abilities`, `last_used_at`, `created_at`, `updated_at`)
VALUES
	(147,'user',138,'2023-03-18 20:05:39','552000c119b9493b3cc50f24be5e3c95a02646dda6d00c612822cb62ff7ac8d2','[\"*\"]','2023-03-18 20:33:49','2023-03-18 20:05:39','2023-03-18 20:33:49');



# Dump of table products
# ------------------------------------------------------------


CREATE TABLE `products` (
  `id` bigint unsigned NOT NULL AUTO_INCREMENT,
  `user_id` bigint unsigned NOT NULL,
  `category_id` bigint unsigned NOT NULL,
  `ar_description` longtext CHARACTER SET utf8mb4 COLLATE utf8mb4_unicode_ci,
  `en_description` text CHARACTER SET utf8mb4 COLLATE utf8mb4_unicode_ci,
  `price` double DEFAULT NULL,
  `price_after_discount` double DEFAULT NULL,
  `is_active` int NOT NULL DEFAULT '1',
  `created_at` timestamp NULL DEFAULT NULL,
  `updated_at` timestamp NULL DEFAULT NULL,
  `deleted_at` timestamp NULL DEFAULT NULL,
  `is_approved` int NOT NULL DEFAULT '0',
  `declined_reason` text COLLATE utf8mb4_unicode_ci,
  `declined_reason_en` longtext COLLATE utf8mb4_unicode_ci,
  `name_ar` varchar(191) COLLATE utf8mb4_unicode_ci DEFAULT NULL,
  `name_en` varchar(191) COLLATE utf8mb4_unicode_ci DEFAULT NULL,
  PRIMARY KEY (`id`),
  KEY `products_user_id_foreign` (`user_id`),
  KEY `products_category_id_foreign` (`category_id`),
  CONSTRAINT `products_category_id_foreign` FOREIGN KEY (`category_id`) REFERENCES `categories` (`id`),
  CONSTRAINT `products_user_id_foreign` FOREIGN KEY (`user_id`) REFERENCES `users` (`id`)
) ENGINE=InnoDB DEFAULT CHARSET=utf8mb4 COLLATE=utf8mb4_unicode_ci;



# Dump of table role_has_permissions
# ------------------------------------------------------------


CREATE TABLE `role_has_permissions` (
  `permission_id` bigint unsigned NOT NULL,
  `role_id` bigint unsigned NOT NULL,
  PRIMARY KEY (`permission_id`,`role_id`),
  KEY `role_has_permissions_role_id_foreign` (`role_id`),
  CONSTRAINT `role_has_permissions_permission_id_foreign` FOREIGN KEY (`permission_id`) REFERENCES `permissions` (`id`) ON DELETE CASCADE,
  CONSTRAINT `role_has_permissions_role_id_foreign` FOREIGN KEY (`role_id`) REFERENCES `roles` (`id`) ON DELETE CASCADE
) ENGINE=InnoDB DEFAULT CHARSET=utf8mb4 COLLATE=utf8mb4_unicode_ci;


INSERT INTO `role_has_permissions` (`permission_id`, `role_id`)
VALUES
	(1,1),
	(2,1),
	(3,1),
	(4,1),
	(5,1),
	(6,1),
	(7,1),
	(8,1),
	(9,1),
	(10,1),
	(11,1),
	(12,1),
	(13,1),
	(14,1),
	(15,1),
	(16,1),
	(17,1),
	(18,1),
	(19,1),
	(20,1),
	(21,1),
	(22,1),
	(23,1),
	(24,1),
	(25,1),
	(26,1),
	(27,1),
	(28,1),
	(29,1),
	(30,1),
	(31,1),
	(32,1),
	(33,1),
	(34,1),
	(35,1),
	(36,1),
	(37,1),
	(38,1),
	(39,1),
	(40,1),
	(41,1),
	(42,1),
	(43,1),
	(1,8),
	(2,8),
	(6,8),
	(10,8),
	(11,8),
	(12,8),
	(13,8),
	(16,8),
	(17,8),
	(20,8),
	(21,8),
	(22,8),
	(23,8),
	(24,8),
	(25,8),
	(26,8),
	(27,8),
	(28,8),
	(29,8),
	(30,8),
	(31,8),
	(32,8),
	(33,8),
	(34,8),
	(35,8),
	(36,8),
	(37,8),
	(38,8),
	(40,8),
	(41,8),
	(42,8),
	(43,8),
	(2,9),
	(6,9),
	(10,9),
	(11,9),
	(13,9),
	(16,9),
	(17,9),
	(20,9),
	(24,9),
	(28,9),
	(29,9),
	(31,9),
	(32,9),
	(33,9),
	(34,9),
	(35,9),
	(37,9),
	(38,9),
	(40,9),
	(1,10),
	(2,10),
	(3,10),
	(4,10),
	(5,10),
	(10,10),
	(11,10),
	(12,10),
	(13,10),
	(16,10),
	(17,10),
	(20,10),
	(21,10),
	(22,10),
	(23,10),
	(24,10),
	(1,11),
	(2,11),
	(6,11),
	(10,11),
	(13,11),
	(17,11),
	(20,11),
	(24,11),
	(25,11),
	(26,11),
	(27,11),
	(28,11),
	(29,11),
	(30,11),
	(31,11),
	(32,11),
	(33,11),
	(34,11),
	(35,11),
	(36,11),
	(37,11),
	(38,11),
	(40,11),
	(41,11),
	(42,11),
	(43,11),
	(2,12),
	(6,12),
	(10,12),
	(11,12),
	(12,12),
	(13,12),
	(16,12),
	(17,12),
	(20,12),
	(24,12),
	(29,12),
	(30,12),
	(31,12),
	(32,12),
	(33,12),
	(34,12),
	(35,12),
	(37,12),
	(38,12),
	(40,12);



# Dump of table roles
# ------------------------------------------------------------


CREATE TABLE `roles` (
  `id` bigint unsigned NOT NULL AUTO_INCREMENT,
  `name` varchar(191) COLLATE utf8mb4_unicode_ci NOT NULL,
  `ar_name` varchar(191) COLLATE utf8mb4_unicode_ci DEFAULT NULL,
  `guard_name` varchar(191) COLLATE utf8mb4_unicode_ci NOT NULL,
  `created_at` timestamp NULL DEFAULT NULL,
  `updated_at` timestamp NULL DEFAULT NULL,
  PRIMARY KEY (`id`),
  UNIQUE KEY `roles_name_guard_name_unique` (`name`,`guard_name`)
) ENGINE=InnoDB DEFAULT CHARSET=utf8mb4 COLLATE=utf8mb4_unicode_ci;


INSERT INTO `roles` (`id`, `name`, `ar_name`, `guard_name`, `created_at`, `updated_at`)
VALUES
	(1,'super_admin','مدير','admins',NULL,NULL),
	(8,'Marketing Executive','مسؤول تسويق','admins','2022-11-19 15:35:40','2022-11-19 15:35:40'),
	(9,'markeing excutive','مسؤولة تسويق','admins','2022-12-17 20:25:15','2022-12-17 20:25:15'),
	(10,'HR','اداري','admins','2023-01-29 14:58:45','2023-01-29 14:58:45'),
	(11,'TEST ADMIN','تست ادمن','admins','2023-01-30 11:13:23','2023-01-30 11:13:23'),
	(12,'marketing advisor','marketing','admins','2023-03-05 23:37:00','2023-03-05 23:37:00');



# Dump of table sadad_trans_logs
# ------------------------------------------------------------


CREATE TABLE `sadad_trans_logs` (
  `id` int unsigned NOT NULL AUTO_INCREMENT,
  `transable_type` varchar(191) COLLATE utf8mb4_unicode_ci NOT NULL,
  `transable_id` bigint unsigned NOT NULL,
  `sadad_id` varchar(191) COLLATE utf8mb4_unicode_ci DEFAULT NULL,
  `status` varchar(191) COLLATE utf8mb4_unicode_ci NOT NULL,
  `response` text COLLATE utf8mb4_unicode_ci NOT NULL,
  `created_at` timestamp NULL DEFAULT NULL,
  `updated_at` timestamp NULL DEFAULT NULL,
  PRIMARY KEY (`id`),
  KEY `sadad_trans_logs_transable_type_transable_id_index` (`transable_type`,`transable_id`)
) ENGINE=InnoDB DEFAULT CHARSET=utf8mb4 COLLATE=utf8mb4_unicode_ci;



# Dump of table settings
# ------------------------------------------------------------


CREATE TABLE `settings` (
  `id` bigint unsigned NOT NULL AUTO_INCREMENT,
  `key` varchar(191) COLLATE utf8mb4_unicode_ci NOT NULL,
  `value` longtext CHARACTER SET utf8mb4 COLLATE utf8mb4_unicode_ci,
  `type` int NOT NULL,
  `is_shown` int NOT NULL DEFAULT '1',
  `created_at` timestamp NULL DEFAULT NULL,
  `updated_at` timestamp NULL DEFAULT NULL,
  PRIMARY KEY (`id`)
) ENGINE=InnoDB DEFAULT CHARSET=utf8mb4 COLLATE=utf8mb4_unicode_ci;


INSERT INTO `settings` (`id`, `key`, `value`, `type`, `is_shown`, `created_at`, `updated_at`)
VALUES
	(1,'VendorContract','{\"ar\":\"\\u0627\\u0644\\u0634\\u0631\\u0648\\u0637 \\u0648\\u0627\\u0644\\u0623\\u062d\\u0643\\u0627\\u0645\\r\\n\\u0634\\u0631\\u0648\\u0637 \\u0627\\u0644\\u0627\\u0646\\u0636\\u0645\\u0627\\u0645 \\u0644\\u062a\\u0637\\u0628\\u064a\\u0642 \\u0628\\u0644\\u0648\\u0643\\u0627\\u062a \\u0628\\u0648\\u062a\\u064a\\u0643:\\r\\n1- \\u0627\\u0644\\u0627\\u0644\\u062a\\u0632\\u0627\\u0645 \\u0628\\u0627\\u0644\\u0645\\u0648\\u0627\\u0639\\u064a\\u062f \\u0627\\u0644\\u0645\\u062a\\u0641\\u0642 \\u0639\\u0644\\u064a\\u0647\\u0627 \\u0644\\u0644\\u062a\\u0633\\u0644\\u064a\\u0645 \\u0645\\u0639 \\u0639\\u0645\\u064a\\u0644\\u0627\\u062a \\u0648\\u0645\\u062a\\u0633\\u0648\\u0642\\u0627\\u062a \\u062a\\u0637\\u0628\\u064a\\u0642 \\u0628\\u0644\\u0648\\u0643\\u0627\\u062a \\u0628\\u0648\\u062a\\u064a\\u0643\\r\\n2- \\u0627\\u0644\\u0627\\u0644\\u062a\\u0632\\u0627\\u0645 \\u0628\\u0627\\u0644\\u0648\\u0635\\u0641 \\u0648\\u0627\\u0644\\u0635\\u0648\\u0631\\u0629 \\u0627\\u0644\\u0645\\u0639\\u0631\\u0648\\u0636\\u0629 \\u0641\\u064a \\u062a\\u0637\\u0628\\u064a\\u0642 \\u0628\\u0644\\u0648\\u0643\\u0627\\u062a \\u0628\\u0648\\u062a\\u064a\\u0643 \\u0645\\u0646 \\u0642\\u0628\\u0644 \\u0627\\u0644\\u0645\\u0635\\u0645\\u0645\\u064a\\u0646 \\u0648\\u0645\\u062d\\u0644\\u0627\\u062a \\u0627\\u0644\\u0645\\u062c\\u0648\\u0647\\u0631\\u0627\\u062a \\u0648\\u0627\\u0644\\u0630\\u0647\\u0628\\r\\n3- \\u0627\\u0644\\u0635\\u0648\\u0631 \\u064a\\u062c\\u0628 \\u0623\\u0646 \\u062a\\u0643\\u0648\\u0646 \\u0627\\u062d\\u062a\\u0631\\u0627\\u0641\\u064a\\u0647 \\u0648\\u0639\\u0644\\u0649 \\u0639\\u0627\\u0631\\u0636\\u0647\\r\\n4- \\u0623\\u0646 \\u0644\\u0627 \\u062a\\u0643\\u0648\\u0646 \\u0627\\u0644\\u0635\\u0648\\u0631 \\u062e\\u0627\\u062f\\u0634\\u0647 \\u0644\\u0644\\u062d\\u064a\\u0627\\u0621\\r\\n5- \\u064a\\u062c\\u0628 \\u0648\\u0636\\u0639 \\u062c\\u0645\\u0644\\u0629 (\\u062c\\u062f\\u064a\\u062f\\u0646\\u0627 \\u0641\\u064a @Blockat.Boutique)\\r\\n6- \\u0623\\u0646 \\u064a\\u062a\\u0645 \\u0639\\u0631\\u0636 \\u0622\\u062e\\u0631 \\u0645\\u062c\\u0645\\u0648\\u0639\\u062a\\u064a\\u0646 \\u0644\\u0644\\u0645\\u0635\\u0645\\u0645 \\u0628\\u0627\\u0644\\u062a\\u0637\\u0628\\u064a\\u0642\\r\\n7- \\u064a\\u062c\\u0628 \\u0639\\u0644\\u0649 \\u0627\\u0644\\u0645\\u0635\\u0645\\u0645 \\u0623\\u0646 \\u064a\\u062d\\u062f\\u062b \\u0635\\u0641\\u062d\\u062a\\u0647 \\u0627\\u0644\\u062e\\u0627\\u0635\\u0647 \\u0639\\u0644\\u0649 \\u0627\\u0644\\u0627\\u0646\\u0633\\u062a\\u0627\\u063a\\u0631\\u0627\\u0645 \\u0623\\u0648 \\u0627\\u0644\\u0645\\u0644\\u0641 \\u0628\\u0627\\u0644\\u0648\\u0627\\u062a\\u0633 \\u0627\\u0628 \\u0623\\u0648 \\u0627\\u0644\\u0633\\u0646\\u0627\\u0628\\r\\n\\r\\n\\u062d\\u064f\\u0631\\u0631\\u062a \\u0627\\u062a\\u0641\\u0627\\u0642\\u064a\\u0629 \\u0627\\u0644\\u062a\\u062c\\u0627\\u0631\\u0629 \\u0627\\u0644\\u0627\\u0644\\u0643\\u062a\\u0631\\u0648\\u0646\\u064a\\u0629 \\u0647\\u0630\\u0647 (\\\"\\u0627\\u0644\\u0627\\u062a\\u0641\\u0627\\u0642\\u064a\\u0629\\\")  \\u0648\\u062c\\u0631\\u0649 \\u062a\\u0646\\u0641\\u064a\\u0630\\u0647\\u0627 \\u0627\\u0639\\u062a\\u0628\\u0627\\u0631\\u064b\\u0627 \\u0645\\u0646 \\u062a\\u0627\\u0631\\u064a\\u062e \\u0633\\u062f\\u0627\\u062f \\u0642\\u064a\\u0645\\u0629 \\u0627\\u0644\\u0627\\u0634\\u062a\\u0631\\u0627\\u0643 (\\u062a\\u0627\\u0631\\u064a\\u062e \\u0627\\u0644\\u0646\\u0641\\u0627\\u0630):\\r\\n\\r\\n\\u0628\\u064a\\u0646 \\u0643\\u0644 \\u0645\\u0646: \\r\\n\\u0627\\u0644\\u0637\\u0631\\u0641 \\u0627\\u0644\\u0623\\u0648\\u0644: \\u0634\\u0631\\u0643\\u0629 \\u0628\\u0644\\u0648\\u0643\\u0627\\u062a \\u0628\\u0648\\u062a\\u064a\\u0643\\u060c \\u0630.\\u0645.\\u0645.\\u060c \\u0648\\u0647\\u064a \\u0634\\u0631\\u0643\\u0629 \\u0642\\u0627\\u0626\\u0645\\u0629 \\u0648\\u0645\\u064f\\u0633\\u062c\\u0644\\u0629 \\u0628\\u0645\\u0648\\u062c\\u0628 \\u0642\\u0648\\u0627\\u0646\\u064a\\u0646 \\u062f\\u0648\\u0644\\u0629 \\u0642\\u0637\\u0631\\u060c \\u0628\\u0633\\u062c\\u0644 \\u062a\\u062c\\u0627\\u0631\\u064a \\u0631\\u0642\\u0645 \\/155479\\/\\u060c \\u0648\\u064a\\u0642\\u0639 \\u0645\\u0643\\u062a\\u0628\\u0647\\u0627 \\u0627\\u0644\\u0631\\u0626\\u064a\\u0633\\u064a \\u0641\\u064a \\u0627\\u0644\\u062f\\u0648\\u062d\\u0629\\u060c \\u0642\\u0637\\u0631\\u060c \\u0635.\\u0628 13693 \\u0648\\u064a\\u0634\\u0627\\u0631 \\u0625\\u0644\\u064a\\u0647 \\u0644\\u0627\\u062d\\u0642\\u0627 \\u0628\\u0644\\u0641\\u0638 \\\" \\u0627\\u0644\\u0634\\u0631\\u0643\\u0629\\\" \\u0623\\u0648 \\u0627\\u0644\\u0637\\u0631\\u0641 \\u0627\\u0644\\u0627\\u0648\\u0644\\r\\n\\u0648\\r\\n\\u0627\\u0644\\u0637\\u0631\\u0641 \\u0627\\u0644\\u062b\\u0627\\u0646\\u064a: \\u0634\\u0631\\u0643\\u0629 \\u0642\\u0627\\u0626\\u0645\\u0629 \\u0648\\u0645\\u064f\\u0633\\u062c\\u0644\\u0629 \\u062d\\u0633\\u0628 \\u0627\\u0644\\u0623\\u0635\\u0648\\u0644 \\u0648\\u0628\\u0645\\u0648\\u062c\\u0628 \\u0642\\u0648\\u0627\\u0646\\u064a\\u0646 \\u062f\\u0648\\u0644\\u0629 \\u062a\\u0623\\u0633\\u064a\\u0633\\u0647\\u0627\\u060c \\u0648\\u0645\\u0631\\u062e\\u0635 \\u0644\\u0647\\u0627 \\u0628\\u0627\\u0644\\u0642\\u064a\\u0627\\u0645 \\u0628\\u0627\\u0644\\u0623\\u0639\\u0645\\u0627\\u0644 \\u0648\\u0627\\u0644\\u062a\\u0648\\u0642\\u064a\\u0639 \\u0648\\u062a\\u0646\\u0641\\u064a\\u0630 \\u0627\\u0644\\u0627\\u062a\\u0641\\u0627\\u0642\\u064a\\u0629 \\u0627\\u0644\\u0631\\u0627\\u0647\\u0646\\u0629\\u060c \\u0648\\u064a\\u0634\\u0627\\u0631 \\u0625\\u0644\\u064a\\u0647\\u0627 \\u0644\\u0627\\u062d\\u0642\\u0627 \\u0628\\u0644\\u0641\\u0638 \\\" \\u0627\\u0644\\u0645\\u0634\\u0627\\u0631\\u0643\\\" \\u0623\\u0648 \\\"\\u0627\\u0644\\u0637\\u0631\\u0641 \\u0627\\u0644\\u062b\\u0627\\u0646\\u064a\\\"\\r\\n\\r\\n\\u0648\\u064a\\u064f\\u0634\\u0627\\u0631 \\u0625\\u0644\\u0649 \\u0643\\u0644 \\u0645\\u0646\\u0647\\u0645\\u0627 \\u0645\\u0646\\u0641\\u0631\\u062f\\u064a\\u0646 \\u0628\\u0644\\u0641\\u0638 \\\"\\u0627\\u0644\\u0637\\u0631\\u0641\\\" \\u0648\\u0645\\u062c\\u062a\\u0645\\u0639\\u064a\\u0646 \\u0628\\u0644\\u0641\\u0638 \\\"\\u0627\\u0644\\u0637\\u0631\\u0641\\u064a\\u0646\\\"\\r\\n\\r\\n\\u0627\\u0644\\u062a\\u0645\\u0647\\u064a\\u062f\\r\\n\\u062d\\u064a\\u062b \\u0623\\u0646 \\u0627\\u0644\\u0634\\u0631\\u0643\\u0629 \\u062a\\u0645\\u062a\\u0644\\u0643 \\u062a\\u0637\\u0628\\u064a\\u0642\\u0627\\u064b \\u0647\\u0627\\u062a\\u0641\\u064a\\u0627\\u064b \\u064a\\u0633\\u0645\\u0649 \\\"\\u0628\\u0644\\u0648\\u0643\\u0627\\u062a \\u0628\\u0648\\u062a\\u064a\\u0643\\\" \\u064a\\u0645\\u0643\\u064e\\u0646 \\u0643\\u0644 \\u062a\\u0627\\u062c\\u0631 \\u0645\\u0646 \\u0639\\u0631\\u0636 \\u0645\\u0646\\u062a\\u062c\\u0627\\u062a\\u0647\\/\\u062e\\u062f\\u0645\\u0627\\u062a\\u0647 \\u0644\\u0644\\u062a\\u0633\\u0648\\u064a\\u0642 \\u0639\\u0628\\u0631 \\u062a\\u062e\\u0635\\u064a\\u0635 \\u0623\\u0642\\u0633\\u0627\\u0645 \\u0645\\u062e\\u0635\\u0635\\u0629 \\u0644\\u0647 \\u0639\\u0628\\u0627\\u0631\\u0629 \\u0639\\u0646 \\u0645\\u062a\\u0627\\u062c\\u0631 \\u0627\\u0644\\u0643\\u062a\\u0631\\u0648\\u0646\\u064a\\u0629 \\u0648\\u0630\\u0644\\u0643 \\u0645\\u0642\\u0627\\u0628\\u0644 \\u0627\\u0634\\u062a\\u0631\\u0627\\u0643 \\u0634\\u0647\\u0631\\u064a\\u060c \\u0648\\u064a\\u064f\\u0634\\u0627\\u0631 \\u0625\\u0644\\u064a\\u0647 \\\"\\u0628\\u0644\\u0648\\u0643\\u0627\\u062a \\u0628\\u0648\\u062a\\u064a\\u0643\\\" \\u0623\\u0648  \\\"\\u0627\\u0644\\u062a\\u0637\\u0628\\u064a\\u0642\\\"  \\u0623\\u0648 \\\"\\u0627\\u0644\\u062a\\u0637\\u0628\\u064a\\u0642 \\u0627\\u0644\\u0647\\u0627\\u062a\\u0641\\u064a\\\".\\r\\n\\r\\n\\r\\n\\u0648\\u062d\\u064a\\u062b \\u0623\\u0646\\u0651 \\u0627\\u0644\\u062a\\u0637\\u0628\\u064a\\u0642 \\u064a\\u0633\\u0645\\u062d \\u0644\\u0644\\u0639\\u0645\\u0644\\u0627\\u0621 \\u0628\\u0627\\u0644\\u062a\\u0648\\u0627\\u0635\\u0644 \\u0627\\u0644\\u0645\\u0628\\u0627\\u0634\\u0631 \\u0645\\u0639 \\u0627\\u0644\\u062a\\u0627\\u062c\\u0631\\u060c\\r\\n\\r\\n\\r\\n\\u0648\\u062d\\u064a\\u062b \\u064a\\u0631\\u063a\\u0628 \\u0627\\u0644\\u0637\\u0631\\u0641 \\u0627\\u0644\\u062b\\u0627\\u0646\\u064a \\u0641\\u064a \\u0627\\u0644\\u0627\\u0634\\u062a\\u0631\\u0627\\u0643\\/\\u0627\\u0644\\u062a\\u0633\\u062c\\u064a\\u0644 \\u0641\\u064a \\u062a\\u062e\\u0635\\u064a\\u0635 \\u0645\\u062a\\u062c\\u0631 \\u0627\\u0644\\u0643\\u062a\\u0631\\u0648\\u0646\\u064a \\u0644\\u0647 \\u0641\\u064a \\u062a\\u0637\\u0628\\u064a\\u0642 \\u0628\\u0644\\u0648\\u0643\\u0627\\u062a \\u0628\\u0648\\u062a\\u064a\\u0643 \\u0648\\u0641\\u0642\\u064b\\u0627 \\u0644\\u0644\\u0634\\u0631\\u0648\\u0637 \\u0648\\u0627\\u0644\\u0623\\u062d\\u0643\\u0627\\u0645 \\u0627\\u0644\\u0645\\u0646\\u0635\\u0648\\u0635 \\u0639\\u0644\\u064a\\u0647\\u0627 \\u0641\\u064a \\u0647\\u0630\\u0647 \\u0627\\u0644\\u0627\\u062a\\u0641\\u0627\\u0642\\u064a\\u0629\\u060c\\r\\n\\r\\n\\r\\n\\u0644\\u0630\\u0644\\u0643\\u060c \\u0648\\u0628\\u0646\\u0627\\u0621\\u064b \\u0639\\u0644\\u0649 \\u0627\\u0644\\u062a\\u0645\\u0647\\u064a\\u062f \\u0627\\u0644\\u0633\\u0627\\u0628\\u0642 (\\u0648\\u0627\\u0644\\u0630\\u064a \\u064a\\u064f\\u0634\\u0643\\u0644 \\u062c\\u0632\\u0621\\u064b\\u0627 \\u0623\\u0633\\u0627\\u0633\\u064a\\u064b\\u0627 \\u0645\\u0646 \\u0647\\u0630\\u0647 \\u0627\\u0644\\u0627\\u062a\\u0641\\u0627\\u0642\\u064a\\u0629) \\u0648\\u0628\\u0627\\u0644\\u0646\\u0638\\u0631 \\u0625\\u0644\\u0649 \\u0627\\u0644\\u0648\\u0639\\u0648\\u062f \\u0648\\u0627\\u0644\\u0639\\u0647\\u0648\\u062f \\u0627\\u0644\\u0645\\u062a\\u0628\\u0627\\u062f\\u0644\\u0629 \\u0627\\u0644\\u0648\\u0627\\u0631\\u062f\\u0629 \\u0641\\u064a \\u0647\\u0630\\u0647 \\u0627\\u0644\\u0627\\u062a\\u0641\\u0627\\u0642\\u064a\\u0629\\u060c \\u062a\\u0648\\u0627\\u0641\\u0642 \\u0627\\u0644\\u0634\\u0631\\u0643\\u0629 \\u0648\\u0627\\u0644\\u0637\\u0631\\u0641 \\u0627\\u0644\\u062b\\u0627\\u0646\\u064a \\u0639\\u0644\\u0649 \\u0645\\u0627 \\u064a\\u0644\\u064a:\\r\\n\\r\\n\\r\\n1.\\t\\u0627\\u0644\\u062a\\u0639\\u0631\\u064a\\u0641\\u0627\\u062a\\r\\n1.1.\\t\\\"\\u0628\\u0644\\u0648\\u0643\\u0627\\u062a \\u0628\\u0648\\u062a\\u064a\\u0643\\u201d: \\u064a\\u064f\\u0642\\u0635\\u062f \\u0628\\u0647 \\u0627\\u0644\\u062a\\u0637\\u0628\\u064a\\u0642 \\u0627\\u0644\\u0647\\u0627\\u062a\\u0641\\u064a \\u0627\\u0644\\u0645\\u0645\\u0644\\u0648\\u0643 \\u0645\\u0646 \\u0634\\u0631\\u0643\\u0629 \\u0628\\u0644\\u0648\\u0643\\u0627\\u062a \\u0628\\u0648\\u062a\\u064a\\u0643 \\u0648\\u0627\\u0644\\u0645\\u064f\\u062e\\u0635\\u0635 \\u0644\\u0639\\u0631\\u0636 \\u0648\\u0627\\u0644\\u062a\\u0631\\u0648\\u064a\\u062c \\u0648\\u062a\\u0633\\u0648\\u064a\\u0642 \\u0644\\u0644\\u0645\\u0646\\u062a\\u062c\\u0627\\u062a\\u060c \\u0648\\u0627\\u0644\\u062e\\u062f\\u0645\\u0627\\u062a \\u0644\\u0644\\u0645\\u062a\\u0627\\u062c\\u0631 \\u0627\\u0644\\u0627\\u0644\\u0643\\u062a\\u0631\\u0648\\u0646\\u064a\\u0629 \\u0627\\u0644\\u0645\\u062a\\u0627\\u062d\\u0629.\\r\\n\\r\\n1.2.\\t\\u0627\\u0644\\u0645\\u062a\\u062c\\u0631 \\u0627\\u0644\\u0627\\u0644\\u0643\\u062a\\u0631\\u0648\\u0646\\u064a: \\u064a\\u064f\\u0642\\u0635\\u062f \\u0628\\u0647 \\u0645\\u062a\\u062c\\u0631 \\u0644\\u0644\\u062a\\u0633\\u0648\\u0642 \\u0623\\u0648 \\u0627\\u0644\\u0642\\u0633\\u0645 \\u0627\\u0644\\u0645\\u062e\\u0635\\u0635 \\u0639\\u0628\\u0631 \\u0627\\u0644\\u062a\\u0637\\u0628\\u064a\\u0642 \\u0648\\u0627\\u0644\\u0630\\u064a \\u064a\\u062d\\u062a\\u0648\\u064a \\u0639\\u0644\\u0649 \\u0645\\u0646\\u062a\\u062c\\u0627\\u062a \\u0645\\u0639\\u064a\\u0646\\u0629 \\u0641\\u064a \\u0628\\u0639\\u0636 \\u0627\\u0644\\u0641\\u0626\\u0627\\u062a \\u0627\\u0644\\u062a\\u062c\\u0627\\u0631\\u064a\\u0629. \\r\\n\\r\\n1.3.\\t\\u0627\\u0644\\u0645\\u0639\\u0644\\u0648\\u0645\\u0627\\u062a \\u0627\\u0644\\u0633\\u0631\\u064a\\u0629: \\u062a\\u0639\\u0646\\u064a \\u0623\\u064a \\u0628\\u064a\\u0627\\u0646\\u0627\\u062a \\u0623\\u0648 \\u0645\\u0639\\u0644\\u0648\\u0645\\u0627\\u062a\\u060c \\u0634\\u0641\\u0647\\u064a\\u0629 \\u0643\\u0627\\u0646\\u062a \\u0623\\u0648 \\u0645\\u0643\\u062a\\u0648\\u0628\\u0629\\u060c \\u064a\\u062a\\u0645 \\u0627\\u0644\\u062a\\u0639\\u0627\\u0645\\u0644 \\u0645\\u0639\\u0647\\u0627 \\u0639\\u0644\\u0649 \\u0623\\u0646\\u0647\\u0627 \\u0645\\u0639\\u0644\\u0648\\u0645\\u0627\\u062a \\u0633\\u0631\\u064a\\u0629 \\u0648\\u062a\\u062a\\u0639\\u0644\\u0642 \\u0628\\u0623\\u064a \\u0645\\u0646 \\u0627\\u0644\\u0637\\u0631\\u0641\\u064a\\u0646. (\\u0625\\u0630\\u0627 \\u0643\\u0627\\u0646 \\u0623\\u064a \\u0645\\u0646 \\u0627\\u0644\\u0637\\u0631\\u0641\\u064a\\u0646 \\u0645\\u0644\\u0632\\u0645\\u064b\\u0627 \\u0628\\u062d\\u0645\\u0627\\u064a\\u0629 \\u0633\\u0631\\u064a\\u0629 \\u0645\\u0639\\u0644\\u0648\\u0645\\u0627\\u062a \\u0627\\u0644\\u063a\\u064a\\u0631\\u060c \\u0645\\u062b\\u0644) \\u0623\\u0646\\u0634\\u0637\\u0629 \\u0627\\u0644\\u0628\\u062d\\u062b \\u0623\\u0648 \\u0627\\u0644\\u062a\\u0637\\u0648\\u064a\\u0631 \\u0623\\u0648 \\u0627\\u0644\\u0623\\u0639\\u0645\\u0627\\u0644 \\u0641\\u064a \\u0627\\u0644\\u0645\\u0627\\u0636\\u064a \\u0623\\u0648 \\u0627\\u0644\\u062d\\u0627\\u0636\\u0631 \\u0623\\u0648 \\u0627\\u0644\\u0645\\u0633\\u062a\\u0642\\u0628\\u0644\\u060c \\u0628\\u0645\\u0627 \\u0641\\u064a \\u0630\\u0644\\u0643 \\u0623\\u064a \\u0645\\u0646\\u062a\\u062c (\\u0645\\u0646\\u062a\\u062c\\u0627\\u062a) \\u0648\\u062e\\u062f\\u0645\\u0629 (\\u062e\\u062f\\u0645\\u0627\\u062a) \\u063a\\u064a\\u0631 \\u0645\\u0639\\u0644\\u0646\\u0629\\u060c \\u0648\\u0623\\u064a \\u0645\\u0639\\u0644\\u0648\\u0645\\u0627\\u062a \\u062a\\u062a\\u0639\\u0644\\u0642 \\u0628\\u0627\\u0644\\u062e\\u062f\\u0645\\u0627\\u062a \\u0648\\u0627\\u0644\\u0627\\u062e\\u062a\\u0631\\u0627\\u0639\\u0627\\u062a \\u0627\\u0644\\u0645\\u0633\\u062a\\u062c\\u062f\\u0629 \\u0648\\u0627\\u0644\\u0639\\u0645\\u0644\\u064a\\u0627\\u062a \\u0648\\u0627\\u0644\\u062e\\u0637\\u0637 \\u0648\\u0627\\u0644\\u0628\\u064a\\u0627\\u0646\\u0627\\u062a \\u0627\\u0644\\u0645\\u0627\\u0644\\u064a\\u0629 \\u0648\\u0627\\u0644\\u062a\\u0646\\u0628\\u0624\\u0627\\u062a \\u0648\\u0627\\u0644\\u062a\\u0648\\u0642\\u0639\\u0627\\u062a \\u0648\\u0627\\u0644\\u0634\\u0631\\u0648\\u0637 \\u0627\\u0644\\u0645\\u0627\\u0644\\u064a\\u0629 \\u0627\\u0644\\u0645\\u064f\\u0646\\u0637\\u0648\\u064a\\u0629 \\u0641\\u064a \\u0647\\u0630\\u0647 \\u0627\\u0644\\u0627\\u062a\\u0641\\u0627\\u0642\\u064a\\u0629. \\u0639\\u0644\\u0649 \\u0627\\u0644\\u0631\\u063a\\u0645 \\u0645\\u0645\\u0627 \\u0633\\u0628\\u0642\\u060c \\u0644\\u0627 \\u062a\\u062a\\u0633\\u0645 \\u0627\\u0644\\u0645\\u0639\\u0644\\u0648\\u0645\\u0627\\u062a \\u0628\\u0627\\u0644\\u0633\\u0631\\u064a\\u0629 \\u0625\\u0630\\u0627 \\u062a\\u0636\\u0645\\u0646\\u062a \\u0645\\u0639\\u0644\\u0648\\u0645\\u0627\\u062a: (1) \\u0643\\u0627\\u0646\\u062a \\u0645\\u0639\\u0631\\u0648\\u0641\\u0629 \\u0628\\u0627\\u0644\\u0641\\u0639\\u0644 \\u0644\\u0644\\u0637\\u0631\\u0641 \\u0627\\u0644\\u0645\\u062a\\u0644\\u0642\\u064a \\u0642\\u0628\\u0644 \\u062a\\u0627\\u0631\\u064a\\u062e \\u0647\\u0630\\u0647 \\u0627\\u0644\\u0627\\u062a\\u0641\\u0627\\u0642\\u064a\\u0629 \\u0639\\u0644\\u0649 \\u0627\\u0644\\u0646\\u062d\\u0648 \\u0627\\u0644\\u0645\\u062d\\u062f\\u062f \\u0641\\u064a \\u0627\\u0644\\u0623\\u062f\\u0644\\u0629 \\u0627\\u0644\\u0648\\u062b\\u0627\\u0626\\u0642\\u064a\\u0629\\u061b (2) \\u062f\\u062e\\u0644\\u062a \\u0627\\u0644\\u0645\\u062c\\u0627\\u0644 \\u0627\\u0644\\u0639\\u0627\\u0645 \\u062f\\u0648\\u0646 \\u062e\\u0631\\u0642 \\u0647\\u0630\\u0647 \\u0627\\u0644\\u0627\\u062a\\u0641\\u0627\\u0642\\u064a\\u0629 \\u0623\\u0648 \\u0623\\u064a \\u0641\\u0639\\u0644 \\u063a\\u064a\\u0631 \\u0645\\u0634\\u0631\\u0648\\u0639 \\u0622\\u062e\\u0631 \\u0645\\u0646 \\u0627\\u0644\\u0637\\u0631\\u0641 \\u0627\\u0644\\u0645\\u062a\\u0644\\u0642\\u064a\\u060c (3) \\u064a\\u0643\\u0648\\u0646 \\u0642\\u062f \\u0627\\u0633\\u062a\\u0644\\u0645\\u0647\\u0627  \\u0627\\u0644\\u0637\\u0631\\u0641 \\u0627\\u0644\\u0645\\u062a\\u0644\\u0642\\u064a \\u0628\\u0634\\u0643\\u0644 \\u0635\\u062d\\u064a\\u062d \\u0645\\u0646 \\u0627\\u0644\\u063a\\u064a\\u0631 \\u0648\\u062f\\u0648\\u0646 \\u062e\\u0631\\u0642 \\u0644\\u0623\\u064a \\u0627\\u0644\\u062a\\u0632\\u0627\\u0645 \\u0628\\u0627\\u0644\\u0633\\u0631\\u064a\\u0629 \\u0645\\u0646 \\u0647\\u0630\\u0627 \\u0627\\u0644\\u063a\\u064a\\u0631 \\u0644\\u0645\\u0627\\u0644\\u0643 \\u0627\\u0644\\u0645\\u0639\\u0644\\u0648\\u0645\\u0627\\u062a \\u0627\\u0644\\u0633\\u0631\\u064a\\u0629 \\u0623\\u0648 (4) \\u0623\\u0646 \\u064a\\u0643\\u0648\\u0646 \\u0627\\u0644\\u0625\\u0641\\u0635\\u0627\\u062d \\u0639\\u0646\\u0647\\u0627 \\u0645\\u0637\\u0644\\u0648\\u0628\\u064b\\u0627 \\u0628\\u0645\\u0648\\u062c\\u0628 \\u0623\\u0645\\u0631 \\u0645\\u064f\\u0644\\u0632\\u0645 \\u0646\\u0647\\u0627\\u0626\\u064a \\u0645\\u0646 \\u0648\\u0643\\u0627\\u0644\\u0629 \\u062d\\u0643\\u0648\\u0645\\u064a\\u0629 \\u0623\\u0648 \\u0645\\u062d\\u0643\\u0645\\u0629 \\u0630\\u0627\\u062a \\u0627\\u062e\\u062a\\u0635\\u0627\\u0635 \\u0642\\u0636\\u0627\\u0626\\u064a\\u060c \\u0634\\u0631\\u064a\\u0637\\u0629 \\u0623\\u0646 \\u064a\\u0643\\u0648\\u0646 \\u0645\\u0627\\u0644\\u0643 \\u0627\\u0644\\u0645\\u0639\\u0644\\u0648\\u0645\\u0627\\u062a \\u0627\\u0644\\u0633\\u0631\\u064a\\u0629 \\u0642\\u062f \\u062a\\u0644\\u0642\\u0649 \\u0625\\u062e\\u0637\\u0627\\u0631\\u064b\\u0627 \\u0645\\u0646\\u0627\\u0633\\u0628\\u064b\\u0627 \\u0628\\u0641\\u062a\\u0631\\u0629 \\u062a\\u0639\\u0644\\u064a\\u0642 \\u0645\\u062b\\u0644 \\u0647\\u0630\\u0627 \\u0627\\u0644\\u0623\\u0645\\u0631\\r\\n\\r\\n1.4.\\t\\u0627\\u0644\\u0645\\u0646\\u062a\\u062c\\u0627\\u062a: \\u062a\\u0639\\u0646\\u064a \\u062a\\u0644\\u0643 \\u0627\\u0644\\u0645\\u0646\\u062a\\u062c\\u0627\\u062a \\u0648\\/ \\u0623\\u0648 \\u0627\\u0644\\u062e\\u062f\\u0645\\u0627\\u062a \\u0627\\u0644\\u062a\\u064a \\u064a\\u0639\\u0631\\u0636\\u0647\\u0627 \\u0627\\u0644\\u0637\\u0631\\u0641 \\u0627\\u0644\\u062b\\u0627\\u0646\\u064a \\u0648\\u0627\\u0644\\u062a\\u064a \\u064a\\u062a\\u0645 \\u0627\\u0644\\u062a\\u0631\\u0648\\u064a\\u062c \\u0644\\u0647\\u0627 \\u0645\\u0646 \\u062e\\u0644\\u0627\\u0644 \\u0627\\u0644\\u062a\\u0637\\u0628\\u064a\\u0642 \\u0628\\u0644\\u0648\\u0643\\u0627\\u062a \\u0628\\u0648\\u062a\\u064a\\u0643 \\u0639\\u0628\\u0631 \\u0627\\u0644\\u0645\\u062a\\u0627\\u062c\\u0631 \\u0627\\u0644\\u0627\\u0644\\u0643\\u062a\\u0631\\u0648\\u0646\\u064a\\u0629 \\u0627\\u0644\\u0645\\u062a\\u0627\\u062d\\u0629.\\r\\n1.5.\\t\\u0627\\u0644\\u0639\\u0645\\u064a\\u0644\\/\\u0627\\u0644\\u0632\\u0628\\u0648\\u0646: \\u0647\\u0648 \\u0627\\u0644\\u0641\\u0631\\u062f \\u0627\\u0644\\u0630\\u064a \\u064a\\u0642\\u0648\\u0645 \\u0628\\u062a\\u0635\\u0641\\u062d \\u0627\\u0644\\u062a\\u0637\\u0628\\u064a\\u0642 \\u0648\\/\\u0623\\u0648 \\u062a\\u0623\\u0633\\u064a\\u0633 \\u062d\\u0633\\u0627\\u0628 \\u0648\\/\\u0623\\u0648 \\u064a\\u0634\\u062a\\u0631\\u064a \\u0627\\u0644\\u0645\\u0646\\u062a\\u062c\\u0627\\u062a \\/ \\u0627\\u0644\\u062e\\u062f\\u0645\\u0627\\u062a \\u0639\\u0628\\u0631 \\u0627\\u0644\\u062a\\u0648\\u0627\\u0635\\u0644 \\u0627\\u0644\\u0645\\u0628\\u0627\\u0634\\u0631 \\u0645\\u0639 \\u0627\\u0644\\u0645\\u062a\\u062c\\u0631 \\u0627\\u0644\\u0627\\u0644\\u0643\\u062a\\u0631\\u0648\\u0646\\u064a.\\r\\n\\r\\n2.\\t\\u0627\\u0644\\u062a\\u0631\\u0648\\u064a\\u062c \\u0644\\u0644\\u0645\\u0646\\u062a\\u062c\\u0627\\u062a\\r\\n 2.1\\u064a\\u0645\\u0646\\u062d \\u0627\\u0644\\u0637\\u0631\\u0641 \\u0627\\u0644\\u062b\\u0627\\u0646\\u064a \\u0627\\u0644\\u0634\\u0631\\u0643\\u0629 \\u062d\\u0642\\u064b\\u0627 \\u063a\\u064a\\u0631 \\u062d\\u0635\\u0631\\u064a \\u0644\\u062a\\u0633\\u0648\\u064a\\u0642 \\u0627\\u0644\\u0645\\u0646\\u062a\\u062c\\u0627\\u062a \\u0648\\u0627\\u0644\\u062a\\u0631\\u0648\\u064a\\u062c \\u0644\\u0647\\u0627 \\u0636\\u0645\\u0646 \\u0627\\u0644\\u062a\\u0637\\u0628\\u064a\\u0642 \\u0637\\u0648\\u0627\\u0644 \\u0645\\u062f\\u0629 \\u0647\\u0630\\u0647 \\u0627\\u0644\\u0627\\u062a\\u0641\\u0627\\u0642\\u064a\\u0629.\\r\\n2.2 \\u062a\\u0642\\u0648\\u0645 \\u0634\\u0631\\u0643\\u0629 \\u0628\\u0644\\u0648\\u0643\\u0627\\u062a \\u0628\\u0648\\u062a\\u064a\\u0643 \\u0628\\u062a\\u0631\\u0648\\u064a\\u062c \\u0627\\u0644\\u0645\\u0646\\u062a\\u062c\\u0627\\u062a \\u0628\\u0627\\u0644\\u0637\\u0631\\u064a\\u0642\\u0629 \\u0627\\u0644\\u0645\\u0646\\u0627\\u0633\\u0628\\u0629 \\u0627\\u0644\\u062a\\u064a \\u062a\\u062d\\u062f\\u062f\\u0647\\u0627\\u060c \\u0648\\u0627\\u0644\\u062a\\u064a \\u0642\\u062f \\u062a\\u062a\\u0636\\u0645\\u0646 \\u0631\\u0648\\u0627\\u0628\\u0637 \\u0625\\u0644\\u0649 \\u0645\\u0631\\u0643\\u0632 \\u0627\\u0644\\u062a\\u0633\\u0648\\u0642 \\u0639\\u0628\\u0631 \\u0627\\u0644\\u0627\\u0646\\u062a\\u0631\\u0646\\u062a \\u0648\\u0627\\u0644\\u0645\\u0648\\u0642\\u0639 \\u0627\\u0644\\u0627\\u0644\\u0643\\u062a\\u0631\\u0648\\u0646\\u064a \\u0627\\u0644\\u062e\\u0627\\u0635 \\u0628\\u0627\\u0644\\u062a\\u0637\\u0628\\u064a\\u0642\\u060c \\u0623\\u0648 \\u0645\\u0646 \\u062e\\u0644\\u0627\\u0644 \\u0635\\u0641\\u062d\\u0627\\u062a \\u0627\\u0644\\u0648\\u064a\\u0628 \\u0630\\u0627\\u062a \\u0627\\u0644\\u0639\\u0644\\u0627\\u0645\\u0627\\u062a \\u0627\\u0644\\u062a\\u062c\\u0627\\u0631\\u064a\\u0629 \\u0627\\u0644\\u0645\\u0634\\u062a\\u0631\\u0643\\u0629 \\u0627\\u0644\\u0645\\u0637\\u0648\\u0631\\u0629 \\u0628\\u0634\\u0643\\u0644 \\u0645\\u062a\\u0628\\u0627\\u062f\\u0644 \\u0645\\u0646 \\u0627\\u0644\\u0637\\u0631\\u0641\\u064a\\u0646.\\r\\n\\r\\n3.\\t\\u0627\\u0644\\u0645\\u062f\\u0629\\r\\n\\u062a\\u0643\\u0648\\u0646 \\u0645\\u062f\\u0629 \\u0647\\u0630\\u0647 \\u0627\\u0644\\u0627\\u062a\\u0641\\u0627\\u0642\\u064a\\u0629 \\u0634\\u0647\\u0631 \\u0645\\u0646 \\u062a\\u0627\\u0631\\u064a\\u062e \\u0627\\u0644\\u0633\\u0631\\u064a\\u0627\\u0646. \\u062b\\u0645 \\u062a\\u064f\\u062c\\u062f\\u062f \\u0647\\u0630\\u0647 \\u0627\\u0644\\u0627\\u062a\\u0641\\u0627\\u0642\\u064a\\u0629 \\u062a\\u0644\\u0642\\u0627\\u0626\\u064a\\u064b\\u0627 \\u0643\\u0644 \\u0634\\u0647\\u0631 \\u0645\\u0627 \\u0644\\u0645 \\u064a\\u062e\\u0637\\u0631 \\u0623\\u064a \\u0645\\u0646 \\u0627\\u0644\\u0637\\u0631\\u0641\\u064a\\u0646 \\u0627\\u0644\\u0637\\u0631\\u0641 \\u0627\\u0644\\u0622\\u062e\\u0631 \\u0643\\u062a\\u0627\\u0628\\u0629 \\u0642\\u0628\\u0644 \\u0627\\u0633\\u0628\\u0648\\u0639 \\u0639\\u0644\\u0649 \\u0627\\u0644\\u0623\\u0642\\u0644 \\u0645\\u0646 \\u0623\\u064a \\u062a\\u062c\\u062f\\u064a\\u062f \\u0628\\u0639\\u062f\\u0645 \\u0631\\u063a\\u0628\\u062a\\u0647 \\u0641\\u064a \\u062a\\u062c\\u062f\\u064a\\u062f \\u0627\\u0644\\u0627\\u062a\\u0641\\u0627\\u0642\\u064a\\u0629.\\r\\n\\r\\n2.\\t\\u0628\\u062f\\u0644 \\u0627\\u0644\\u0627\\u0634\\u062a\\u0631\\u0627\\u0643\\/\\u0627\\u0644\\u062a\\u0633\\u062c\\u064a\\u0644  \\r\\n\\u0644\\u0642\\u0627\\u0621 \\u062a\\u062e\\u0635\\u064a\\u0635 \\u0645\\u062a\\u062c\\u0631 \\u0627\\u0644\\u0643\\u062a\\u0631\\u0648\\u0646\\u064a \\u062e\\u0627\\u0635 \\u0639\\u0628\\u0631 \\u0627\\u0644\\u062a\\u0637\\u0628\\u064a\\u0642\\u060c \\u064a\\u0642\\u0648\\u0645 \\u0627\\u0644\\u0637\\u0631\\u0641 \\u0627\\u0644\\u062b\\u0627\\u0646\\u064a \\u0628\\u0633\\u062f\\u0627\\u062f \\u0627\\u0644\\u0642\\u064a\\u0645\\u0629 \\u0627\\u0644\\u0645\\u0627\\u0644\\u064a\\u0629 \\u0627\\u0644\\u0645\\u062e\\u0635\\u0635\\u0629 \\u0644\\u0644\\u0628\\u0627\\u0642\\u0629 \\u0627\\u0644\\u0634\\u0647\\u0631\\u064a\\u0629 \\u0627\\u0644\\u062a\\u064a \\u064a\\u062e\\u062a\\u0627\\u0631\\u0647\\u0627 \\u0636\\u0645\\u0646 \\u062e\\u064a\\u0627\\u0631\\u0627\\u062a \\u0627\\u0644\\u062a\\u0637\\u0628\\u064a\\u0642.\\r\\n\\u064a\\u062a\\u0645 \\u062f\\u0641\\u0639 \\u0627\\u0644\\u0642\\u064a\\u0645\\u0629 \\u0639\\u0646 \\u0643\\u0644 \\u0634\\u0647\\u0631 \\u0645\\u064a\\u0644\\u0627\\u062f\\u064a \\u0633\\u0627\\u0628\\u0642 \\u0623\\u0645\\u0627 \\u0646\\u0642\\u062f\\u0627\\u064b \\u0623\\u0648 \\u062d\\u0648\\u0627\\u0644\\u0629 \\u0628\\u0646\\u0643\\u064a\\u0629 \\u0648\\u0630\\u0644\\u0643 \\u062e\\u0644\\u0627\\u0644 \\u0645\\u062f\\u0629 \\u0623\\u0642\\u0635\\u0627\\u0647\\u0627 \\u062b\\u0644\\u0627\\u062b\\u0629 \\u0623\\u064a\\u0627\\u0645 \\u0639\\u0645\\u0644 \\u0645\\u0646 \\u0628\\u062f\\u0627\\u064a\\u0629 \\u0643\\u0644 \\u0634\\u0647\\u0631 \\u0645\\u064a\\u0644\\u0627\\u062f\\u064a \\u062a\\u0627\\u0644\\u064a\\u0629. \\r\\n\\r\\n\\r\\n4.\\t\\u0634\\u0631\\u0648\\u0637 \\u0627\\u0644\\u0645\\u062a\\u062c\\u0631 \\u0627\\u0644\\u0645\\u062a\\u062e\\u0635\\u0635\\r\\n5.1 \\u062a\\u0642\\u0648\\u0645 \\u0634\\u0631\\u0643\\u0629 \\u0628\\u062a\\u0648\\u0641\\u064a\\u0631 \\u0645\\u062a\\u062c\\u0631\\u064b\\u0627 \\u0627\\u0644\\u0643\\u062a\\u0631\\u0648\\u0646\\u064a\\u0627\\u064b \\u0645\\u062a\\u062e\\u0635\\u0635\\u064b\\u0627 \\u0644\\u0644\\u0645\\u0634\\u0627\\u0631\\u0643 \\u0648\\u0630\\u0644\\u0643 \\u0644\\u0639\\u0631\\u0636 \\u0648\\u062a\\u0631\\u0648\\u064a\\u062c \\u0643\\u0627\\u0641\\u0629 \\u0627\\u0644\\u0645\\u0646\\u062a\\u062c\\u0627\\u062a \\u0648\\u0627\\u0644\\u062e\\u062f\\u0645\\u0627\\u062a \\u0627\\u0644\\u062a\\u064a \\u064a\\u0642\\u062f\\u0645\\u0647\\u0627 \\u0627\\u0644\\u0637\\u0631\\u0641 \\u0627\\u0644\\u062b\\u0627\\u0646\\u064a.\\r\\n\\r\\n5.2 \\u0633\\u064a\\u0643\\u0648\\u0646 \\u0644\\u0644\\u0645\\u062a\\u062c\\u0631 \\u0627\\u0644\\u0625\\u0644\\u0643\\u062a\\u0631\\u0648\\u0646\\u064a \\u062a\\u0648\\u0627\\u062c\\u062f\\u064b\\u0627 \\u0641\\u064a \\u062c\\u0645\\u064a\\u0639 \\u0623\\u0646\\u062d\\u0627\\u0621 \\u0627\\u0644\\u0639\\u0627\\u0644\\u0645 \\u0639\\u0644\\u0649 \\u0645\\u062f\\u0627\\u0631 \\u0627\\u0644\\u064a\\u0648\\u0645 \\u0648\\u0637\\u0648\\u0627\\u0644 \\u0623\\u064a\\u0627\\u0645 \\u0627\\u0644\\u0623\\u0633\\u0628\\u0648\\u0639 \\u0641\\u064a \\u0627\\u0644\\u062a\\u0637\\u0628\\u064a\\u0642.\\r\\n\\r\\n3.\\t\\u0625\\u062f\\u0627\\u0631\\u0629 \\u0627\\u0644\\u062e\\u062f\\u0645\\u0627\\u062a \\u0627\\u0644\\u0644\\u0648\\u062c\\u0633\\u062a\\u064a\\u0629\\r\\n6.1 \\u064a\\u062a\\u062d\\u0645\\u0644 \\u0627\\u0644\\u0637\\u0631\\u0641 \\u0627\\u0644\\u062b\\u0627\\u0646\\u064a \\u0645\\u0633\\u0624\\u0648\\u0644\\u064a\\u0629 \\u062a\\u0639\\u0628\\u0626\\u0629 \\u0648\\u062a\\u0633\\u0644\\u064a\\u0645 \\u0627\\u0644\\u0645\\u0646\\u062a\\u062c\\u0627\\u062a \\u0648\\/\\u0623\\u0648 \\u0627\\u0644\\u062e\\u062f\\u0645\\u0627\\u062a \\u0627\\u0644\\u0645\\u0637\\u0644\\u0648\\u0628\\u0629 \\u0644\\u0644\\u0639\\u0645\\u0644\\u0627\\u0621 \\u0623\\u0648 \\u0627\\u0644\\u0632\\u0628\\u0627\\u0626\\u064a\\u0646 \\u0627\\u0644\\u0645\\u0633\\u062c\\u0644\\u064a\\u0646 \\u0641\\u064a  \\u0627\\u0644\\u062a\\u0637\\u0628\\u064a\\u0642.\\r\\n\\r\\n6.2 \\u064a\\u062d\\u062f\\u062f \\u0627\\u0644\\u0637\\u0631\\u0641 \\u0627\\u0644\\u062b\\u0627\\u0646\\u064a \\u0648\\u062d\\u062f\\u0647 \\u0637\\u0631\\u064a\\u0642\\u0629 \\u062a\\u0633\\u0644\\u064a\\u0645 \\u0627\\u0644\\u0645\\u0646\\u062a\\u062c\\u0627\\u062a \\u0648\\/\\u0623\\u0648 \\u0627\\u0644\\u062e\\u062f\\u0645\\u0627\\u062a \\u0625\\u0645\\u0627 \\u0639\\u0646 \\u0637\\u0631\\u064a\\u0642 \\u0627\\u0644\\u0634\\u062d\\u0646 \\u0627\\u0644\\u062c\\u0648\\u064a \\u0623\\u0648 \\u0627\\u0644\\u0634\\u062d\\u0646 \\u0623\\u0648 \\u0627\\u0644\\u0646\\u0642\\u0644\\u060c \\u0648\\u0644\\u0627 \\u064a\\u062a\\u062d\\u0645\\u0644 \\u0627\\u0644\\u0637\\u0631\\u0641 \\u0627\\u0644\\u0623\\u0648\\u0644\\/\\u0627\\u0644\\u0634\\u0631\\u0643\\u0629 \\u0623\\u064a \\u0645\\u0633\\u0624\\u0648\\u0644\\u064a\\u0629 \\u0639\\u0646 \\u0627\\u0644\\u0645\\u0646\\u062a\\u062c \\u0648\\u0627\\u0644\\u062a\\u0639\\u0628\\u0626\\u0629 \\u0648\\u0627\\u0644\\u062e\\u062f\\u0645\\u0627\\u062a \\u0627\\u0644\\u0644\\u0648\\u062c\\u0633\\u062a\\u064a\\u0629 \\u0648\\u062e\\u062f\\u0645\\u0629 \\u0627\\u0644\\u0639\\u0645\\u0644\\u0627\\u0621.\\r\\n\\r\\n6.3 \\u064a\\u062e\\u0644\\u064a \\u0627\\u0644\\u0637\\u0631\\u0641 \\u0627\\u0644\\u062b\\u0627\\u0646\\u064a \\u0627\\u0644\\u0637\\u0631\\u0641 \\u0627\\u0644\\u0623\\u0648\\u0644\\/\\u0627\\u0644\\u0634\\u0631\\u0643\\u0629 \\u0645\\u0646 \\u0623\\u064a \\u0645\\u0633\\u0624\\u0648\\u0644\\u064a\\u0629 \\u0646\\u0627\\u062a\\u062c\\u0629 \\u0639\\u0646 \\u062a\\u0639\\u0628\\u0626\\u0629 \\u0648\\u062a\\u0633\\u0644\\u064a\\u0645 \\u0627\\u0644\\u0645\\u0646\\u062a\\u062c\\u0627\\u062a \\u0648\\u0627\\u0644\\u062e\\u062f\\u0645\\u0627\\u062a \\u0627\\u0644\\u0644\\u0648\\u062c\\u0633\\u062a\\u064a\\u0629 \\u0648\\u062e\\u062f\\u0645\\u0629 \\u0627\\u0644\\u0639\\u0645\\u0644\\u0627\\u0621.\\r\\n\\r\\n5.\\t\\u0627\\u0644\\u062a\\u0648\\u0642\\u0641 \\u0639\\u0646 \\u062a\\u0642\\u062f\\u064a\\u0645 \\u0627\\u0644\\u062e\\u062f\\u0645\\u0627\\u062a\\r\\n\\u0641\\u064a \\u062d\\u0627\\u0644\\u0629 \\u0627\\u0644\\u062a\\u0648\\u0642\\u0641 \\u0627\\u0644\\u0645\\u0624\\u0642\\u062a \\u0639\\u0646 \\u0627\\u0644\\u062e\\u062f\\u0645\\u0627\\u062a \\u0627\\u0644\\u0645\\u0642\\u062f\\u0645\\u0629 \\u0645\\u0646 \\u062a\\u0637\\u0628\\u064a\\u0642 \\u0646\\u062a\\u064a\\u062c\\u0629 \\u0644\\u0648\\u062c\\u0648\\u062f \\u0645\\u0634\\u0643\\u0644\\u0629 \\u0641\\u0646\\u064a\\u0629 \\u0641\\u064a \\u0627\\u062a\\u0635\\u0627\\u0644 \\u0627\\u0644\\u0634\\u0628\\u0643\\u0629\\u060c \\u0644\\u0627 \\u064a\\u062d\\u0642 \\u0644\\u0644\\u0637\\u0631\\u0641 \\u0627\\u0644\\u062b\\u0627\\u0646\\u064a \\u0627\\u0644\\u062d\\u0635\\u0648\\u0644 \\u0639\\u0644\\u0649 \\u0623\\u064a \\u062a\\u0639\\u0648\\u064a\\u0636 \\u0639\\u0646 \\u0647\\u0630\\u0627 \\u0627\\u0644\\u0627\\u0646\\u0642\\u0637\\u0627\\u0639 \\u0627\\u0644\\u0645\\u0624\\u0642\\u062a\\u060c \\u0625\\u0630\\u0627 \\u0643\\u0627\\u0646 \\u0630\\u0644\\u0643 \\u062e\\u0644\\u0627\\u0644 \\u0641\\u062a\\u0631\\u0629 \\u0632\\u0645\\u0646\\u064a\\u0629 \\u0645\\u0639\\u0642\\u0648\\u0644\\u0629 \\u0645\\u0646 \\u0627\\u0644\\u0648\\u0642\\u062a (\\u0628\\u062d\\u062f \\u0623\\u0642\\u0635\\u0649 \\u062b\\u0645\\u0627\\u0646\\u064a\\u0629 \\u0648\\u0623\\u0631\\u0628\\u0639\\u0648\\u0646 (48) \\u0633\\u0627\\u0639\\u0629) \\u0648\\u064a\\u0633\\u062a\\u0645\\u0631 \\u0627\\u0644\\u0639\\u0645\\u0644 \\u0648\\u0641\\u0642\\u064b\\u0627 \\u0644\\u0630\\u0644\\u0643 \\u0628\\u0639\\u062f \\u0625\\u0635\\u0644\\u0627\\u062d \\u0627\\u0644\\u0645\\u0634\\u0643\\u0644\\u0629. \\r\\n\\r\\n4.\\t\\u0627\\u0644\\u0639\\u064a\\u0648\\u0628 \\u0648\\u0627\\u0644\\u0645\\u0633\\u0624\\u0648\\u0644\\u064a\\u0629 \\u0627\\u0644\\u0642\\u0627\\u0646\\u0648\\u0646\\u064a\\u0629\\r\\n8.1 \\u064a\\u062a\\u062d\\u0645\\u0644 \\u0627\\u0644\\u0637\\u0631\\u0641 \\u0627\\u0644\\u062b\\u0627\\u0646\\u064a \\u0645\\u0633\\u0624\\u0648\\u0644\\u064a\\u0629 \\u0623\\u064a \\u0639\\u064a\\u0648\\u0628 \\u0641\\u064a \\u0627\\u0644\\u062a\\u0635\\u0646\\u064a\\u0639 \\u0623\\u0648 \\u062a\\u0644\\u0641 \\u0641\\u064a \\u0627\\u0644\\u0645\\u0646\\u062a\\u062c\\u0627\\u062a \\u0623\\u0648 \\u062a\\u0623\\u062e\\u064a\\u0631 \\u063a\\u064a\\u0631 \\u0645\\u0628\\u0631\\u0631 \\u0641\\u064a \\u062a\\u0633\\u0644\\u064a\\u0645 \\u0627\\u0644\\u0645\\u0646\\u062a\\u062c\\u0627\\u062a \\u0644\\u0644\\u0639\\u0645\\u0644\\u0627\\u0621\\u060c \\u0648\\u0646\\u0642\\u0635 \\u0627\\u0644\\u0645\\u062e\\u0632\\u0648\\u0646. \\u0643\\u0645\\u0627 \\u062a\\u064f\\u0648\\u0641\\u0631 \\u0623\\u064a\\u0636\\u064b\\u0627 \\u0627\\u0644\\u0628\\u062f\\u064a\\u0644 \\u0644\\u0644\\u0639\\u0645\\u0644\\u0627\\u0621 \\u0648\\u0627\\u0644\\u0645\\u0633\\u062a\\u0647\\u0644\\u0643\\u064a\\u0646 \\u0641\\u064a \\u063a\\u0636\\u0648\\u0646 \\u0641\\u062a\\u0631\\u0629 \\u0632\\u0645\\u0646\\u064a\\u0629 \\u0645\\u0639\\u0642\\u0648\\u0644\\u0629 \\u0637\\u0628\\u0642\\u0627 \\u0644\\u062a\\u0648\\u0627\\u0641\\u0631 \\u0627\\u0644\\u0643\\u0645\\u064a\\u0629. \\r\\n\\r\\n\\r\\n\\u0625\\u0646 \\u0627\\u0644\\u0637\\u0631\\u0641 \\u0627\\u0644\\u0627\\u0648\\u0644 \\u063a\\u064a\\u0631 \\u0645\\u0633\\u0624\\u0648\\u0644 \\u0639\\u0646 \\u0623\\u064a \\u0646\\u0632\\u0627\\u0639\\u0627\\u062a\\u060c \\u0623\\u0648 \\u0627\\u062e\\u062a\\u0644\\u0627\\u0641\\u0627\\u062a \\u0623\\u0648 \\u0645\\u0637\\u0627\\u0644\\u0628 \\u0623\\u0648 \\u062f\\u0639\\u0627\\u0648\\u0649 \\u0642\\u0636\\u0627\\u0626\\u064a\\u0629 \\u0623\\u0648 \\u063a\\u064a\\u0631\\u0647\\u0627 \\u0642\\u062f \\u062a\\u062d\\u062f\\u062b \\u0641\\u064a\\u0645\\u0627 \\u0628\\u064a\\u0646 \\u0627\\u0644\\u0637\\u0631\\u0641 \\u0627\\u0644\\u062b\\u0627\\u0646\\u064a \\u0648\\u0627\\u0644\\u0639\\u0645\\u064a\\u0644.\\r\\n\\r\\n8.2 \\u0644\\u0627 \\u064a\\u0643\\u0648\\u0646 \\u0627\\u0644\\u0637\\u0631\\u0641 \\u0627\\u0644\\u0627\\u0648\\u0644 \\u0628\\u0623\\u064a\\u0629 \\u062d\\u0627\\u0644 \\u0645\\u0633\\u0624\\u0648\\u0644 \\u0639\\u0646 \\u0623\\u064a\\u0629 \\u0623\\u0636\\u0631\\u0627\\u0631 \\u0648\\u0627\\u0644\\u0646\\u0627\\u0634\\u0626\\u0629 \\u0628\\u0645\\u0627 \\u064a\\u0631\\u062a\\u0628\\u0637 \\u0628\\u0647\\u0630\\u0627 \\u0627\\u0644\\u0645\\u0648\\u0642\\u0639 \\u0623\\u0648 \\u0627\\u0633\\u062a\\u062e\\u062f\\u0627\\u0645\\u0647\\u060c \\u0623\\u0648 \\u0639\\u062f\\u0645 \\u0627\\u0644\\u0642\\u062f\\u0631\\u0629 \\u0639\\u0644\\u0649 \\u0627\\u0633\\u062a\\u062e\\u062f\\u0627\\u0645\\u0647 \\u0645\\u0646 \\u0642\\u0628\\u0644 \\u0623\\u064a \\u0637\\u0631\\u0641 \\u0643\\u0627\\u0646\\u060c \\u0623\\u0648 \\u0628\\u0645\\u0627 \\u064a\\u062a\\u0639\\u0644\\u0642 \\u0628\\u0623\\u064a \\u0641\\u0634\\u0644 \\u0641\\u064a \\u0627\\u0644\\u0623\\u062f\\u0627\\u0621\\u060c \\u0623\\u0648 \\u062e\\u0637\\u0623\\u060c \\u0623\\u0648 \\u062d\\u0630\\u0641\\u060c \\u0623\\u0648 \\u0627\\u0646\\u0642\\u0637\\u0627\\u0639\\u060c \\u0623\\u0648 \\u062e\\u0644\\u0644\\u060c \\u0623\\u0648 \\u062a\\u0623\\u062e\\u0631 \\u0623\\u0648 \\u0641\\u0634\\u0644 \\u0641\\u064a \\u0627\\u0644\\u0634\\u0628\\u0643\\u0629 \\u0623\\u0648 \\u0627\\u0644\\u0646\\u0638\\u0627\\u0645.\\r\\n\\r\\n5.\\t\\u0625\\u0646\\u0647\\u0627\\u0621 \\u0627\\u0644\\u0627\\u062a\\u0641\\u0627\\u0642\\u064a\\u0629\\r\\n9.1 \\u064a\\u062c\\u0648\\u0632 \\u0644\\u0644\\u0634\\u0631\\u0643\\u0629 \\u0625\\u0646\\u0647\\u0627\\u0621 \\u0647\\u0630\\u0647 \\u0627\\u0644\\u0627\\u062a\\u0641\\u0627\\u0642\\u064a\\u0629 \\u062f\\u0648\\u0646 \\u0625\\u062e\\u0637\\u0627\\u0631 \\u0627\\u0644\\u0637\\u0631\\u0641 \\u0627\\u0644\\u062b\\u0627\\u0646\\u064a \\u0648\\u062f\\u0648\\u0646 \\u0627\\u0644\\u062d\\u0627\\u062c\\u0629 \\u0625\\u0644\\u0649 \\u0635\\u062f\\u0648\\u0631 \\u062d\\u0643\\u0645 \\u0642\\u0636\\u0627\\u0626\\u064a\\u060c \\u0641\\u064a \\u062d\\u0627\\u0644\\u0629 \\u062d\\u062f\\u0648\\u062b \\u062e\\u0631\\u0642 \\u062c\\u0648\\u0647\\u0631\\u064a \\u0645\\u0646 \\u0627\\u0644\\u0637\\u0631\\u0641 \\u0627\\u0644\\u062b\\u0627\\u0646\\u064a \\u0644\\u0623\\u064a \\u0645\\u0646 \\u0627\\u0644\\u062a\\u0632\\u0627\\u0645\\u0627\\u062a\\u0647 \\u0627\\u0644\\u0645\\u0641\\u0631\\u0648\\u0636\\u0629 \\u0628\\u0645\\u0648\\u062c\\u0628 \\u0647\\u0630\\u0647 \\u0627\\u0644\\u0627\\u062a\\u0641\\u0627\\u0642\\u064a\\u0629 \\u0648\\u0628\\u0627\\u0644\\u0631\\u063a\\u0645 \\u0645\\u0646 \\u0625\\u062e\\u0637\\u0627\\u0631 \\u0627\\u0644\\u0634\\u0631\\u0643\\u0629 \\u0627\\u0644\\u0637\\u0631\\u0641 \\u0627\\u0644\\u062b\\u0627\\u0646\\u064a \\u0628\\u0625\\u0635\\u0644\\u0627\\u062d \\u0627\\u0644\\u062e\\u0644\\u0644 \\u0641\\u064a \\u063a\\u0636\\u0648\\u0646 \\u0623\\u0633\\u0628\\u0648\\u0639 \\u0648\\u0627\\u062d\\u062f \\u0645\\u0646 \\u062a\\u0627\\u0631\\u064a\\u062e \\u0627\\u0644\\u0625\\u062e\\u0637\\u0627\\u0631 \\u0625\\u0644\\u0627 \\u0623\\u0646\\u0651 \\u0627\\u0644\\u0637\\u0631\\u0641 \\u0627\\u0644\\u062b\\u0627\\u0646\\u064a \\u0631\\u0641\\u0636 \\u0627\\u0644\\u0627\\u0645\\u062a\\u062b\\u0627\\u0644 \\u0644\\u0630\\u0644\\u0643.\\r\\n\\r\\n9.2   \\u064a\\u062c\\u0648\\u0632 \\u0644\\u0623\\u064a \\u0645\\u0646 \\u0627\\u0644\\u0637\\u0631\\u0641\\u064a\\u0646 \\u0625\\u0646\\u0647\\u0627\\u0621 \\u0647\\u0630\\u0647 \\u0627\\u0644\\u0627\\u062a\\u0641\\u0627\\u0642\\u064a\\u0629 \\u0641\\u0648\\u0631\\u064b\\u0627 \\u0628\\u0645\\u0648\\u062c\\u0628 \\u0625\\u062e\\u0637\\u0627\\u0631 \\u0643\\u062a\\u0627\\u0628\\u064a \\u0644\\u0644\\u0637\\u0631\\u0641 \\u0627\\u0644\\u0622\\u062e\\u0631 \\u0625\\u0630\\u0627 \\u0643\\u0627\\u0646 \\u0627\\u0644\\u0637\\u0631\\u0641 \\u0627\\u0644\\u0622\\u062e\\u0631: (\\u0623) \\u062d\\u064f\\u0643\\u0645 \\u0639\\u0644\\u064a\\u0647 \\u0628\\u0627\\u0644\\u0625\\u0641\\u0644\\u0627\\u0633\\u060c (\\u0628) \\u0623\\u0635\\u0628\\u062d \\u0645\\u064f\\u0639\\u0633\\u0631\\u064b\\u0627\\u060c \\u062c) \\u062a\\u0645 \\u062a\\u0639\\u064a\\u064a\\u0646 \\u062d\\u0627\\u0631\\u0633 \\u0642\\u0636\\u0627\\u0626\\u064a \\u0623\\u0648 \\u0648\\u0635\\u064a \\u0623\\u0648 \\u0645\\u0623\\u0645\\u0648\\u0631 \\u062a\\u0635\\u0641\\u064a\\u0629 \\u0639\\u0646 \\u062c\\u0645\\u064a\\u0639 \\u0623\\u0648 \\u062c\\u0632\\u0621 \\u0643\\u0628\\u064a\\u0631 \\u0645\\u0646 \\u0623\\u0635\\u0648\\u0644\\u0647\\u060c (\\u062f) \\u062a\\u0648\\u0642\\u0641 \\u0639\\u0646 \\u0645\\u0645\\u0627\\u0631\\u0633\\u0629 \\u0627\\u0644\\u0623\\u0639\\u0645\\u0627\\u0644 \\u0627\\u0644\\u062a\\u062c\\u0627\\u0631\\u064a\\u0629\\u060c (\\u0647\\u0640) \\u0627\\u0644\\u0628\\u062f\\u0621 \\u0628\\u062d\\u0644 \\u0623\\u0648 \\u062a\\u0635\\u0641\\u064a\\u0629 \\u0623\\u0648 (\\u0648) \\u0627\\u0644\\u062a\\u0646\\u0627\\u0632\\u0644 \\u0639\\u0646 \\u0623\\u0635\\u0648\\u0644\\u0647 \\u0644\\u0635\\u0627\\u0644\\u062d \\u062f\\u0627\\u0626\\u0646\\u064a\\u0647.\\r\\n\\r\\n10.   \\u0627\\u0644\\u0642\\u0648\\u0629 \\u0627\\u0644\\u0642\\u0627\\u0647\\u0631\\u0629\\r\\n\\u0627\\u062a\\u0641\\u0642 \\u0627\\u0644\\u0637\\u0631\\u0641\\u0627\\u0646 \\u0623\\u0646\\u0647 \\u0628\\u0645\\u0648\\u062c\\u0628 \\u0647\\u0630\\u0647 \\u0627\\u0644\\u0627\\u062a\\u0641\\u0627\\u0642\\u064a\\u0629 \\u0644\\u0627 \\u064a\\u0643\\u0648\\u0646 \\u0623\\u064a \\u0645\\u0646 \\u0627\\u0644\\u0637\\u0631\\u0641\\u064a\\u0646 \\u0645\\u0633\\u0624\\u0648\\u0644\\u0627\\u064b \\u0645\\u0646 \\u0627\\u0644\\u0646\\u0627\\u062d\\u064a\\u0629 \\u0627\\u0644\\u0642\\u0627\\u0646\\u0648\\u0646\\u064a\\u0629 \\u0639\\u0646 \\u0627\\u0644\\u062a\\u0623\\u062e\\u064a\\u0631 \\u0641\\u064a \\u0623\\u062f\\u0627\\u0621 \\u0627\\u0644\\u062a\\u0632\\u0627\\u0645\\u0627\\u062a\\u0647 \\u0623\\u0648 \\u0639\\u062f\\u0645 \\u062a\\u0646\\u0641\\u064a\\u0630\\u0647\\u0627 \\u0644\\u0623\\u0633\\u0628\\u0627\\u0628 \\u0642\\u0627\\u0647\\u0631\\u0629. \\u0648\\u0645\\u0646 \\u0623\\u062c\\u0644 \\u062a\\u0648\\u0636\\u064a\\u062d \\u0627\\u0644\\u0645\\u0642\\u0635\\u0648\\u062f \\u0645\\u0646 \\u062d\\u0627\\u0644\\u0629 \\u0627\\u0644\\u0642\\u0648\\u0629 \\u0627\\u0644\\u0642\\u0627\\u0647\\u0631\\u0629 \\u0647\\u0646\\u0627 \\u0644\\u0623\\u064a \\u0645\\u0646 \\u0627\\u0644\\u0637\\u0631\\u0641\\u064a\\u0646 \\u0648\\u0627\\u0644\\u062a\\u064a \\u064a\\u0642\\u0635\\u062f \\u0628\\u0647\\u0627 \\u0627\\u0644\\u0638\\u0631\\u0648\\u0641 \\u0627\\u0644\\u062a\\u064a \\u062a\\u062a\\u062c\\u0627\\u0648\\u0632 \\u0627\\u0644\\u0633\\u064a\\u0637\\u0631\\u0629 \\u0627\\u0644\\u0645\\u0639\\u0642\\u0648\\u0644\\u0629 \\u0648\\u0627\\u0644\\u062a\\u064a \\u062a\\u0624\\u062b\\u0631 \\u0639\\u0644\\u0649 \\u0623\\u062f\\u0627\\u0621 \\u0627\\u0644\\u0627\\u0644\\u062a\\u0632\\u0627\\u0645\\u0627\\u062a \\u0628\\u0645\\u0648\\u062c\\u0628 \\u0647\\u0630\\u0647 \\u0627\\u0644\\u0627\\u062a\\u0641\\u0627\\u0642\\u064a\\u0629\\u060c \\u0628\\u0645\\u0627 \\u0641\\u064a \\u0630\\u0644\\u0643 \\u0627\\u0644\\u0643\\u0648\\u0627\\u0631\\u062b \\u0627\\u0644\\u0637\\u0628\\u064a\\u0639\\u064a\\u0629 \\u0648\\u0627\\u0644\\u0638\\u0631\\u0648\\u0641 \\u0627\\u0644\\u062c\\u0648\\u064a\\u0629 \\u0627\\u0644\\u0633\\u064a\\u0626\\u0629 \\u0648\\u0627\\u0644\\u062d\\u0631\\u0627\\u0626\\u0642 \\u0648\\u0627\\u0644\\u062d\\u0648\\u0627\\u062f\\u062b \\u0627\\u0644\\u062e\\u0637\\u064a\\u0631\\u0629 \\u0627\\u0644\\u062a\\u064a \\u062a\\u0624\\u062f\\u064a \\u0625\\u0644\\u0649 \\u0648\\u0642\\u0641 \\u062d\\u0631\\u0643\\u0629 \\u0627\\u0644\\u0645\\u0631\\u0648\\u0631 \\u0648\\u0639\\u0631\\u0642\\u0644\\u062a\\u0647\\u0627 \\u0645\\u062b\\u0644 \\u0627\\u0644\\u062d\\u0631\\u0628 \\u0648\\u0627\\u0644\\u0625\\u0631\\u0647\\u0627\\u0628 \\u0648\\u0627\\u0644\\u0639\\u0648\\u0627\\u0635\\u0641 \\u0648\\u0627\\u0644\\u0641\\u064a\\u0636\\u0627\\u0646\\u0627\\u062a\\u060c \\u0648\\u0627\\u0644\\u0628\\u0631\\u0642 \\u0648\\u0627\\u0644\\u0623\\u0648\\u0628\\u0626\\u0629 \\u0648\\u0627\\u0644\\u0632\\u0644\\u0627\\u0632\\u0644. \\r\\n\\r\\n11. \\u0627\\u0644\\u0645\\u0644\\u0643\\u064a\\u0629 \\u0627\\u0644\\u0641\\u0643\\u0631\\u064a\\u0629\\r\\n\\u0644\\u0646 \\u064a\\u0643\\u062a\\u0633\\u0628 \\u0623\\u064a \\u0645\\u0646 \\u0627\\u0644\\u0637\\u0631\\u0641\\u064a\\u0646 \\u0623\\u064a \\u062d\\u0635\\u0629 \\u0641\\u064a \\u0627\\u0644\\u0645\\u0644\\u0643\\u064a\\u0629 \\u0627\\u0644\\u0641\\u0643\\u0631\\u064a\\u0629 \\u0644\\u0644\\u0637\\u0631\\u0641 \\u0627\\u0644\\u0622\\u062e\\u0631. \\u0643\\u0645\\u0627 \\u064a\\u062d\\u0642 \\u0644\\u0644\\u0634\\u0631\\u0643\\u0629 \\u0627\\u0633\\u062a\\u062e\\u062f\\u0627\\u0645 \\u0634\\u0639\\u0627\\u0631 \\u0627\\u0644\\u0637\\u0631\\u0641 \\u0627\\u0644\\u062b\\u0627\\u0646\\u064a \\u0648\\u0627\\u0633\\u0645\\u0647 \\u0627\\u0644\\u062a\\u062c\\u0627\\u0631\\u064a \\u0648\\u0639\\u0644\\u0627\\u0645\\u062a\\u0647 \\u0627\\u0644\\u062a\\u062c\\u0627\\u0631\\u064a\\u0629 \\u0639\\u0644\\u0649 \\u0627\\u0644\\u062a\\u0637\\u0628\\u064a\\u0642 \\u0644\\u062a\\u062d\\u062f\\u064a\\u062f \\u0648\\u062a\\u0631\\u0648\\u064a\\u062c \\u0648\\u062a\\u0633\\u0648\\u064a\\u0642 \\u0627\\u0644\\u0645\\u062a\\u062c\\u0631 \\u0627\\u0644\\u0627\\u0644\\u0643\\u062a\\u0631\\u0648\\u0646\\u064a \\u0648\\u0641\\u064a\\u0645\\u0627 \\u064a\\u062a\\u0639\\u0644\\u0642 \\u0628\\u0623\\u063a\\u0631\\u0627\\u0636 \\u062a\\u0646\\u0641\\u064a\\u0630 \\u0647\\u0630\\u0647 \\u0627\\u0644\\u0627\\u062a\\u0641\\u0627\\u0642\\u064a\\u0629.\\r\\n\\r\\n12. \\u0627\\u0644\\u0645\\u0639\\u0644\\u0648\\u0645\\u0627\\u062a \\u0627\\u0644\\u0633\\u0631\\u064a\\u0629\\r\\n12.1 \\u064a\\u0642\\u0631 \\u0643\\u0644 \\u0637\\u0631\\u0641 \\u0648\\u064a\\u0648\\u0627\\u0641\\u0642 \\u0639\\u0644\\u0649 \\u0623\\u0646\\u0651 \\u0623\\u064a \\u0645\\u0639\\u0644\\u0648\\u0645\\u0627\\u062a \\u0633\\u0631\\u064a\\u0629 \\u064a\\u062a\\u0644\\u0642\\u0627\\u0647\\u0627 \\u0645\\u0646 \\u0627\\u0644\\u0637\\u0631\\u0641 \\u0627\\u0644\\u0622\\u062e\\u0631\\u060c \\u0648\\u064a\\u062a\\u0645 \\u062a\\u0635\\u0646\\u064a\\u0641\\u0647\\u0627 \\u0639\\u0644\\u0649 \\u0647\\u0630\\u0627 \\u0627\\u0644\\u0646\\u062d\\u0648\\u060c \\u0633\\u062a\\u0643\\u0648\\u0646 \\u0645\\u0646 \\u0627\\u0644\\u0645\\u0645\\u062a\\u0644\\u0643\\u0627\\u062a \\u0627\\u0644\\u0648\\u062d\\u064a\\u062f\\u0629 \\u0648\\u0627\\u0644\\u062d\\u0635\\u0631\\u064a\\u0629 \\u0644\\u0644\\u0637\\u0631\\u0641 \\u0627\\u0644\\u0622\\u062e\\u0631 \\u0648\\u0644\\u0627 \\u064a\\u062c\\u0648\\u0632 \\u0627\\u0633\\u062a\\u062e\\u062f\\u0627\\u0645\\u0647\\u0627 \\u0623\\u0648 \\u0627\\u0644\\u0625\\u0641\\u0635\\u0627\\u062d \\u0639\\u0646\\u0647\\u0627 \\u0625\\u0644\\u0627 \\u0639\\u0646\\u062f \\u0627\\u0644\\u0636\\u0631\\u0648\\u0631\\u0629 \\u0644\\u0644\\u0642\\u064a\\u0627\\u0645 \\u0628\\u0627\\u0644\\u0627\\u0644\\u062a\\u0632\\u0627\\u0645\\u0627\\u062a \\u0627\\u0644\\u0645\\u0637\\u0644\\u0648\\u0628\\u0629 \\u0628\\u0645\\u0648\\u062c\\u0628 \\u0647\\u0630\\u0647 \\u0627\\u0644\\u0627\\u062a\\u0641\\u0627\\u0642\\u064a\\u0629\\r\\n\\r\\n12.2 \\u0639\\u0646\\u062f \\u0625\\u0646\\u0647\\u0627\\u0621 \\u0647\\u0630\\u0647 \\u0627\\u0644\\u0627\\u062a\\u0641\\u0627\\u0642\\u064a\\u0629\\u060c \\u064a\\u064f\\u0639\\u064a\\u062f \\u0643\\u0644 \\u0637\\u0631\\u0641 \\u062c\\u0645\\u064a\\u0639 \\u0627\\u0644\\u0645\\u0639\\u0644\\u0648\\u0645\\u0627\\u062a \\u0648\\u0627\\u0644\\u0645\\u0633\\u062a\\u0646\\u062f\\u0627\\u062a \\u0648\\u0627\\u0644\\u0623\\u062f\\u0644\\u0629 \\u0648\\u063a\\u064a\\u0631\\u0647\\u0645 \\u0645\\u0646 \\u0627\\u0644\\u0645\\u0648\\u0627\\u062f \\u0627\\u0644\\u062a\\u064a \\u062a\\u062e\\u0635 \\u0627\\u0644\\u0637\\u0631\\u0641 \\u0627\\u0644\\u0622\\u062e\\u0631 \\u0639\\u0644\\u0649 \\u0627\\u0644\\u0641\\u0648\\u0631 \\u0645\\u0627 \\u0644\\u0645 \\u062a\\u0646\\u0635 \\u0627\\u0644\\u0627\\u062a\\u0641\\u0627\\u0642\\u064a\\u0629 \\u0639\\u0644\\u0649 \\u062e\\u0644\\u0627\\u0641 \\u0630\\u0644\\u0643.\\r\\n\\r\\n13. \\u0627\\u0644\\u0639\\u0644\\u0627\\u0642\\u0629 \\u0628\\u064a\\u0646 \\u0627\\u0644\\u0637\\u0631\\u0641\\u064a\\u0646\\r\\n\\u064a\\u0644\\u062a\\u0632\\u0645 \\u0627\\u0644\\u0637\\u0631\\u0641\\u0627\\u0646 \\u0628\\u0623\\u062f\\u0627\\u0621 \\u062c\\u0645\\u064a\\u0639 \\u0648\\u0627\\u062c\\u0628\\u0627\\u062a\\u0647\\u0645\\u0627 \\u0628\\u0645\\u0648\\u062c\\u0628 \\u0647\\u0630\\u0647 \\u0627\\u0644\\u0627\\u062a\\u0641\\u0627\\u0642\\u064a\\u0629 \\u0643\\u0645\\u062a\\u0639\\u0627\\u0642\\u062f\\u064a\\u0646 \\u0645\\u0633\\u062a\\u0642\\u0644\\u064a\\u0646. \\u0648\\u0644\\u0627 \\u064a\\u062c\\u0648\\u0632 \\u062a\\u0641\\u0633\\u064a\\u0631 \\u0623\\u064a \\u0634\\u064a\\u0621 \\u0641\\u064a \\u0647\\u0630\\u0647 \\u0627\\u0644\\u0627\\u062a\\u0641\\u0627\\u0642\\u064a\\u0629 \\u0639\\u0644\\u0649 \\u0623\\u0646\\u0647 \\u0645\\u0646\\u062d \\u0623\\u064a\\u064b\\u0627 \\u0645\\u0646 \\u0627\\u0644\\u0637\\u0631\\u0641\\u064a\\u0646 \\u0633\\u0644\\u0637\\u0629 \\u062a\\u0648\\u062c\\u064a\\u0647 \\u0623\\u0648 \\u0627\\u0644\\u062a\\u062d\\u0643\\u0645 \\u0641\\u064a \\u0627\\u0644\\u0623\\u0646\\u0634\\u0637\\u0629 \\u0627\\u0644\\u064a\\u0648\\u0645\\u064a\\u0629 \\u0644\\u0644\\u0637\\u0631\\u0641 \\u0627\\u0644\\u0622\\u062e\\u0631\\u060c \\u0623\\u0648 \\u062a\\u0643\\u0648\\u0646 \\u0627\\u0644\\u0639\\u0644\\u0627\\u0642\\u0629 \\u0628\\u064a\\u0646 \\u0627\\u0644\\u0637\\u0631\\u0641\\u064a\\u0646 \\u0643\\u0627\\u0644\\u0639\\u0644\\u0627\\u0642\\u0629 \\u0627\\u0644\\u062a\\u064a \\u0628\\u064a\\u0646 \\u0627\\u0644\\u0645\\u062f\\u064a\\u0631\\u064a\\u0646 \\u0648\\u0627\\u0644\\u0648\\u0643\\u0644\\u0627\\u0621\\u060c \\u0648\\u0623\\u0635\\u062d\\u0627\\u0628 \\u0639\\u0645\\u0644 \\u0648\\u0645\\u0648\\u0638\\u0641\\u064a\\u0646\\u060c \\u0648\\u0645\\u0627\\u0646\\u062d \\u062d\\u0642 \\u0627\\u0644\\u0627\\u0645\\u062a\\u064a\\u0627\\u0632 \\u0648\\u062d\\u0627\\u0635\\u0644 \\u0639\\u0644\\u0649 \\u062d\\u0642 \\u0627\\u0644\\u0627\\u0645\\u062a\\u064a\\u0627\\u0632\\u060c \\u0648\\u0627\\u0644\\u0634\\u0631\\u0643\\u0627\\u0621\\u060c \\u0648\\u0627\\u0644\\u0634\\u0631\\u0627\\u0643\\u0627\\u062a \\u0645\\u0634\\u062a\\u0631\\u0643\\u0629\\u060c \\u0648\\u0627\\u0644\\u0645\\u0627\\u0644\\u0643\\u064a\\u0646\\u060c \\u0623\\u0648 \\u0628\\u062e\\u0644\\u0627\\u0641 \\u0630\\u0644\\u0643 \\u0643\\u0645\\u0634\\u0627\\u0631\\u0643\\u064a\\u0646 \\u0641\\u064a \\u0645\\u0634\\u0631\\u0648\\u0639 \\u0645\\u0634\\u062a\\u0631\\u0643\\r\\n\\r\\n14. \\u0627\\u0644\\u0639\\u0644\\u0627\\u0642\\u0629 \\u0645\\u0639 \\u0627\\u0644\\u0639\\u0645\\u064a\\u0644\\r\\n\\u062a\\u0639\\u062a\\u0628\\u0631 \\u0627\\u0644\\u0634\\u0631\\u0643\\u0629 \\u0645\\u0646 \\u0627\\u0644\\u063a\\u064a\\u0631 \\u0648\\u0641\\u0642\\u0627\\u064b \\u0644\\u0644\\u0645\\u0641\\u0647\\u0648\\u0645 \\u0627\\u0644\\u0642\\u0627\\u0646\\u0648\\u0646\\u064a \\u0648\\u0630\\u0644\\u0643 \\u0641\\u064a\\u0645\\u0627 \\u064a\\u062a\\u0639\\u0644\\u0642 \\u0628\\u0627\\u0644\\u0639\\u0644\\u0627\\u0642\\u0629 \\u0645\\u0627 \\u0628\\u064a\\u0646 \\u0627\\u0644\\u0637\\u0631\\u0641 \\u0627\\u0644\\u062b\\u0627\\u0646\\u064a \\u0648\\u0627\\u0644\\u0639\\u0645\\u064a\\u0644 \\u0633\\u0648\\u0627 \\u0643\\u0627\\u0646\\u062a \\u0627\\u0644\\u0639\\u0645\\u0644\\u064a\\u0629 \\u0645\\u062a\\u0639\\u0644\\u0642\\u0629 \\u0628\\u0627\\u0644\\u0634\\u0631\\u0627\\u0621\\u060c \\u0633\\u064a\\u0627\\u0633\\u0627\\u062a \\u0627\\u0644\\u0625\\u0635\\u0644\\u0627\\u062d \\u0648\\u0627\\u0644\\u0636\\u0645\\u0627\\u0646 \\u0648\\u0627\\u0644\\u0631\\u062f\\u060c \\u0646\\u0642\\u0644 \\u0627\\u0644\\u0645\\u0646\\u062a\\u062c\\u0627\\u062a\\u060c \\u0633\\u064a\\u0627\\u0633\\u0627\\u062a \\u0627\\u0644\\u062e\\u0635\\u0648\\u0635\\u064a\\u0629\\/\\u0645\\u0634\\u0627\\u0631\\u0643\\u0629 \\u0645\\u0639\\u0644\\u0648\\u0645\\u0627\\u062a \\u0648\\u062a\\u0641\\u0627\\u0635\\u064a\\u0644 \\u0634\\u062e\\u0635\\u064a\\u0629\\u060c \\u0623\\u0648 \\u0623\\u064a \\u0639\\u0645\\u0644\\u064a\\u0629 \\u0645\\u0631\\u062a\\u0628\\u0637\\u0629 \\u0628\\u0627\\u0644\\u0645\\u0646\\u062a\\u062c\\u0627\\u062a \\u0648\\u062e\\u062f\\u0645\\u0627\\u062a \\u0627\\u0644\\u0637\\u0631\\u0641 \\u0627\\u0644\\u062b\\u0627\\u0646\\u064a.\\r\\n\\u0644\\u0627 \\u062a\\u0643\\u0648\\u0646 \\u0627\\u0644\\u0634\\u0631\\u0643\\u0629 \\u0645\\u0633\\u0624\\u0648\\u0644\\u0629 \\u0639\\u0646 \\u0623\\u064a \\u0636\\u0631\\u0631 \\u0623\\u0648 \\u062e\\u0637\\u0623 \\u0645\\u062a\\u0639\\u0644\\u0642 \\u0628\\u0627\\u0644\\u0639\\u0645\\u0644\\u064a\\u0627\\u062a \\u0627\\u0644\\u0645\\u0630\\u0643\\u0648\\u0631\\u0629 \\u0623\\u0639\\u0644\\u0627\\u0647\\u060c \\u0623\\u0648 \\u0628\\u0627\\u0644\\u0645\\u0646\\u062a\\u062c\\u0627\\u062a\\u060c \\u0623\\u0648 \\u0627\\u0644\\u062e\\u062f\\u0645\\u0627\\u062a \\u0627\\u0644\\u0645\\u0639\\u064a\\u0628\\u0629\\u060c \\u0623\\u0648 \\u063a\\u064a\\u0631 \\u0627\\u0644\\u0645\\u0637\\u0627\\u0628\\u0642\\u0629 \\u0644\\u0644\\u0648\\u0635\\u0641 \\u0648\\u0627\\u0644\\u0645\\u0639\\u0627\\u064a\\u064a\\u0631.\\r\\n15.\\u0623\\u062d\\u0643\\u0627\\u0645 \\u0645\\u062a\\u0646\\u0648\\u0639\\u0629\\r\\n\\u0627\\u0644\\u062a\\u0646\\u0627\\u0632\\u0644: \\u0644\\u0627 \\u064a\\u0639\\u062f \\u0627\\u0644\\u062a\\u0646\\u0627\\u0632\\u0644 \\u0639\\u0646 \\u0623\\u064a \\u0634\\u0631\\u0637 \\u0623\\u0648 \\u062d\\u0643\\u0645 \\u0648\\u0627\\u062d\\u062f \\u0623\\u0648 \\u0623\\u0643\\u062b\\u0631 \\u0641\\u064a \\u0647\\u0630\\u0627 \\u0627\\u0644\\u0627\\u062a\\u0641\\u0627\\u0642\\u064a\\u0629 \\u0628\\u0645\\u062b\\u0627\\u0628\\u0629 \\u062a\\u0646\\u0627\\u0632\\u0644 \\u0639\\u0646 \\u0623\\u064a \\u0645\\u0646 \\u0627\\u0644\\u0634\\u0631\\u0648\\u0637 \\u0648\\u0627\\u0644\\u0623\\u062d\\u0643\\u0627\\u0645 \\u0627\\u0644\\u0623\\u062e\\u0631\\u0649 \\u0641\\u064a \\u0647\\u0630\\u0647 \\u0627\\u0644\\u0627\\u062a\\u0641\\u0627\\u0642\\u064a\\u0629\\u060c \\u0628\\u0627\\u0633\\u062a\\u062b\\u0646\\u0627\\u0621 \\u0647\\u0630\\u0627 \\u0627\\u0644\\u062a\\u0646\\u0627\\u0632\\u0644 \\u062a\\u062d\\u062f\\u064a\\u062f\\u064b\\u0627\\u060c \\u0644\\u0627 \\u064a\\u0639\\u062a\\u0628\\u0631 \\u0623\\u064a \\u062a\\u0646\\u0627\\u0632\\u0644 \\u0628\\u0623\\u064a \\u062d\\u0627\\u0644 \\u0645\\u0646 \\u0627\\u0644\\u0623\\u062d\\u0648\\u0627\\u0644 \\u0628\\u0645\\u062b\\u0627\\u0628\\u0629 \\u062a\\u0646\\u0627\\u0632\\u0644 \\u0645\\u0633\\u062a\\u0645\\u0631. \\r\\n\\r\\n\\u0627\\u0644\\u0625\\u062e\\u0637\\u0627\\u0631\\u0627\\u062a: \\u0642\\u062f \\u064a\\u062a\\u0645 \\u0625\\u062e\\u0637\\u0627\\u0631 \\u0623\\u064a \\u0645\\u0646 \\u0627\\u0644\\u0637\\u0631\\u0641\\u064a\\u0646 \\u0645\\u0646 \\u0627\\u0644\\u0637\\u0631\\u0641 \\u0627\\u0644\\u0622\\u062e\\u0631 \\u0625\\u0645\\u0627 \\u0639\\u0646 \\u0637\\u0631\\u064a\\u0642 \\u0627\\u0644\\u062a\\u0633\\u0644\\u064a\\u0645 \\u0627\\u0644\\u0634\\u062e\\u0635\\u064a \\u0643\\u062a\\u0627\\u0628\\u064a\\u064b\\u0627\\u060c \\u0623\\u0648 \\u0628\\u0627\\u0644\\u0628\\u0631\\u064a\\u062f \\u0627\\u0644\\u0645\\u0639\\u062a\\u0645\\u062f\\u060c \\u0623\\u0648 \\u0628\\u0627\\u0644\\u0628\\u0631\\u064a\\u062f \\u0627\\u0644\\u0625\\u0644\\u0643\\u062a\\u0631\\u0648\\u0646\\u064a \\u0623\\u0648 \\u0627\\u0644\\u0641\\u0627\\u0643\\u0633. \\u064a\\u062c\\u0628 \\u062a\\u0648\\u062c\\u064a\\u0647 \\u0627\\u0644\\u0625\\u062e\\u0637\\u0627\\u0631\\u0627\\u062a \\u0628\\u0627\\u0644\\u0628\\u0631\\u064a\\u062f \\u0625\\u0644\\u0649 \\u0627\\u0644\\u0637\\u0631\\u0641\\u064a\\u0646 \\u0627\\u0644\\u0645\\u0648\\u0636\\u062d \\u0639\\u0646\\u0627\\u0648\\u064a\\u0646\\u0647\\u0645\\u0627 \\u0623\\u0639\\u0644\\u0627\\u0647.\\r\\n\\r\\n\\u0627\\u0644\\u0628\\u0637\\u0644\\u0627\\u0646 \\u0627\\u0644\\u062c\\u0632\\u0626\\u064a: \\u0625\\u0630\\u0627 \\u062a\\u0628\\u064a\\u0646 \\u0623\\u0646\\u0651 \\u0623\\u064a \\u062d\\u0643\\u0645 \\u0645\\u0646 \\u0623\\u062d\\u0643\\u0627\\u0645 \\u0647\\u0630\\u0647 \\u0627\\u0644\\u0627\\u062a\\u0641\\u0627\\u0642\\u064a\\u0629 \\u063a\\u064a\\u0631 \\u0635\\u0627\\u0644\\u062d \\u0623\\u0648 \\u063a\\u064a\\u0631 \\u0642\\u0627\\u0628\\u0644 \\u0644\\u0644\\u062a\\u0646\\u0641\\u064a\\u0630 \\u0628\\u0645\\u0648\\u062c\\u0628 \\u0645\\u0631\\u0633\\u0648\\u0645 \\u0623\\u0648 \\u0642\\u0631\\u0627\\u0631 \\u0642\\u0636\\u0627\\u0626\\u064a \\u0646\\u0647\\u0627\\u0626\\u064a\\u060c \\u0641\\u0633\\u064a\\u0638\\u0644 \\u0645\\u0627 \\u062a\\u0628\\u0642\\u0649 \\u0645\\u0646 \\u0647\\u0630\\u0647 \\u0627\\u0644\\u0627\\u062a\\u0641\\u0627\\u0642\\u064a\\u0629 \\u0633\\u0627\\u0631\\u064a\\u064b\\u0627 \\u0648\\u0642\\u0627\\u0628\\u0644 \\u0644\\u0644\\u062a\\u0646\\u0641\\u064a\\u0630 \\u0648\\u0641\\u0642\\u064b\\u0627 \\u0644\\u0647\\u0630\\u0647 \\u0627\\u0644\\u0634\\u0631\\u0648\\u0637\\r\\n\\r\\n\\u0627\\u0644\\u062a\\u0639\\u062f\\u064a\\u0644\\u0627\\u062a: \\u0644\\u0646 \\u064a\\u0643\\u0648\\u0646 \\u0623\\u064a \\u062a\\u0639\\u062f\\u064a\\u0644 \\u0623\\u0648 \\u062a\\u063a\\u064a\\u064a\\u0631 \\u0644\\u0647\\u0630\\u0647 \\u0627\\u0644\\u0627\\u062a\\u0641\\u0627\\u0642\\u064a\\u0629 \\u0633\\u0627\\u0631\\u064a \\u0627\\u0644\\u0645\\u0641\\u0639\\u0648\\u0644 \\u0645\\u0627 \\u0644\\u0645 \\u064a\\u0643\\u0646 \\u062e\\u0637\\u064a\\u064b\\u0627 \\u0648\\u064a\\u062a\\u0645 \\u062a\\u0646\\u0641\\u064a\\u0630\\u0647 \\u0645\\u0646 \\u0645\\u0645\\u062b\\u0644 \\u0645\\u0641\\u0648\\u0636 \\u062d\\u0633\\u0628 \\u0627\\u0644\\u0623\\u0635\\u0648\\u0644 \\u0644\\u0643\\u0644 \\u0637\\u0631\\u0641\\r\\n\\r\\n16.\\u0627\\u0644\\u0642\\u0627\\u0646\\u0648\\u0646 \\u0627\\u0644\\u062d\\u0627\\u0643\\u0645 \\u0648\\u062a\\u0633\\u0648\\u064a\\u0629 \\u0627\\u0644\\u0645\\u0646\\u0627\\u0632\\u0639\\u0627\\u062a\\r\\n\\u062a\\u062e\\u0636\\u0639 \\u0647\\u0630\\u0647 \\u0627\\u0644\\u0627\\u062a\\u0641\\u0627\\u0642\\u064a\\u0629\\u060c \\u0648\\u0623\\u064a \\u0646\\u0632\\u0627\\u0639 \\u064a\\u0646\\u0634\\u0623 \\u0628\\u0645\\u0648\\u062c\\u0628\\u0647\\u0627 \\u0646\\u062a\\u064a\\u062c\\u0629 \\u0644\\u062a\\u0641\\u0633\\u064a\\u0631 \\u0623\\u0648 \\u0623\\u062f\\u0627\\u0621 \\u0623\\u0648 \\u062a\\u0646\\u0641\\u064a\\u0630 \\u0623\\u064a \\u062c\\u0632\\u0621 \\u0645\\u0646 \\u0647\\u0630\\u0647 \\u0627\\u0644\\u0627\\u062a\\u0641\\u0627\\u0642\\u064a\\u0629 \\u0644\\u0642\\u0648\\u0627\\u0646\\u064a\\u0646 \\u062f\\u0648\\u0644\\u0629 \\u0642\\u0637\\u0631 \\u0648\\u064a\\u062a\\u0645 \\u062a\\u062d\\u062f\\u064a\\u062f\\u0647\\u0627 \\u0648\\u0641\\u0642\\u064b\\u0627 \\u0644\\u0630\\u0644\\u0643\\u060c \\u062f\\u0648\\u0646 \\u0625\\u0639\\u0637\\u0627\\u0621 \\u062a\\u0623\\u062b\\u064a\\u0631 \\u0644\\u0645\\u0628\\u0627\\u062f\\u0626 \\u0627\\u0644\\u0642\\u0648\\u0627\\u0646\\u064a\\u0646. \\u064a\\u062e\\u0636\\u0639 \\u0627\\u0644\\u0637\\u0631\\u0641\\u0627\\u0646 \\u0628\\u0634\\u0643\\u0644 \\u0646\\u0647\\u0627\\u0626\\u064a \\u0644\\u0627 \\u0631\\u062c\\u0648\\u0639 \\u0641\\u064a\\u0647 \\u0644\\u0644\\u0627\\u062e\\u062a\\u0635\\u0627\\u0635 \\u0627\\u0644\\u0642\\u0636\\u0627\\u0626\\u064a \\u0644\\u0645\\u062d\\u0627\\u0643\\u0645 \\u062f\\u0648\\u0644\\u0629 \\u0642\\u0637\\u0631. \\r\\n\\r\\n17. \\u0627\\u0644\\u0634\\u0631\\u0648\\u0637 \\u0627\\u0644\\u0639\\u0627\\u0645\\u0629\\r\\n\\r\\n17.1 \\u0627\\u0644\\u0627\\u062a\\u0635\\u0627\\u0644\\u0627\\u062a \\u0627\\u0644\\u0625\\u0644\\u0643\\u062a\\u0631\\u0648\\u0646\\u064a\\u0629: \\u0639\\u0646\\u062f \\u0625\\u0631\\u0633\\u0627\\u0644 \\u0631\\u0633\\u0627\\u0626\\u0644 \\u0627\\u0644\\u0628\\u0631\\u064a\\u062f \\u0625\\u0644\\u0643\\u062a\\u0631\\u0648\\u0646\\u064a\\u060c \\u064a\\u062a\\u0648\\u0627\\u0635\\u0644 \\u0627\\u0644\\u0637\\u0631\\u0641\\u0627\\u0646 \\u0627\\u0644\\u0645\\u0639\\u0646\\u064a\\u0627\\u0646 \\u0625\\u0644\\u0643\\u062a\\u0631\\u0648\\u0646\\u064a\\u064b\\u0627\\u060c \\u0648\\u064a\\u0648\\u0627\\u0641\\u0642 \\u0627\\u0644\\u0637\\u0631\\u0641\\u0627\\u0646 \\u0639\\u0644\\u0649 \\u062a\\u0644\\u0642\\u064a \\u0627\\u0644\\u0627\\u062a\\u0635\\u0627\\u0644\\u0627\\u062a \\u0625\\u0644\\u0643\\u062a\\u0631\\u0648\\u0646\\u064a\\u064b\\u0627. \\u0633\\u064a\\u062a\\u0648\\u0627\\u0635\\u0644 \\u0643\\u0644 \\u0637\\u0631\\u0641 \\u0645\\u0646 \\u062e\\u0644\\u0627\\u0644 \\u0627\\u0644\\u0628\\u0631\\u064a\\u062f \\u0627\\u0644\\u0625\\u0644\\u0643\\u062a\\u0631\\u0648\\u0646\\u064a \\u0623\\u0648 \\u0646\\u0634\\u0631 \\u0627\\u0644\\u0625\\u062e\\u0637\\u0627\\u0631\\u0627\\u062a \\u0639\\u0644\\u0649 \\u0627\\u0644\\u0645\\u0648\\u0642\\u0639 \\u0623\\u0648 \\u0627\\u0644\\u0628\\u0631\\u064a\\u062f \\u0627\\u0644\\u0625\\u0644\\u0643\\u062a\\u0631\\u0648\\u0646\\u064a \\u0627\\u0644\\u0645\\u062d\\u062f\\u062f. \\u064a\\u062a\\u0641\\u0642 \\u0627\\u0644\\u0637\\u0631\\u0641\\u0627\\u0646 \\u0639\\u0644\\u0649 \\u0623\\u0646\\u0651 \\u062c\\u0645\\u064a\\u0639 \\u0627\\u0644\\u0627\\u062a\\u0641\\u0627\\u0642\\u064a\\u0627\\u062a \\u0648\\u0627\\u0644\\u0625\\u0634\\u0639\\u0627\\u0631\\u0627\\u062a \\u0648\\u0627\\u0644\\u0625\\u0641\\u0635\\u0627\\u062d\\u0627\\u062a \\u0648\\u063a\\u064a\\u0631\\u0647\\u0645 \\u0645\\u0646 \\u0648\\u0633\\u0627\\u0626\\u0644 \\u0627\\u0644\\u062a\\u0648\\u0627\\u0635\\u0644 \\u0627\\u0644\\u0645\\u062a\\u0627\\u062d\\u0629 \\u0625\\u0644\\u0643\\u062a\\u0631\\u0648\\u0646\\u064a\\u064b\\u0627 \\u062a\\u0641\\u064a \\u0628\\u0623\\u064a \\u0634\\u0631\\u0637 \\u0642\\u0627\\u0646\\u0648\\u0646\\u064a \\u064a\\u064f\\u0644\\u0632\\u0645 \\u0628\\u0623\\u0646 \\u064a\\u0643\\u0648\\u0646 \\u0647\\u0630\\u0627 \\u0627\\u0644\\u062a\\u0648\\u0627\\u0635\\u0644 \\u0645\\u0643\\u062a\\u0648\\u0628\\u064b\\u0627\\r\\n\\r\\n17.2 \\u0636\\u0645\\u0627\\u0646\\u0627\\u062a \\u0648\\u0627\\u0644\\u062a\\u0632\\u0627\\u0645\\u0627\\u062a\\r\\n\\u064a\\u0642\\u0631 \\u0648\\u064a\\u0636\\u0645\\u0646 \\u0627\\u0644\\u0637\\u0631\\u0641 \\u0627\\u0644\\u062b\\u0627\\u0646\\u064a \\u0628\\u0623\\u0646 \\u0627\\u0644\\u0645\\u0646\\u062a\\u062c\\u0627\\u062a \\u0648\\u0627\\u0644\\u062e\\u062f\\u0645\\u0627\\u062a \\u0627\\u0644\\u0645\\u0642\\u062f\\u0645\\u0629 \\u0645\\u0646 \\u0642\\u0628\\u0644\\u0647 \\u0644\\u0627 \\u062a\\u0646\\u062a\\u0647\\u0643 \\u0623\\u0648 \\u062a\\u0646\\u0633\\u062e \\u0623\\u0648 \\u062a\\u0646\\u062a\\u062d\\u0644 \\u0623\\u0648 \\u062a\\u0633\\u062a\\u062e\\u062f\\u0645 \\u0628\\u0623\\u064a \\u0637\\u0631\\u064a\\u0642\\u0629 \\u0623\\u062e\\u0631\\u0649 \\u0627\\u0644\\u062a\\u0635\\u0645\\u064a\\u0645\\u0627\\u062a \\u0648 \\/ \\u0623\\u0648 \\u0627\\u0644\\u0639\\u0644\\u0627\\u0645\\u0627\\u062a \\u0627\\u0644\\u062a\\u062c\\u0627\\u0631\\u064a\\u0629 \\u0648 \\/ \\u0623\\u0648 \\u0623\\u0641\\u0643\\u0627\\u0631 \\u0623\\u064a \\u0623\\u0637\\u0631\\u0627\\u0641 \\u0623\\u0648 \\u0643\\u064a\\u0627\\u0646\\u0627\\u062a \\u0623\\u062e\\u0631\\u0649\\u060c \\u0628\\u063a\\u0636 \\u0627\\u0644\\u0646\\u0638\\u0631 \\u0639\\u0646 \\u0627\\u0644\\u0634\\u0643\\u0644 \\u0623\\u0648 \\u0627\\u0644\\u0648\\u0633\\u0627\\u0626\\u0637 \\u0627\\u0644\\u062a\\u064a \\u0642\\u062f \\u062a\\u0638\\u0647\\u0631 \\u0628\\u0647\\u0627 \\u062a\\u0635\\u0645\\u064a\\u0645\\u0627\\u062a \\u0648 \\/ \\u0623\\u0648 \\u0623\\u0639\\u0645\\u0627\\u0644 \\u0627\\u0644\\u0637\\u0631\\u0641 \\u0627\\u0644\\u062b\\u0627\\u0644\\u062b \\u0627\\u0644\\u0645\\u0630\\u0643\\u0648\\u0631\\u0629\\u060c \\u0623\\u064a\\u0646\\u0645\\u0627 \\u0648\\u062c\\u062f\\u062a\\u060c \\u0633\\u0648\\u0627\\u0621 \\u0643\\u0627\\u0646\\u062a \\u0645\\u062d\\u0645\\u064a\\u0629 \\u0628\\u0645\\u0648\\u062c\\u0628 \\u0627\\u0644\\u0642\\u0627\\u0646\\u0648\\u0646 \\u0623\\u0648 \\u0628\\u0645\\u0648\\u062c\\u0628 \\u062d\\u0642\\u0648\\u0642 \\u0627\\u0644\\u0646\\u0634\\u0631 \\u0627\\u0644\\u0642\\u0627\\u0646\\u0648\\u0646\\u064a\\u0629. \\u0628\\u062d\\u064a\\u062b \\u064a\\u0639\\u062a\\u0628\\u0631 \\u0627\\u0644\\u0645\\u0645\\u062b\\u0644 \\u0627\\u0648 \\u0627\\u0644\\u0648\\u0643\\u064a\\u0644 \\u0627\\u0644\\u0642\\u0627\\u0646\\u0648\\u0646\\u064a \\u0639\\u0646\\u0647\\u0627.\\r\\n\\r\\n\\u064a\\u0645\\u062b\\u0644 \\u0648\\u064a\\u0636\\u0645\\u0646 \\u0623\\u0646\\u0647 \\u064a\\u062d\\u0645\\u0644 \\u0631\\u0642\\u0645 \\u0633\\u062c\\u0644 \\u062a\\u062c\\u0627\\u0631\\u064a \\u0633\\u0627\\u0631\\u064a \\u0627\\u0644\\u0645\\u0641\\u0639\\u0648\\u0644 \\u0648\\u0627\\u0644\\u0645\\u0633\\u062a\\u0646\\u062f\\u0627\\u062a \\u0648\\u0627\\u0644\\u062a\\u0635\\u0627\\u0631\\u064a\\u062d \\u0627\\u0644\\u0644\\u0627\\u0632\\u0645\\u0629 \\u0641\\u064a\\u0645\\u0627 \\u064a\\u062a\\u0639\\u0644\\u0642 \\u0628\\u0647\\u0630\\u0647 \\u0627\\u0644\\u0627\\u062a\\u0641\\u0627\\u0642\\u064a\\u0629.\\r\\n\\r\\n\\r\\n\\u0643\\u0645\\u0627 \\u064a\\u0644\\u062a\\u0632\\u0645 \\u0627\\u0644\\u0637\\u0631\\u0641 \\u0627\\u0644\\u062b\\u0627\\u0646\\u064a \\u0628\\u0627\\u0644\\u062a\\u0642\\u064a\\u064a\\u062f \\u0627\\u0644\\u062a\\u0627\\u0645 \\u0628\\u0627\\u0644\\u0642\\u0648\\u0627\\u0646\\u064a\\u0646 \\u0627\\u0644\\u0645\\u0631\\u0639\\u064a\\u0629 \\u0627\\u0644\\u0627\\u062c\\u0631\\u0627\\u0621 \\u0648\\u062a\\u0639\\u0627\\u0645\\u064a\\u0645 \\u0648\\u0632\\u0627\\u0631\\u0629 \\u0627\\u0644\\u062a\\u062c\\u0627\\u0631\\u0629 \\u0648\\u0627\\u0644\\u0635\\u0646\\u0627\\u0639\\u0629 \\u0648\\u0623\\u062d\\u0643\\u0627\\u0645 \\u0627\\u0644\\u062a\\u0634\\u0631\\u064a\\u0639\\u0627\\u062a \\u0627\\u0644\\u0645\\u0646\\u0638\\u0645\\u0629 \\u0644\\u062d\\u0645\\u0627\\u064a\\u0629 \\u062d\\u0642\\u0648\\u0642 \\u0627\\u0644\\u0645\\u0633\\u062a\\u0647\\u0644\\u0643\\u060c \\u062e\\u0627\\u0635\\u0629 \\u062a\\u0644\\u0643 \\u0627\\u0644\\u0645\\u062a\\u0639\\u0644\\u0642\\u0629 \\u0628\\u0633\\u064a\\u0627\\u0633\\u0629 \\u0627\\u0644\\u062a\\u0646\\u0632\\u064a\\u0644\\u0627\\u062a \\u0648\\u0627\\u0644\\u062a\\u062e\\u0641\\u064a\\u0636\\u0627\\u062a \\u0648\\u0627\\u0644\\u0639\\u0631\\u0648\\u0636 \\u0627\\u0644\\u062e\\u0627\\u0635\\u0629 \\u0628\\u0623\\u064a \\u0644\\u063a\\u0629 \\u0643\\u0627\\u0646\\u062a.\\r\\n\\r\\n\\r\\n\\u0643\\u0645\\u0627 \\u064a\\u0644\\u062a\\u0632\\u0645 \\u0627\\u0644\\u0637\\u0631\\u0641 \\u0627\\u0644\\u062b\\u0627\\u0646\\u064a \\u0639\\u0646\\u062f \\u0639\\u0631\\u0636 \\u0627\\u0644\\u0645\\u0646\\u062a\\u062c\\u0627\\u062a \\u0645\\u0646 \\u0645\\u0644\\u0627\\u0628\\u0633 \\u0648\\u0639\\u0627\\u0631\\u0636\\u0627\\u062a \\u0639\\u062f\\u0645 \\u0627\\u0644\\u0627\\u062e\\u0644\\u0627\\u0644 \\u0628\\u0627\\u0644\\u0622\\u062f\\u0627\\u0628 \\u0627\\u0644\\u0639\\u0627\\u0645\\u0629 \\u0648\\u0630\\u0644\\u0643 \\u0628\\u0639\\u062f\\u0645 \\u0639\\u0631\\u0636\\u0647\\u0627 \\u0628\\u0635\\u0648\\u0631\\u0629 \\u0641\\u0627\\u0636\\u062d\\u0629 \\u0623\\u0648 \\u0645\\u0628\\u062a\\u0630\\u0644\\u0629 \\u0623\\u0648 \\u0625\\u0628\\u0627\\u062d\\u064a\\u0629 \\u0623\\u0648 \\u062c\\u0646\\u0633\\u064a\\u0629 \\u0635\\u0631\\u064a\\u062d\\u0629 \\u0623\\u0648 \\u063a\\u064a\\u0631 \\u0644\\u0627\\u0626\\u0642\\u0629.\\r\\n\\r\\n17.3 \\u0625\\u062e\\u0644\\u0627\\u0621 \\u0627\\u0644\\u0645\\u0633\\u0624\\u0648\\u0644\\u064a\\u0629 \\u0639\\u0646 \\u0627\\u0644\\u0636\\u0645\\u0627\\u0646\\u0627\\u062a \\u0648\\u062d\\u062f\\u0648\\u062f \\u0627\\u0644\\u0645\\u0633\\u0624\\u0648\\u0644\\u064a\\u0629: \\u062a\\u064f\\u0648\\u0641\\u0631 \\u0627\\u0644\\u0634\\u0631\\u0643\\u0629 \\u0627\\u0644\\u062a\\u0637\\u0628\\u064a\\u0642 \\u0627\\u0644\\u0645\\u062a\\u062e\\u0635\\u0635 \\u0639\\u0644\\u0649 \\u0623\\u0633\\u0627\\u0633 \\\"\\u062d\\u0627\\u0644\\u062a\\u0647 \\u0627\\u0644\\u0631\\u0627\\u0647\\u0646\\u0629\\\" \\u0648 \\\"\\u0627\\u0644\\u0645\\u062a\\u0627\\u062d\\\"\\u060c \\u0648\\u0644\\u0627 \\u062a\\u064f\\u0642\\u062f\\u0645 \\u0623\\u064a \\u062a\\u0639\\u0647\\u062f\\u0627\\u062a \\u0623\\u0648 \\u0636\\u0645\\u0627\\u0646\\u0627\\u062a \\u0645\\u0646 \\u0623\\u064a \\u0646\\u0648\\u0639\\u060c \\u0635\\u0631\\u064a\\u062d\\u0629 \\u0643\\u0627\\u0646\\u062a \\u0623\\u0648 \\u0636\\u0645\\u0646\\u064a\\u0629\\u060c \\u0641\\u064a\\u0645\\u0627 \\u064a\\u062a\\u0639\\u0644\\u0642 \\u0628\\u062a\\u0634\\u063a\\u064a\\u0644 \\u0647\\u0630\\u0627 \\u0627\\u0644\\u062a\\u0637\\u0628\\u064a\\u0642\\u060c \\u0623\\u0648 \\u0627\\u0644\\u0645\\u0639\\u0644\\u0648\\u0645\\u0627\\u062a \\u0623\\u0648 \\u0627\\u0644\\u0645\\u062d\\u062a\\u0648\\u0649 \\u0623\\u0648 \\u0627\\u0644\\u0645\\u0648\\u0627\\u062f \\u0623\\u0648 \\u0627\\u0644\\u0645\\u0646\\u062a\\u062c\\u0627\\u062a \\u0627\\u0644\\u0645\\u062f\\u0631\\u062c\\u0629 \\u0641\\u064a \\u0647\\u0630\\u0627 \\u0627\\u0644\\u062a\\u0637\\u0628\\u064a\\u0642. \\r\\n\\r\\n17.4  \\u0627\\u0644\\u0623\\u0647\\u0644\\u064a\\u0629: \\u062a\\u064f\\u062a\\u0627\\u062d \\u0641\\u0642\\u0637 \\u062e\\u062f\\u0645\\u0627\\u062a \\u0627\\u0644\\u0634\\u0631\\u0643\\u0629 \\u0644\\u0644\\u0623\\u0634\\u062e\\u0627\\u0635 \\u0627\\u0644\\u0630\\u064a\\u0646 \\u064a\\u0645\\u0643\\u0646\\u0647\\u0645 \\u0625\\u0628\\u0631\\u0627\\u0645 \\u0639\\u0642\\u0648\\u062f \\u0645\\u064f\\u0644\\u0632\\u0645\\u0629 \\u0642\\u0627\\u0646\\u0648\\u0646\\u064b\\u0627 \\u0628\\u0645\\u0648\\u062c\\u0628 \\u0627\\u0644\\u0642\\u0627\\u0646\\u0648\\u0646 \\u0627\\u0644\\u0645\\u0639\\u0645\\u0648\\u0644 \\u0628\\u0647\\u060c \\u062f\\u0648\\u0646 \\u062a\\u0642\\u064a\\u064a\\u062f \\u0645\\u0627 \\u0633\\u0628\\u0642\\u060c \\u0641\\u0625\\u0646 \\u062e\\u062f\\u0645\\u062a\\u0646\\u0627 \\u063a\\u064a\\u0631 \\u0645\\u062a\\u0627\\u062d\\u0629 \\u0644\\u0644\\u0623\\u0634\\u062e\\u0627\\u0635 \\u0627\\u0644\\u0630\\u064a\\u0646 \\u062a\\u0645 \\u062a\\u0639\\u0644\\u064a\\u0642\\u0647\\u0645 \\u0645\\u0646 \\u062e\\u062f\\u0645\\u062a\\u0646\\u0627\\u060c \\u0623\\u0648 \\u0644\\u0644\\u0623\\u0634\\u062e\\u0627\\u0635 \\u0627\\u0644\\u0630\\u064a\\u0646 \\u064a\\u0645\\u062b\\u0644\\u0648\\u0646 \\u0645\\u0633\\u062a\\u0648\\u0649 \\u063a\\u064a\\u0631 \\u0645\\u0642\\u0628\\u0648\\u0644 \\u0645\\u0646 \\u0645\\u062e\\u0627\\u0637\\u0631 \\u0627\\u0644\\u0627\\u0626\\u062a\\u0645\\u0627\\u0646.\\r\\n\\r\\n17.5  \\u0627\\u0644\\u0623\\u062e\\u0637\\u0627\\u0621 \\u0627\\u0644\\u0645\\u0637\\u0628\\u0639\\u064a\\u0629: \\u0641\\u064a \\u062d\\u0627\\u0644\\u0629 \\u0625\\u062f\\u0631\\u0627\\u062c \\u0645\\u0646\\u062a\\u062c \\u0628\\u0633\\u0639\\u0631 \\u063a\\u064a\\u0631 \\u0635\\u062d\\u064a\\u062d \\u0623\\u0648 \\u0628\\u0645\\u0639\\u0644\\u0648\\u0645\\u0627\\u062a \\u063a\\u064a\\u0631 \\u0635\\u062d\\u064a\\u062d\\u0629 \\u0628\\u0633\\u0628\\u0628 \\u062e\\u0637\\u0623 \\u0645\\u0637\\u0628\\u0639\\u064a \\u0623\\u0648 \\u062e\\u0637\\u0623 \\u0641\\u064a \\u0627\\u0644\\u062a\\u0633\\u0639\\u064a\\u0631 \\u0623\\u0648 \\u0645\\u0639\\u0644\\u0648\\u0645\\u0627\\u062a \\u0627\\u0644\\u0645\\u0646\\u062a\\u062c \\u0627\\u0644\\u0645\\u062d\\u062f\\u062f\\u0629 \\u0623\\u0648 \\u0627\\u0644\\u0645\\u0639\\u064a\\u0646\\u0629 \\u0645\\u0646 \\u0642\\u0628\\u0644 \\u0627\\u0644\\u0637\\u0631\\u0641 \\u0627\\u0644\\u062b\\u0627\\u0646\\u064a\\u060c \\u0641\\u0625\\u0646 \\u0627\\u0644\\u0634\\u0631\\u0643\\u0629 \\u0644\\u0646 \\u062a\\u062a\\u062d\\u0645\\u0644 \\u0623\\u064a \\u0645\\u0633\\u0624\\u0648\\u0644\\u064a\\u0629 \\u0639\\u0646 \\u0630\\u0644\\u0643. \\u0648\\u062a\\u0643\\u0648\\u0646 \\u063a\\u064a\\u0631 \\u0645\\u0633\\u0624\\u0648\\u0644\\u0629 \\u0639\\u0646 \\u0627\\u0644\\u0623\\u062e\\u0637\\u0627\\u0621 \\u0627\\u0644\\u0645\\u0637\\u0628\\u0639\\u064a\\u0629 \\u0623\\u0648 \\u0628\\u064a\\u0627\\u0646\\u0627\\u062a \\u0627\\u0644\\u0645\\u0646\\u062a\\u062c \\u063a\\u064a\\u0631 \\u0627\\u0644\\u0635\\u062d\\u064a\\u062d\\u0629 \\u0627\\u0644\\u0645\\u0642\\u062f\\u0645\\u0629 \\u0645\\u0646 \\u0627\\u0644\\u0637\\u0631\\u0641 \\u0627\\u0644\\u062b\\u0627\\u0646\\u064a \\u0623\\u0648 \\u0645\\u0648\\u0638\\u0641\\u064a\\u0647. \\u062a\\u062a\\u0645\\u062b\\u0644 \\u0627\\u0644\\u0645\\u0647\\u0645\\u0629 \\u0627\\u0644\\u062a\\u064a \\u062a\\u0636\\u0637\\u0644\\u0639 \\u0628\\u0647\\u0627 \\u0627\\u0644\\u0634\\u0631\\u0643\\u0629 \\u0641\\u064a \\u0627\\u0644\\u0625\\u0628\\u0644\\u0627\\u063a \\u0628\\u0635\\u0648\\u0631\\u0629 \\u062f\\u0642\\u064a\\u0642\\u0629 \\u0639\\u0646 \\u0627\\u0644\\u0628\\u064a\\u0627\\u0646\\u0627\\u062a \\u0627\\u0644\\u0645\\u0642\\u062f\\u0645\\u0629 \\u0645\\u0646 \\u0627\\u0644\\u0637\\u0631\\u0641 \\u0627\\u0644\\u062b\\u0627\\u0646\\u064a \\u062f\\u0648\\u0646 \\u0625\\u062c\\u0631\\u0627\\u0621 \\u0623\\u064a \\u062a\\u063a\\u064a\\u064a\\u0631\\u0627\\u062a \\u0639\\u0644\\u0649 \\u0645\\u062d\\u062a\\u0648\\u0627\\u0647\\u0627. \\r\\n\\r\\n17.6\\t\\u062a\\u0642\\u064a\\u064a\\u062f \\u0627\\u0644\\u0645\\u062d\\u062a\\u0648\\u0649: \\u064a\\u064f\\u0634\\u064a\\u0631 \\u0625\\u0644\\u0649 \\u0635\\u0648\\u0631 \\u0627\\u0644\\u0645\\u0646\\u062a\\u062c \\u0648\\u0623\\u0648\\u0635\\u0627\\u0641\\u0647 \\u0648\\u0623\\u0633\\u0639\\u0627\\u0631\\u0647 \\u0648\\u062c\\u0645\\u064a\\u0639 \\u0627\\u0644\\u0628\\u064a\\u0627\\u0646\\u0627\\u062a \\u0630\\u0627\\u062a \\u0627\\u0644\\u0635\\u0644\\u0629 \\u0627\\u0644\\u062a\\u064a \\u064a\\u0648\\u0641\\u0631\\u0647\\u0627 \\u062a\\u0637\\u0628\\u064a\\u0642 \\u0644\\u0644\\u0637\\u0631\\u0641 \\u0627\\u0644\\u062b\\u0627\\u0646\\u064a \\u0644\\u064a\\u0642\\u0648\\u0645 \\u0628\\u0631\\u0641\\u0639\\u0647\\u0627 \\u0648\\u062a\\u0639\\u0628\\u0626\\u062a\\u0647\\u0627 \\u0636\\u0645\\u0646 \\u0627\\u0644\\u0645\\u062a\\u062c\\u0631 \\u0627\\u0644\\u0627\\u0644\\u0643\\u062a\\u0631\\u0648\\u0646\\u064a \\u0627\\u0644\\u0639\\u0627\\u0626\\u062f \\u0644\\u0647.\\r\\n\\u064a\\u062c\\u0628 \\u0639\\u0644\\u0649 \\u0627\\u0644\\u0637\\u0631\\u0641 \\u0627\\u0644\\u062b\\u0627\\u0646\\u064a \\u0627\\u0644\\u0627\\u0645\\u062a\\u0646\\u0627\\u0639 \\u0639\\u0646: \\r\\n- \\u0627\\u0633\\u062a\\u062e\\u062f\\u0627\\u0645 \\u0627\\u0644\\u062a\\u0637\\u0628\\u064a\\u0642 \\u0623\\u0648 \\u0645\\u062d\\u062a\\u0648\\u0649 \\u0627\\u0644\\u062a\\u0637\\u0628\\u064a\\u0642 \\u0628\\u0623\\u064a \\u0637\\u0631\\u064a\\u0642\\u0629 \\u0623\\u062e\\u0631\\u0649 \\u062a\\u0646\\u062a\\u0647\\u0643 \\u062d\\u0642\\u0648\\u0642 \\u0627\\u0644\\u0623\\u0637\\u0631\\u0627\\u0641 \\u0627\\u0644\\u062b\\u0627\\u0644\\u062b\\u0629 \\u0623\\u0648 \\u062a\\u0646\\u062a\\u062d\\u0644\\u0647\\u0627 \\u0623\\u0648 \\u062a\\u062e\\u0631\\u0642\\u0647\\u0627\\u060c \\u0628\\u0645\\u0627 \\u0641\\u064a \\u0630\\u0644\\u0643 \\u0639\\u0644\\u0649 \\u0633\\u0628\\u064a\\u0644 \\u0627\\u0644\\u0645\\u062b\\u0627\\u0644 \\u0627\\u0644 \\u0627\\u0644\\u062d\\u0635\\u0631\\u060c \\u062d\\u0642\\u0648\\u0642 \\u0627\\u0644\\u0637\\u0628\\u0639 \\u0648\\u0627\\u0644\\u0646\\u0634\\u0631\\u060c \\u0623\\u0648 \\u062d\\u0642 \\u0627\\u0644\\u0645\\u0624\\u0644\\u0641 \\u0623\\u0648 \\u0627\\u0644\\u0639\\u0627\\u0644\\u0645\\u0629 \\u0627\\u0644\\u062a\\u062c\\u0627\\u0631\\u064a\\u0629 \\u0623\\u0648 \\u0627\\u0644\\u0623\\u0633\\u0631\\u0627\\u0631 \\u0627\\u0644\\u062a\\u062c\\u0627\\u0631\\u064a\\u0629 \\u0623\\u0648 \\u0627\\u0644\\u0633\\u0631\\u064a\\u0629 \\u0623\\u0648 \\u0627\\u0644\\u0639\\u0642\\u062f \\u0623\\u0648 \\u0628\\u0631\\u0627\\u0621\\u0629 \\u0627\\u0644\\u0627\\u062e\\u062a\\u0631\\u0627\\u0639 \\u0623\\u0648 \\u062d\\u0642\\u0648\\u0642 \\u0627\\u0644\\u062e\\u0635\\u0648\\u0635\\u064a\\u0629 \\u0623\\u0648 \\u062d\\u0642\\u0648\\u0642 \\u0627\\u0644\\u062f\\u0639\\u0627\\u064a\\u0629 \\u0623\\u0648 \\u0623\\u064a \\u062d\\u0642\\u0648\\u0642 \\u0645\\u0644\\u0643\\u064a\\u0629 \\u0623\\u0648 \\u0642\\u0627\\u0646\\u0648\\u0646\\u064a\\u0629 \\u0623\\u062e\\u0631\\u0649\\u061b \\u0623\\u0648\\r\\n\\r\\n- \\u0627\\u0633\\u062a\\u062e\\u062f\\u0627\\u0645 \\u0627\\u0644\\u062a\\u0637\\u0628\\u064a\\u0642 \\u0623\\u0648 \\u062e\\u062f\\u0645\\u0627\\u062a\\u0647\\u0627 \\u0623\\u0648 \\u0623\\u064a \\u0645\\u062d\\u062a\\u0648\\u0649 \\u0627\\u0644\\u062a\\u0637\\u0628\\u064a\\u0642 \\u060c \\u0643\\u0644\\u064b\\u064a\\u0627 \\u0623\\u0648 \\u062c\\u0632\\u0626\\u064b\\u064a\\u0627\\u060c \\u0623\\u0644\\u064a \\u063a\\u0631\\u0636 \\u0645\\u062d\\u0638\\u0648\\u0631 \\u0628\\u0645\\u0648\\u062c\\u0628 \\u0623\\u064a \\u0642\\u0627\\u0646\\u0648\\u0646 \\u0623\\u0648 \\u0644\\u0627\\u0626\\u062d\\u0629 \\u0645\\u0639\\u0645\\u0648\\u0644 \\u0628\\u0647\\u0627\\u060c \\u0623\\u0648 \\u0644\\u062a\\u0633\\u0647\\u064a\\u0644 \\u0627\\u0646\\u062a\\u0647\\u0627\\u0643 \\u0623\\u064a \\u0642\\u0627\\u0646\\u0648\\u0646 \\u0623\\u0648 \\u0644\\u0627\\u0626\\u062d\\u0629 \\u0645\\u0639\\u0645\\u0648\\u0644 \\u0628\\u0647\\u0627\\u061b \\u0648\\r\\n- \\u062a\\u062d\\u0645\\u064a\\u0644 \\u0623\\u0648 \\u0646\\u0634\\u0631 \\u0623\\u0648 \\u0646\\u0642\\u0644 \\u0623\\u0648 \\u062a\\u0648\\u0632\\u064a\\u0639 \\u0623\\u0648 \\u0628\\u062e\\u0627\\u0644\\u0641 \\u0630\\u0644\\u0643 \\u0627\\u0644\\u0646\\u0634\\u0631 \\u0625\\u0644\\u0649 \\u0627\\u0644\\u062a\\u0637\\u0628\\u064a\\u0642 \\u0623\\u0648 \\u0639\\u0644\\u064a\\u0647\\u0627 \\u0623\\u0648 \\u0645\\u0646 \\u062e\\u0644\\u0627\\u0644\\u0647\\u0627 \\u0623\\u064a \\u0645\\u0639\\u0644\\u0648\\u0645\\u0627\\u062a \\u0623\\u0648 \\u0645\\u062d\\u062a\\u0648\\u0649 \\u0633\\u064a\\u0627\\u0633\\u064a \\u0623\\u0648 \\u0627\\u0646\\u062a\\u062e\\u0627\\u0628\\u064a.\\r\\n\\r\\n- \\u062a\\u062d\\u0645\\u064a\\u0644 \\u0623\\u0648 \\u0646\\u0634\\u0631 \\u0623\\u0648 \\u0646\\u0642\\u0644 \\u0623\\u0648 \\u062a\\u0648\\u0632\\u064a\\u0639 \\u0623\\u0648 \\u0628\\u062e\\u0627\\u0644\\u0641 \\u0630\\u0644\\u0643 \\u0627\\u0644\\u0646\\u0634\\u0631 \\u0639\\u0644\\u0649 \\u0627\\u0644\\u062a\\u0637\\u0628\\u064a\\u0642 \\u0623\\u064a \\u0645\\u0639\\u0644\\u0648\\u0645\\u0627\\u062a \\u0623\\u0648 \\u0645\\u062d\\u062a\\u0648\\u0649 \\u0623\\u0648 \\u0645\\u0648\\u0627\\u062f \\u062e\\u0627\\u0637\\u0626\\u0629 \\u0645\\u0633\\u064a\\u0626\\u0629 \\u0623\\u0648 \\u0645\\u0632\\u0639\\u062c\\u0629 \\u0623\\u0648 \\u0628\\u063a\\u064a\\u0636\\u0629 \\u0623\\u0648 \\u0639\\u0646\\u0635\\u0631\\u064a\\u0629 \\u0623\\u0648 \\u0639\\u0631\\u0642\\u064a\\u0629 \\u0623\\u0648 \\u063a\\u064a\\u0631 \\u0645\\u0642\\u0628\\u0648\\u0644\\u0629 \\u0623\\u0648 \\u062a\\u0634\\u0647\\u064a\\u0631\\u064a\\u0629 \\u0623\\u0648 \\u0627\\u0641\\u062a\\u0631\\u0627\\u0626\\u064a\\u0629 \\u0623\\u0648 \\u0641\\u0627\\u0636\\u062d\\u0629 \\u0623\\u0648 \\u0645\\u0628\\u062a\\u0630\\u0644\\u0629 \\u0623\\u0648 \\u0623\\u0648 \\u0625\\u0628\\u0627\\u062d\\u064a\\u0629 \\u0623\\u0648 \\u0645\\u0646\\u062a\\u0647\\u0643\\u0629 \\u0623\\u0648 \\u062c\\u0646\\u0633\\u064a\\u0629 \\u0635\\u0631\\u064a\\u062d\\u0629 \\u0623\\u0648 \\u063a\\u064a\\u0631 \\u0644\\u0627\\u0626\\u0642\\u0629\\u060c\\r\\n\\r\\n\\u064a\\u064f\\u0645\\u0643\\u0646 \\u0644\\u0644\\u0632\\u0648\\u0627\\u0631 \\u0646\\u0634\\u0631 \\u0627\\u0644\\u0645\\u0631\\u0627\\u062c\\u0639\\u0627\\u062a \\u0648\\u0627\\u0644\\u062a\\u0639\\u0644\\u064a\\u0642\\u0627\\u062a \\u0648\\u063a\\u064a\\u0631\\u0647\\u0645 \\u0645\\u0646 \\u0627\\u0644\\u0645\\u062d\\u062a\\u0648\\u064a\\u0627\\u062a\\u060c \\u0648\\u062a\\u0642\\u062f\\u064a\\u0645 \\u0627\\u0644\\u0627\\u0642\\u062a\\u0631\\u0627\\u062d\\u0627\\u062a \\u0648\\u0627\\u0644\\u0623\\u0641\\u0643\\u0627\\u0631 \\u0648\\u0627\\u0644\\u062a\\u0639\\u0644\\u064a\\u0642\\u0627\\u062a \\u0648\\u0627\\u0644\\u0627\\u0633\\u062a\\u0641\\u0633\\u0627\\u0631\\u0627\\u062a \\u0623\\u0648 \\u063a\\u064a\\u0631\\u0647\\u0645 \\u0645\\u0646 \\u0627\\u0644\\u0645\\u0639\\u0644\\u0648\\u0645\\u0627\\u062a\\u060c \\u0645\\u0627\\u062f\\u0627\\u0645 \\u0627\\u0644\\u0645\\u062d\\u062a\\u0648\\u0649 \\u063a\\u064a\\u0631 \\u0642\\u0627\\u0646\\u0648\\u0646\\u064a \\u0623\\u0648 \\u0628\\u0630\\u064a\\u0621 \\u0623\\u0648 \\u064a\\u0646\\u0637\\u0648\\u064a \\u0639\\u0644\\u0649 \\u062a\\u0647\\u062f\\u064a\\u062f \\u0623\\u0648 \\u062a\\u0634\\u0647\\u064a\\u0631\\u060c \\u0623\\u0648 \\u062a\\u0646\\u062a\\u0647\\u0643 \\u0627\\u0644\\u062e\\u0635\\u0648\\u0635\\u064a\\u0629 \\u0623\\u0648 \\u062d\\u0642\\u0648\\u0642 \\u0627\\u0644\\u0645\\u0644\\u0643\\u064a\\u0629 \\u0627\\u0644\\u0641\\u0643\\u0631\\u064a\\u0629 \\u0623\\u0648 \\u064a\\u064f\\u0644\\u062d\\u0642 \\u0627\\u0644\\u0636\\u0631\\u0631 \\u0628\\u0627\\u0644\\u063a\\u064a\\u0631 \\u0623\\u0648 \\u064a\\u0643\\u0648\\u0646 \\u0645\\u0631\\u0641\\u0648\\u0636\\u064b\\u0627 \\u0648\\u0644\\u0627 \\u062a\\u062d\\u062a\\u0648\\u064a \\u0639\\u0644\\u0649 \\u0641\\u064a\\u0631\\u0648\\u0633\\u0627\\u062a \\u0628\\u0631\\u0645\\u062c\\u064a\\u0629 \\u0623\\u0648 \\u062d\\u0645\\u0644\\u0627\\u062a \\u0633\\u064a\\u0627\\u0633\\u064a\\u0629 \\u0623\\u0648 \\u0637\\u0644\\u0628\\u0627\\u062a \\u062a\\u062c\\u0627\\u0631\\u064a\\u0629 \\u0623\\u0648 \\u0631\\u0633\\u0627\\u0626\\u0644 \\u0645\\u062a\\u0633\\u0644\\u0633\\u0644\\u0629 \\u0623\\u0648 \\u0631\\u0633\\u0627\\u0626\\u0644 \\u0628\\u0631\\u064a\\u062f\\u064a\\u0629 \\u062c\\u0645\\u0627\\u0639\\u064a\\u0629 \\u0623\\u0648 \\u0623\\u064a \\u0634\\u0643\\u0644 \\u0645\\u0646 \\u0623\\u0634\\u0643\\u0627\\u0644 \\\"\\u0627\\u0644\\u0631\\u0633\\u0627\\u0626\\u0644 \\u0627\\u0644\\u0645\\u0632\\u0639\\u062c\\u0629\\\". \\u0648\\u0644\\u0627 \\u064a\\u062c\\u0648\\u0632 \\u0644\\u0644\\u0637\\u0631\\u0641 \\u0627\\u0644\\u062b\\u0627\\u0646\\u064a \\u0627\\u0633\\u062a\\u062e\\u062f\\u0627\\u0645 \\u0639\\u0646\\u0648\\u0627\\u0646 \\u0628\\u0631\\u064a\\u062f \\u0625\\u0644\\u0643\\u062a\\u0631\\u0648\\u0646\\u064a \\u0645\\u0632\\u064a\\u0641\\u060c \\u0623\\u0648 \\u0627\\u0646\\u062a\\u062d\\u0627\\u0644 \\u0634\\u062e\\u0635\\u064a\\u0629 \\u0623\\u064a \\u0634\\u062e\\u0635 \\u0623\\u0648 \\u0643\\u064a\\u0627\\u0646\\u060c \\u0623\\u0648 \\u062a\\u0636\\u0644\\u064a\\u0644 \\u0641\\u064a\\u0645\\u0627 \\u064a\\u062a\\u0639\\u0644\\u0642 \\u0628\\u0623\\u0635\\u0644 \\u0628\\u0637\\u0627\\u0642\\u0629 \\u0623\\u0648 \\u0645\\u062d\\u062a\\u0648\\u0649 \\u0622\\u062e\\u0631\\u060c \\u0648\\u062a\\u062d\\u062a\\u0641\\u0638 \\u0627\\u0644\\u0634\\u0631\\u0643\\u0629 (\\u062f\\u0648\\u0646 \\u0623\\u0646 \\u062a\\u0643\\u0648\\u0646 \\u0645\\u064f\\u0644\\u0632\\u0645\\u0629 \\u0628\\u0630\\u0644\\u0643) \\u0641\\u064a \\u0625\\u0632\\u0627\\u0644\\u0629 \\u0623\\u0648 \\u062a\\u062d\\u0631\\u064a\\u0631 \\u0647\\u0630\\u0627 \\u0627\\u0644\\u0645\\u062d\\u062a\\u0648\\u0649 \\u0648\\u0644\\u0643\\u0646\\u0647\\u0627 \\u0644\\u0627 \\u062a\\u0642\\u0648\\u0645 \\u0628\\u0645\\u0631\\u0627\\u062c\\u0639\\u0629 \\u0627\\u0644\\u0645\\u062d\\u062a\\u0648\\u0649 \\u0627\\u0644\\u0645\\u0646\\u0634\\u0648\\u0631 \\u0628\\u0627\\u0646\\u062a\\u0638\\u0627\\u0645.\\r\\n\\r\\n17.7 \\u0627\\u0644\\u0645\\u0631\\u062a\\u062c\\u0639\\u0627\\u062a \\u063a\\u064a\\u0631 \\u0627\\u0644\\u0645\\u0631\\u063a\\u0648\\u0628 \\u0641\\u064a\\u0647\\u0627 \\u0648\\u0627\\u0644\\u0627\\u0635\\u0646\\u0627\\u0641 \\u0627\\u0644\\u0645\\u0639\\u064a\\u0628\\u0629: \\u0633\\u062a\\u062e\\u0636\\u0639 \\u0645\\u0631\\u062a\\u062c\\u0639\\u0627\\u062a \\u0627\\u0644\\u0645\\u0646\\u062a\\u062c\\u0627\\u062a \\u063a\\u064a\\u0631 \\u0627\\u0644\\u0645\\u0631\\u063a\\u0648\\u0628 \\u0641\\u064a\\u0647\\u0627 \\u0644\\u0633\\u064a\\u0627\\u0633\\u0627\\u062a \\u0627\\u0644\\u0637\\u0631\\u0641 \\u0627\\u0644\\u062b\\u0627\\u0646\\u064a\\u060c \\u0648\\u0644\\u0627 \\u062a\\u062a\\u062d\\u0645\\u0644 \\u0627\\u0644\\u0634\\u0631\\u0643\\u0629 \\u0623\\u064a \\u0645\\u0633\\u0624\\u0648\\u0644\\u064a\\u0629 \\u0639\\u0646 \\u0630\\u0644\\u0643.\",\"en\":\"Terms and Conditions\\r\\nTerms of joining Blockat Boutique Application:\\r\\n1- Commitment to the agreed dates of delivery with the customers and shoppers of the Blockat Boutique application\\r\\n2- Adhere to the description and image displayed in the application by designers, jewelry, and gold stores\\r\\n3- Photos must be professional and presentable\\r\\n4- The pictures should not be offensive to modesty\\r\\n5- You must put the sentence (Our new in @Blockat.Boutique)\\r\\n6- The last two groups of the designer should be displayed in the application\\r\\n7- The designer must update his page on Instagram or the file via WhatsApp or Snap\\r\\n\\r\\nThis E-commerce Agreement (the \\\"Agreement\\\") is made and effective as of the date of payment subscription payment (Effective date): \\r\\n\\r\\nBetween:\\r\\nFirst Party:  Blockat Boutique, a company registered under the laws of the State of Qatar, with CR No. \\/155479\\/ and its head office located at Doha, P.O. Box. 13693 herein referred to as the \\u201cCompany\\u201d Or \\u201cthe First Party\\u201d\\r\\nAnd \\r\\nSecond Party: a Company duly organized, validly existing and in good standing under the laws of its state of incorporation, and is duly registered to do carry on the business and performance of this Agreement, herein referred to as the \\\"Participant\\\" Or the Second Party\\r\\n\\r\\nEach a \\\"Party\\\" and collectively the \\\"Parties\\\"\\r\\n\\r\\nPreamble\\r\\nWHEREAS, the Company has a Mobile Application that enables every merchant to list his\\/her products\\/services for sale by providing a private section as an online store under his\\/her brand name in consideration of a monthly subscription fee, referred to as \\\" Bloockat Bwtyk \\\"; or \\u201cApplication\\u201d or \\u201cMobile Application\\u201d\\r\\n\\r\\nWHEREAS, this Application allows the client to communicate directly with the merchant, \\r\\n\\r\\n\\r\\nWHEREAS, the Second Party desires to subscribe\\/register an online store in the Bloockat Bwtyk Application according to the terms and conditions set forth herein, \\r\\n\\r\\n\\r\\nNOW, THEREFORE, based upon the above Preamble (which constitutes an essential part of this Agreement) and in consideration of the mutual promises and covenants contained herein, the Company and the Second Party agree as follows:\\r\\n\\r\\n1.\\tDEFINITIONS\\r\\n1.1.\\t \\u201cBloockat Bwtyk\\u201d: shall mean the or Mobile Application owned by the Company that is dedicated to promoting, and marketing the products\\/services of the available online stores \\r\\n\\r\\n1.2.\\tOnline Store: shall mean the online store or private section with particular products in certain business categories. \\r\\n\\r\\n1.3.\\tConfidential Information: shall mean any data or information, oral or written, treated as confidential that relates to either party\\u2019s (or, if either party is bound to protect the confidentiality of any third party\\u2019s information, such third party\\u2019s) past, present, or future research, development or business activities, including any unannounced product(s)and service(s), any information relating to services, developments inventions, processes, plans, financial information, forecasts, and projections and the financial terms of this Agreement. Notwithstanding the foregoing, Confidential Information shall not be deemed to include information if: (i) it was already known to the receiving party before the date of this Agreement as established by documentary evidence; (ii) it is in or has entered the public domain through no breach of this Agreement or other wrongful act of the receiving party; (iii) it has been rightfully received by the receiving party from a third party and without breach of any obligation of confidentiality of such third party to the owner of the Confidential Information; or (iv) it is required to be disclosed according to a final binding order of a governmental agency or court of competent jurisdiction, provided that the owner of the Confidential Information has been given reasonable notice of the pendency of such an order.\\r\\n\\r\\n1.4.\\tProducts: shall mean those products and\\/or services of the Second Party which are promoted through the mobile Application   Via the available online store.\\r\\n1.5.\\tClient\\/Customer: is the individual who browses the Application and\\/or establishes an account and\\/or purchases products\\/services and engages in direct communication with the online store. \\r\\n\\r\\n2.\\tPROMOTION OF PRODUCTS\\r\\n2.1 The Second Party grants to the Company a non-exclusive right to market and promote the Products via the Application during the Term of this Agreement.\\r\\n2.2 The Company shall promote the Products in the manner determined appropriate by it, which may include links to Application\\u2019s web sites, or through a mutual development of both Parties\\u2019 brands.\\r\\n\\r\\n3.\\tTERM \\r\\nThe initial term of this Agreement shall be for one month from the Effective Date. Thereafter this Agreement shall be automatically renewed for successive one (1) month term unless either party notifies the other party with written notice at least a week before any such renewal that the Agreement shall not so renew. \\r\\n\\r\\n2.\\tSUBSCRIPTION\\/REGISTRATION FEE\\r\\nIn consideration for providing the particular online store through the Application, the Second Party shall pay the value of the monthly package chosen by it from the Application\\u2019s options.  \\r\\nThe amount of the package value shall be paid for each previous Gregorian month in cash or bank transfer within a maximum period of three days from the beginning of each subsequent Gregorian month.\\r\\n\\r\\n\\r\\n4.\\tPROVISIONS OF THE NICHE STORE\\r\\n5.1 The Company will provide the Participant with a specialized online store to display and promote all products and services offered by the Second Party.\\r\\n\\r\\n5.2 The Online Store will have a 24\\/7 global presence on the Mobile application.\\r\\n\\r\\n3.\\tLOGISTICS MANAGEMENT \\r\\n6.1 The Second Party shall take the responsibility of packing and delivering the ordered\\/purchased Products and\\/or Services to the clients\\/customers registered in the Mobile Application.\\r\\n\\r\\n6.2 The manner of delivery of the Products and\\/or Services either by air freight, shipping, or transportation, shall be determined only by the Second Party. The First Party\\/Company has no liability for a product, packing, logistics, and customer service.\\r\\n\\r\\n6.3 The Second Party shall disclaim the Party\\/Company from any liability arising from product packaging, delivery, logistics, and customer service.\\r\\n\\r\\n5.\\tINTERRUPTION IN THE SERVICES\\r\\nIn the event of a temporary interruption in the service provided through the mobile application as a result of a technical issue in the network connection, the Second Party shall not be entitled to any compensation for such temporary interruption, if within a reasonable period (Maximum (48) forty-eight hours) and the work shall continue accordingly after repairing the issue. \\r\\n\\r\\n4.\\tDEFECTS AND LIABILITY \\r\\n8.1\\tThe responsibility of any manufactured defects or damage in the products or unjustified delay in the delivery of the products to the customers, shortage in stock shall be carried out by the Second Party. Also, the Second Party shall provide the replacement to customers\\/consumers within a reasonable period as per the availability. \\r\\nThe First Party shall not be liable for any disputes, differences, litigations, or other claims that may occur between the Second Party and the customer.\\r\\n8.2 In no event shall the First Party be liable for any damages arising in connection with this Application or use thereof or inability to use by any party, or in connection with any failure of performance, error, omission, interruption, defect delay, or failure in operation or the system or network.\\r\\n\\r\\n9.  TERMINATION OF AGREEMENT  \\r\\n5.1.\\tThe Company may terminate this Agreement without notifying the Second Party and without need for a court judgment, in the event of a material breach by the Second Party to any of its obligations imposed hereby despite the Company notify the Second Party to rectify the failure within one week from notification date but the Second Party failed to comply with.\\r\\n\\r\\n\\r\\n9.2\\tEither Party may forthwith terminate this Agreement upon written notice to the other party if the other party:  (a) is adjudged as bankrupt, (b) becomes insolvent, (c) has a receiver, trustee, conservator, or liquidator appointed for all or a substantial part of its assets, (d) ceases to do business, (e) commences any dissolution, liquidation or winding up, or (f) makes an assignment of its assets for the benefit of its creditors.\\r\\n\\r\\n6.\\tFORCE MAJEURE \\r\\nThe Parties hereby agreed upon this Agreement that neither party shall be liable for the delay in performing its obligations or the non-performing the obligations for reasons of force majeure and to clarify that the Force Majeure event here means to either Party any circumstances beyond his reasonable control Which affect the performance of its obligations under this Agreement, including natural disasters and adverse weather conditions, serious fires, serious accidents leading to traffic interruption and obstruction of traffic such as war, terrorism, storms, floods, lightning, Pandemic, and earthquakes.\\r\\n\\r\\n7.\\tINTELLECTUAL PROPERTY \\r\\nNeither party will acquire any ownership interest in each other\\u2019s intellectual property. The Company shall have the right to use the Second Party\\u2019s logo, tradename, and trademark on the Mobile application as a means to identify, promote, and market the Online Store and in connection with the purposes of execution of this Agreement. \\r\\n\\r\\n8.\\tCONFIDENTIAL INFORMATION \\r\\n12.1\\tEach Party acknowledges and agrees that any Confidential Information received from the other party, and labeled as such, will be the sole and exclusive property of the other party and may not be used or disclosed except as necessary to perform the obligations required under this Agreement;\\r\\n\\r\\n12.2\\tUpon termination of this Agreement, each party shall promptly return all information, documents, manuals, and other materials belonging to the other party except as otherwise provided in this Agreement.\\r\\n\\r\\n9.\\tRELATIONSHIP OF THE PARTIES \\r\\nThe parties shall perform all of their duties under this Agreement as independent contractors. Nothing in this Agreement shall be construed to give either party the power to direct or control the daily activities of the other Party, or to constitute the parties as principal and agent, employer and employee, franchisor and franchisee, partners, joint ventures, co-owners, or otherwise as participants in a joint undertaking.\\r\\n\\r\\n14. RELATIONSHIP WITH THE CUSTOMER\\r\\nThe Company is considered a third party in legal terms about the relationship between the Second Party and the customer, whether the process is related to purchase, return policies, or transportation of goods or any process related to the products and services provided by the Second Party.\\r\\nThe Company shall not be liable for any damage or error related to the above-mentioned processes or the defective or non-conforming goods or services to the description and standards.\\r\\n\\r\\n15. MISCELLANEOUS \\r\\nWaiver: a waiver of any one or more of the terms and conditions herein contained shall not be deemed to be a waiver of any of the other terms and conditions of this Agreement. Other than those specifically waived, in no event shall any waiver be deemed to be a continuing waiver.\\r\\n\\r\\nNotices: Any notice to be given herein by any party to the other may be effected either by personal delivery in writing or by certified mail or by email or Fax. Mailed notices shall be addressed to the parties at the addresses appearing above.\\r\\n\\r\\nPartial Invalidity: If any provision hereof is found invalid or unenforceable according to a final judicial decree or decision, the remainder of this Agreement will remain valid and enforceable according to these terms.\\r\\n\\r\\nAmendments: No modification or amendment of this Agreement shall be effective unless in writing and executed by a duly authorized representative of each Party. \\r\\n\\r\\n16.\\tAPPLICABLE LAW AND DISPUTE RESOLUTION \\r\\nThis Agreement shall be governed by, and any dispute arising hereunder as a result of interpretation, performance, or execution of any part of this Agreement, shall be determined by the laws of State of Qatar, without giving effect to conflict of laws principles. The Parties hereto irrevocably submit to the jurisdiction and venue of the courts of the state of Qatar.\\r\\n\\r\\n17.\\t GENERAL TERMS\\r\\n\\r\\n17.1 Electronic communications: When sending e-mails, both Parties concerned are communicating electronically. Both Parties consent to receive communications electronically. Each Party will communicate by e-mail or by posting notices on the specific Application\\/email. Both parties agree that all agreements, notices, disclosures and other communications provided electronically satisfy any legal requirement that such communications be in writing.\\r\\n\\r\\n17.2 Representations and Warranties \\r\\nThe Second Party represents and warrants that the products and services provided by it do not infringe, copy, impersonate, or otherwise use the designs, trademarks, and\\/or ideas of any other parties or entities, regardless of the form or media in which said third party designs and\\/or works may appear, wherever found, whether protected by law or by legal copyright. So that it is considered it\'s a representative or legal agent.\\r\\nIt represents and warrants that it holds a valid commercial registration number and the necessary documents and permits in connection with this Agreement.\\r\\nThe Second Party is also committed to fully complying with the laws in force, the circulars of the Ministry of Trade and Industry, and the provisions of the legislation regulating the protection of consumer rights, specifically those related to the policy of decreasing prices, discounts, and special offers in any language whatsoever.\\r\\nThe Second Party is also obligated when displaying products of clothing and models\\/ mannequin not to violate public morals by not displaying them in an obscene, vulgar, pornographic, sexually explicit, or inappropriate manner.\\r\\n\\r\\n\\r\\n\\r\\n17.3\\tDisclaimer of Warranties and Limitation of Liability: The Mobile application is provided by the Company on an \\\"AS IS\\\" and \\\"AS AVAILABLE\\\" basis. The Company makes no representations or warranties of any kind, express or implied, as to the operation of this site or the information, content, materials, or products included on this site. \\r\\n\\r\\n17.4\\tEligibility: the Company\\u2019s Services are only available to persons that can form legally binding contracts under applicable law. Without limiting the foregoing, our Service is not available to persons who are suspended from our Service, or to persons who present an unacceptable level of credit risk.  \\r\\n\\r\\n17.5\\tTypographical Errors: In the event, a product is listed at an incorrect price or with incorrect information due to typographical error or error in pricing or product information included by the Second Party, the Company shall not be held responsible. The Company shall not be held responsible for typos or incorrect product data provided by the suppliers.  The Company\\u2019s mission is to accurately report the data provided by the Second Party without making any changes to its content.  \\r\\n\\r\\n17.6\\tContent Limitations: Product images, descriptions, prices, and all related data provided by the Application to the Second Party to upload and fix on the online store.\\r\\nThe second party shall refrain from:\\r\\n- Use the Application or Application Content in any other way that infringes, impersonates, or otherwise breaches the rights of third parties, including but not limited to the copyright, copyright, trademark, trade secret, confidentiality, contract, patent, privacy rights, or publicity rights or any other proprietary or legal rights; or\\r\\n- Use the Application, their Services or any Application Content, in whole or in part, for any purpose prohibited by any applicable law or regulation, or to facilitate the violation of any applicable law or regulation; And\\r\\n- Upload, post, transmit, distribute or otherwise post to or on or through the Application any political or electoral information or content.\\r\\n\\r\\n- Upload, post, transmit, distribute or otherwise post on the Application any information, content, or false material that is offensive, harassing, hateful, racist, ethnic, objectionable, defamatory, defamatory, vulgar, pornographic, infringing, sexually explicit, or otherwise decent,\\r\\nVisitors may post reviews, comments, and other content, and submit suggestions, ideas, comments, questions, or other information, so long as the content is not illegal, obscene, threatening, defamatory, invasive of privacy, infringing of intellectual property rights, or otherwise injurious to third parties or objectionable and does not consist of or contain software viruses, political campaigning, commercial solicitation, chain letters, mass mailings, or any form of \\\"spam\\\". The Second Party may not use a false e-mail address, impersonate any person or entity, or otherwise mislead as to the origin of a card or other content. ..... reserves the right (but not the obligation) to remove or edit such content but does not regularly review posted content.\\r\\n\\r\\n17.6\\tUnwanted Returns and defective items: Unwanted product returns will be subject to a policy adopted by the Second party without any liability on the Company.\"}',2,1,NULL,'2022-10-18 20:32:15'),
	(2,'TotalPayment','0',1,0,NULL,'2022-03-07 15:24:54'),
	(3,'PrivacyPolicy','{\"ar\":\"\\u0627\\u0644\\u0634\\u0631\\u0648\\u0637 \\u0648\\u0627\\u0644\\u0627\\u062d\\u0643\\u0627\\u0645\\r\\n1.\\u0634\\u0631\\u0648\\u0637 \\u0627\\u0644\\u0627\\u0633\\u062a\\u062e\\u062f\\u0627\\u0645:\\r\\n1.1 \\u0645\\u0631\\u062d\\u0628\\u0627 \\u0628\\u0643 \\u0641\\u064a \\u0628\\u0644\\u0648\\u0643\\u0627\\u062a \\u0628\\u0648\\u062a\\u064a\\u0643. \\u0647\\u0630\\u0647 \\u0627\\u0644\\u0634\\u0631\\u0648\\u0637 \\u0648\\u0627\\u0644\\u0623\\u062d\\u0643\\u0627\\u0645 (\\\"\\u0627\\u0644\\u0627\\u062a\\u0641\\u0627\\u0642\\u064a\\u0629\\\" \\u0623\\u0648 \\\"\\u0627\\u0644\\u0634\\u0631\\u0648\\u0637\\\") \\u0647\\u064a \\u0639\\u0642\\u062f \\u0628\\u064a\\u0646\\u0643 \\u0648\\u0628\\u064a\\u0646 \\u0634\\u0631\\u0643\\u0629 \\u0628\\u0644\\u0648\\u0643\\u0627\\u062a \\u0628\\u0648\\u062a\\u064a\\u0643 \\u0630.\\u0645.\\u0645. (\\u064a\\u0634\\u0627\\u0631 \\u0625\\u0644\\u064a\\u0647\\u0627 \\u0645\\u062c\\u062a\\u0645\\u0639\\u0629 \\u0628\\u0640 \\\"\\u0646\\u062d\\u0646\\\" \\u0623\\u0648 \\\"\\u062e\\u0627\\u0635\\u062a\\u0646\\u0627\\\")\\u060c \\u0648\\u0647\\u064a \\u0627\\u0644\\u062a\\u064a \\u062a\\u062d\\u0643\\u0645 \\u0627\\u0633\\u062a\\u062e\\u062f\\u0627\\u0645\\u0643 \\u0644\\u0645\\u0648\\u0642\\u0639\\u0646\\u0627\\/\\u062a\\u0637\\u0628\\u064a\\u0642\\u0646\\u0627\\u060c \\u0623\\u0648 \\u0623\\u064a \\u062a\\u0637\\u0628\\u064a\\u0642\\u0627\\u062a \\u0623\\u0648 \\u0645\\u0648\\u0627\\u0642\\u0639 \\u0627\\u0644\\u0643\\u062a\\u0631\\u0648\\u0646\\u064a\\u0629 \\u0627\\u0644\\u0630\\u064a \\u0646\\u0645\\u0644\\u0643\\u0647 \\u0648\\u0646\\u062f\\u064a\\u0631\\u0647 \\u0648\\u0627\\u0644\\u0630\\u064a \\u064a\\u0631\\u062a\\u0628\\u0637 \\u0628\\u0647\\u0630\\u0647 \\u0627\\u0644\\u0627\\u062a\\u0641\\u0627\\u0642\\u064a\\u0629 (\\u064a\\u0634\\u0627\\u0631 \\u0625\\u0644\\u064a\\u0647\\u0627 \\u0645\\u062c\\u062a\\u0645\\u0639\\u0629\\u060c \\u0628\\u0645\\u0627 \\u0641\\u064a \\u0630\\u0644\\u0643 \\u0627\\u0644\\u0645\\u0648\\u0642\\u0639 \\u0648\\u0627\\u0644\\u062a\\u0637\\u0628\\u064a\\u0642\\u0627\\u062a\\u060c \\\"\\u0628\\u0627\\u0644\\u062e\\u062f\\u0645\\u0627\\u062a\\\").\\r\\n\\r\\n\\u064a\\u0645\\u0643\\u064e\\u0646 \\u0644\\u0643 \\u0627\\u0644\\u062a\\u0637\\u0628\\u064a\\u0642 \\u0625\\u0645\\u0643\\u0627\\u0646\\u064a\\u0629 \\u0627\\u062e\\u062a\\u064a\\u0627\\u0631 \\u0648\\u0627\\u0646\\u062a\\u0642\\u0627\\u0621 \\u0627\\u0644\\u0628\\u0636\\u0627\\u0626\\u0639 \\u0648\\/\\u0623\\u0648 \\u0627\\u0644\\u062e\\u062f\\u0645\\u0627\\u062a \\u0627\\u0644\\u062a\\u064a \\u062a\\u0631\\u064a\\u062f\\u0647\\u0627 \\u0639\\u0628\\u0631 \\u062a\\u0635\\u0641\\u062d \\u0627\\u0644\\u0645\\u062a\\u0627\\u062c\\u0631 \\u0627\\u0644\\u0625\\u0644\\u0643\\u062a\\u0631\\u0648\\u0646\\u064a\\u0629 \\u0627\\u0644\\u0645\\u062a\\u0627\\u062d\\u0629 \\u0648\\u0627\\u0644\\u0645\\u062e\\u062a\\u0644\\u0641\\u0629 \\u0645\\u0639 \\u062a\\u0628\\u064a\\u0627\\u0646 \\u062a\\u0641\\u0627\\u0635\\u064a\\u0644 \\u0628\\u064a\\u0627\\u0646\\u0627\\u062a \\u0627\\u0644\\u0645\\u062a\\u062c\\u0631 \\u0627\\u0644\\u0625\\u0644\\u0643\\u062a\\u0631\\u0648\\u0646\\u064a \\u0644\\u0644\\u062a\\u0648\\u0627\\u0635\\u0644 \\u0645\\u0639\\u0647. \\r\\n\\r\\n\\u0647\\u0630\\u0627 \\u0627\\u0644\\u062a\\u0637\\u0628\\u064a\\u0642 \\u0644\\u0627 \\u064a\\u062d\\u062a\\u0648\\u064a \\u0639\\u0644\\u0649 \\u0628\\u0648\\u0627\\u0628\\u0629 \\u062f\\u0641\\u0639 \\u0648\\u0628\\u0627\\u0644\\u062a\\u0627\\u0644\\u064a \\u0644\\u0627 \\u064a\\u0645\\u0643\\u0646 \\u0634\\u0631\\u0627\\u0621 \\u0627\\u0644\\u0645\\u0646\\u062a\\u062c\\u0627\\u062a \\u0623\\u0648 \\u0627\\u0644\\u062e\\u062f\\u0645\\u0627\\u062a \\u0645\\u0646 \\u062e\\u0644\\u0627\\u0644\\u0647\\u060c \\u0628\\u0644 \\u0647\\u0648 \\u0639\\u0628\\u0627\\u0631\\u0629 \\u0639\\u0646 \\u0633\\u0627\\u062d\\u0629 \\u0625\\u0639\\u0644\\u0627\\u0646\\u064a\\u0629 \\u0627\\u0644\\u0643\\u062a\\u0631\\u0648\\u0646\\u064a\\u0629 \\u0644\\u0639\\u0631\\u0636 \\u062a\\u0644\\u0643 \\u0627\\u0644\\u062e\\u062f\\u0645\\u0627\\u062a\\/\\u0627\\u0644\\u0645\\u0646\\u062a\\u062c\\u0627\\u062a \\u0648\\u0645\\u0633\\u0627\\u0639\\u062f\\u0629 \\u0627\\u0644\\u0645\\u062a\\u062c\\u0631 \\u0627\\u0644\\u0627\\u0644\\u0643\\u062a\\u0631\\u0648\\u0646\\u064a \\u0639\\u0644\\u0649 \\u062a\\u0631\\u0648\\u064a\\u062c\\u0647\\u0627.\\r\\n\\r\\n\\r\\n\\u0645\\u0646 \\u062e\\u0644\\u0627\\u0644 \\u0627\\u0644\\u0648\\u0635\\u0648\\u0644 \\u0625\\u0644\\u0649 \\u0627\\u0644\\u062e\\u062f\\u0645\\u0627\\u062a \\u0623\\u0648 \\u0627\\u0633\\u062a\\u062e\\u062f\\u0627\\u0645\\u0647\\u0627 \\u0628\\u0623\\u064a \\u0637\\u0631\\u064a\\u0642\\u0629\\u060c \\u0628\\u0645\\u0627 \\u0641\\u064a \\u0630\\u0644\\u0643\\u060c \\u0639\\u0644\\u0649 \\u0633\\u0628\\u064a\\u0644 \\u0627\\u0644\\u0645\\u062b\\u0627\\u0644 \\u0644\\u0627 \\u0627\\u0644\\u062d\\u0635\\u0631\\u060c \\u0632\\u064a\\u0627\\u0631\\u0629 \\u0623\\u0648 \\u062a\\u0635\\u0641\\u062d \\u0627\\u0644\\u062a\\u0637\\u0628\\u064a\\u0642 \\/ \\u0623\\u0648 \\u062a\\u0646\\u0632\\u064a\\u0644 \\u062a\\u0637\\u0628\\u064a\\u0642\\u0627\\u062a \\u0627\\u0644\\u0647\\u0627\\u062a\\u0641 \\u0627\\u0644\\u0645\\u062d\\u0645\\u0648\\u0644\\u060c \\u0623\\u0648 \\u062a\\u0633\\u062c\\u064a\\u0644 \\u062d\\u0633\\u0627\\u0628\\u060c \\u0623\\u0648 \\u0627\\u0644\\u0645\\u0633\\u0627\\u0647\\u0645\\u0629 \\u0628\\u0645\\u062d\\u062a\\u0648\\u0649\\u060c \\u0623\\u0648 \\u0645\\u0648\\u0627\\u062f \\u0623\\u062e\\u0631\\u0649 \\u0639\\u0644\\u0649 \\u0627\\u0644\\u0645\\u0648\\u0642\\u0639 \\u0623\\u0648 \\u0639\\u0644\\u0649 \\u0627\\u0644\\u062a\\u0637\\u0628\\u064a\\u0642\\u0627\\u062a \\u0623\\u0648 \\u0639\\u0628\\u0631\\u0647\\u0627\\u060c \\u0641\\u0623\\u0646\\u062a \\u062a\\u062f\\u0631\\u0643 \\u0635\\u0631\\u0627\\u062d\\u0629 \\u0648\\u062a\\u0642\\u0631 \\u0648\\u062a\\u0648\\u0627\\u0641\\u0642 \\u0639\\u0644\\u0649 \\u0627\\u0644\\u0627\\u0644\\u062a\\u0632\\u0627\\u0645 \\u0628\\u0634\\u0631\\u0648\\u0637 \\u0627\\u0644\\u0627\\u0633\\u062a\\u062e\\u062f\\u0627\\u0645. \\u0644\\u0627 \\u064a\\u062d\\u0642 \\u0644\\u0643 \\u0627\\u0633\\u062a\\u062e\\u062f\\u0627\\u0645 \\u0627\\u0644\\u062e\\u062f\\u0645\\u0627\\u062a \\u0625\\u0644\\u0627 \\u0625\\u0630\\u0627 \\u0643\\u0646\\u062a \\u062a\\u0648\\u0627\\u0641\\u0642 \\u0639\\u0644\\u0649 \\u0627\\u0644\\u0627\\u0644\\u062a\\u0632\\u0627\\u0645 \\u0628\\u062c\\u0645\\u064a\\u0639 \\u0627\\u0644\\u0642\\u0648\\u0627\\u0646\\u064a\\u0646 \\u0627\\u0644\\u0645\\u0639\\u0645\\u0648\\u0644 \\u0628\\u0647\\u0627 \\u0648\\u0628\\u0647\\u0630\\u0647 \\u0627\\u0644\\u0634\\u0631\\u0648\\u0637.\\r\\n\\r\\n\\r\\n1.2 \\u0646\\u062d\\u062a\\u0641\\u0638 \\u0628\\u0627\\u0644\\u062d\\u0642 \\u0641\\u064a \\u062a\\u0639\\u062f\\u064a\\u0644 \\u0634\\u0631\\u0648\\u0637 \\u0627\\u0644\\u0627\\u0633\\u062a\\u062e\\u062f\\u0627\\u0645\\u060c \\u0628\\u0645\\u0627 \\u0641\\u064a \\u0630\\u0644\\u0643 \\u0633\\u064a\\u0627\\u0633\\u0629 \\u0627\\u0644\\u062e\\u0635\\u0648\\u0635\\u064a\\u0629 \\u0648\\u0645\\u0644\\u0641\\u0627\\u062a \\u062a\\u0639\\u0631\\u064a\\u0641 \\u0627\\u0644\\u0627\\u0631\\u062a\\u0628\\u0627\\u0637\\u060c \\u0641\\u064a \\u0623\\u064a \\u0648\\u0642\\u062a\\u060c \\u0648\\u0641\\u0642\\u064b\\u0627 \\u0644\\u062a\\u0642\\u062f\\u064a\\u0631\\u0646\\u0627 \\u0627\\u0644\\u062e\\u0627\\u0635 \\u062f\\u0648\\u0646 \\u0625\\u0634\\u0639\\u0627\\u0631 \\u0645\\u0633\\u0628\\u0642. \\u0641\\u064a \\u062d\\u0627\\u0644\\u0629 \\u0625\\u062c\\u0631\\u0627\\u0621 \\u0623\\u064a \\u062a\\u063a\\u064a\\u064a\\u0631\\u0627\\u062a\\u060c \\u064a\\u062a\\u0645 \\u0646\\u0634\\u0631 \\u0627\\u0644\\u0634\\u0631\\u0648\\u0637 \\u0648\\u0627\\u0644\\u0623\\u062d\\u0643\\u0627\\u0645 \\u0627\\u0644\\u0645\\u0639\\u062f\\u0644\\u0629 \\u0639\\u0644\\u0649 \\u0647\\u0630\\u0627 \\u0627\\u0644\\u0645\\u0648\\u0642\\u0639 \\u0639\\u0644\\u0649 \\u0627\\u0644\\u0641\\u0648\\u0631. \\u064a\\u0631\\u062c\\u0649 \\u0627\\u0644\\u062a\\u062d\\u0642\\u0642 \\u0645\\u0646 \\u0623\\u062d\\u062f\\u062b \\u0627\\u0644\\u0645\\u0639\\u0644\\u0648\\u0645\\u0627\\u062a \\u0627\\u0644\\u0645\\u0646\\u0634\\u0648\\u0631\\u0629 \\u0647\\u0646\\u0627 \\u0644\\u0625\\u0628\\u0644\\u0627\\u063a \\u0646\\u0641\\u0633\\u0643 \\u0628\\u0623\\u064a \\u062a\\u063a\\u064a\\u064a\\u0631\\u0627\\u062a.\\r\\n\\r\\n2.\\u0627\\u0633\\u062a\\u062e\\u062f\\u0627\\u0645 \\u0627\\u0644\\u062a\\u0637\\u0628\\u064a\\u0642: \\r\\n 2.1 \\u0639\\u0646\\u062f\\u0645\\u0627 \\u062a\\u0633\\u062a\\u062e\\u062f\\u0645 \\u062e\\u062f\\u0645\\u0627\\u062a\\u0646\\u0627\\u060c \\u0641\\u0625\\u0646\\u0643 \\u062a\\u0648\\u0627\\u0641\\u0642 \\u0639\\u0644\\u0649 \\u0645\\u0639\\u0627\\u0644\\u062c\\u0629 \\u0627\\u0644\\u0645\\u0639\\u0644\\u0648\\u0645\\u0627\\u062a \\u0648\\u0627\\u0644\\u062a\\u0641\\u0627\\u0635\\u064a\\u0644 \\u0648\\u062a\\u0635\\u0631\\u062d \\u0628\\u0623\\u0646 \\u062c\\u0645\\u064a\\u0639 \\u0627\\u0644\\u0645\\u0639\\u0644\\u0648\\u0645\\u0627\\u062a \\u0648\\u0627\\u0644\\u062a\\u0641\\u0627\\u0635\\u064a\\u0644 \\u0627\\u0644\\u0645\\u0642\\u062f\\u0645\\u0629 \\u0635\\u062d\\u064a\\u062d\\u0629 \\u0648\\u062a\\u062a\\u0648\\u0627\\u0641\\u0642 \\u0645\\u0639 \\u0627\\u0644\\u0648\\u0627\\u0642\\u0639. \\u0623\\u0646\\u062a \\u062a\\u0642\\u0631 \\u0648\\u062a\\u062a\\u0639\\u0647\\u062f \\u0628\\u0623\\u0646 \\u0639\\u0645\\u0631\\u0643 \\u0644\\u0627 \\u064a\\u0642\\u0644 \\u0639\\u0646 16 \\u0639\\u0627\\u0645\\u064b\\u0627 \\u0623\\u0648 \\u062a\\u0632\\u0648\\u0631 \\u0627\\u0644\\u062e\\u062f\\u0645\\u0627\\u062a \\u062a\\u062d\\u062a \\u0625\\u0634\\u0631\\u0627\\u0641 \\u0623\\u062d\\u062f \\u0627\\u0644\\u0648\\u0627\\u0644\\u062f\\u064a\\u0646 \\u0623\\u0648 \\u0627\\u0644\\u0648\\u0635\\u064a. \\u0648\\u0641\\u0642\\u064b\\u0627 \\u0644\\u0634\\u0631\\u0648\\u0637 \\u0648\\u0623\\u062d\\u0643\\u0627\\u0645 \\u0647\\u0630\\u0647 \\u0627\\u0644\\u0627\\u062a\\u0641\\u0627\\u0642\\u064a\\u0629\\u060c \\u062a\\u0645\\u0646\\u062d\\u0643 \\u0634\\u0631\\u0643\\u0629 \\u0628\\u0644\\u0648\\u0643\\u0627\\u062a \\u0628\\u0648\\u062a\\u064a\\u0643 \\u0630.\\u0645.\\u0645. \\u062a\\u0631\\u062e\\u064a\\u0635\\u064b\\u0627 \\u0645\\u062d\\u062f\\u0648\\u062f\\u064b\\u0627 \\u0642\\u0627\\u0628\\u0644 \\u0644\\u0644\\u0625\\u0644\\u063a\\u0627\\u0621 \\u0648\\u063a\\u064a\\u0631 \\u0642\\u0627\\u0628\\u0644 \\u0644\\u0644\\u062a\\u062d\\u0648\\u064a\\u0644 \\u0648\\u063a\\u064a\\u0631 \\u062d\\u0635\\u0631\\u064a \\u0644\\u0644\\u0648\\u0635\\u0648\\u0644 \\u0625\\u0644\\u0649 \\u0627\\u0644\\u062e\\u062f\\u0645\\u0627\\u062a \\u0648\\u0627\\u0633\\u062a\\u062e\\u062f\\u0627\\u0645\\u0647\\u0627 \\u0645\\u0646 \\u062e\\u0644\\u0627\\u0644 \\u0639\\u0631\\u0636\\u0647\\u0627 \\u0639\\u0644\\u0649 \\u0645\\u062a\\u0635\\u0641\\u062d \\u0627\\u0644\\u0625\\u0646\\u062a\\u0631\\u0646\\u062a \\u0644\\u062f\\u064a\\u0643 \\u0641\\u064a\\u0645\\u0627 \\u064a\\u062a\\u0639\\u0644\\u0642 \\u0628\\u0645\\u0648\\u0642\\u0639\\u0646\\u0627 \\u0627\\u0644\\u0627\\u0644\\u0643\\u062a\\u0631\\u0648\\u0646\\u064a \\u0623\\u0648 \\u0639\\u0644\\u0649 \\u0623\\u062c\\u0647\\u0632\\u062a\\u0643 \\u0627\\u0644\\u0645\\u062d\\u0645\\u0648\\u0644\\u0629 \\u0641\\u064a\\u0645\\u0627 \\u064a\\u062a\\u0639\\u0644\\u0642 \\u0628\\u062a\\u0637\\u0628\\u064a\\u0642\\u0646\\u0627 \\u0627\\u0644\\u0647\\u0627\\u062a\\u0641\\u064a \\u0648\\u0630\\u0644\\u0643 \\u0644\\u0632\\u0648\\u0645 \\u063a\\u0631\\u0636 \\u0627\\u0644\\u062a\\u0633\\u0648\\u0642 \\u0644\\u0634\\u0631\\u0627\\u0621 \\u0645\\u0646\\u062a\\u062c\\u0627\\u062a \\u0627\\u0644\\u0639\\u0627\\u0626\\u062f\\u0629 \\u0644\\u0645\\u062e\\u062a\\u0644\\u0641 \\u0627\\u0644\\u062a\\u062c\\u0627\\u0631 \\u0648\\u0627\\u0644\\u062a\\u064a \\u062a\\u0628\\u0627\\u0639 \\u0639\\u0644\\u0649 \\u0627\\u0644\\u0645\\u0648\\u0642\\u0639 \\u0623\\u0648 \\u0627\\u0644\\u062a\\u0637\\u0628\\u064a\\u0642\\u0627\\u062a \\u0648\\u0644\\u064a\\u0633 \\u0644\\u0623\\u064a \\u0627\\u0633\\u062a\\u062e\\u062f\\u0627\\u0645 \\u062a\\u062c\\u0627\\u0631\\u064a \\u0623\\u0648 \\u0627\\u0633\\u062a\\u062e\\u062f\\u0627\\u0645 \\u0646\\u064a\\u0627\\u0628\\u0629 \\u0639\\u0646 \\u0623\\u064a \\u0637\\u0631\\u0641 \\u062b\\u0627\\u0644\\u062b \\u0622\\u062e\\u0631\\u060c \\u0628\\u0627\\u0633\\u062a\\u062b\\u0646\\u0627\\u0621 \\u0645\\u0627 \\u062a\\u0633\\u0645\\u062d \\u0628\\u0647 \\u0634\\u0631\\u0643\\u0629 \\u0628\\u0644\\u0648\\u0643\\u0627\\u062a \\u0628\\u0648\\u062a\\u064a\\u0643 \\u0630.\\u0645.\\u0645. \\u0635\\u0631\\u0627\\u062d\\u0629 \\u0645\\u0633\\u0628\\u0642\\u064b\\u0627. \\u0623\\u064a \\u062e\\u0631\\u0642 \\u0644\\u0647\\u0630\\u0647 \\u0627\\u0644\\u0627\\u062a\\u0641\\u0627\\u0642\\u064a\\u0629 \\u064a\\u0624\\u062f\\u064a \\u0625\\u0644\\u0649 \\u0625\\u0644\\u063a\\u0627\\u0621 \\u0641\\u0648\\u0631\\u064a \\u0644\\u0644\\u062a\\u0631\\u062e\\u064a\\u0635 \\u0627\\u0644\\u0645\\u0645\\u0646\\u0648\\u062d \\u0641\\u064a \\u0647\\u0630\\u0647 \\u0627\\u0644\\u0641\\u0642\\u0631\\u0629 \\u062f\\u0648\\u0646 \\u0633\\u0627\\u0628\\u0642 \\u0625\\u0646\\u0630\\u0627\\u0631 \\u0644\\u0643.\\r\\n\\r\\n\\r\\n\\r\\n2.2 \\u0628\\u0627\\u0633\\u062a\\u062b\\u0646\\u0627\\u0621 \\u0645\\u0627 \\u0647\\u0648 \\u0645\\u0633\\u0645\\u0648\\u062d \\u0628\\u0647 \\u0641\\u064a \\u0627\\u0644\\u0641\\u0642\\u0631\\u0629 \\u0623\\u0639\\u0644\\u0627\\u0647\\u060c \\u0644\\u0627 \\u064a\\u062c\\u0648\\u0632 \\u0644\\u0643 \\u0625\\u0639\\u0627\\u062f\\u0629 \\u0625\\u0646\\u062a\\u0627\\u062c \\u0627\\u0644\\u062e\\u062f\\u0645\\u0627\\u062a \\u0623\\u0648 \\u0623\\u064a \\u062c\\u0632\\u0621 \\u0645\\u0646\\u0647\\u0627 \\u0623\\u0648 \\u062a\\u0648\\u0632\\u064a\\u0639\\u0647\\u0627\\u060c \\u0623\\u0648 \\u0639\\u0631\\u0636\\u0647\\u0627\\u060c \\u0623\\u0648 \\u0628\\u064a\\u0639\\u0647\\u0627\\u060c \\u0623\\u0648 \\u062a\\u0623\\u062c\\u064a\\u0631\\u0647\\u0627\\u060c \\u0623\\u0648 \\u0646\\u0642\\u0644\\u0647\\u0627\\u060c \\u0623\\u0648 \\u0625\\u0646\\u0634\\u0627\\u0621 \\u0623\\u0639\\u0645\\u0627\\u0644 \\u0645\\u0634\\u062a\\u0642\\u0629 \\u0645\\u0646\\u0647\\u0627 \\u0623\\u0648 \\u062a\\u0631\\u062c\\u0645\\u062a\\u0647\\u0627 \\u0623\\u0648 \\u062a\\u0639\\u062f\\u064a\\u0644\\u0647\\u0627 \\u0623\\u0648 \\u0625\\u062c\\u0631\\u0627\\u0621 \\u0647\\u0646\\u062f\\u0633\\u0629 \\u0639\\u0643\\u0633\\u064a\\u0629 \\u0644\\u0647\\u0627 \\u0623\\u0648 \\u062a\\u0641\\u0643\\u064a\\u0643\\u0647\\u0627 \\u0623\\u0648 \\u062a\\u0641\\u0643\\u064a\\u0643\\u0647\\u0627 \\u0623\\u0648 \\u0627\\u0633\\u062a\\u063a\\u0644\\u0627\\u0644\\u0647\\u0627 \\u0628\\u0623\\u064a \\u0637\\u0631\\u064a\\u0642\\u0629 \\u0623\\u062e\\u0631\\u0649 \\u0645\\u0627 \\u0644\\u0645 \\u064a\\u062a\\u0645 \\u0627\\u0644\\u0633\\u0645\\u0627\\u062d \\u0628\\u0647 \\u0635\\u0631\\u0627\\u062d\\u0629\\u064b \\u0648\\u0643\\u062a\\u0627\\u0628\\u0629 \\u0645\\u0646 \\u0642\\u0650\\u0628\\u0644 \\u062a\\u0637\\u0628\\u064a\\u0642 \\u0628\\u0644\\u0648\\u0643\\u0627\\u062a \\u0628\\u0648\\u062a\\u064a\\u0643. \\u0644\\u0627 \\u064a\\u062c\\u0648\\u0632 \\u0644\\u0643 \\u0627\\u0644\\u0627\\u0633\\u062a\\u062e\\u062f\\u0627\\u0645 \\u0627\\u0644\\u062a\\u062c\\u0627\\u0631\\u064a \\u0644\\u0623\\u064a \\u0645\\u0646 \\u0627\\u0644\\u0645\\u0639\\u0644\\u0648\\u0645\\u0627\\u062a \\u0627\\u0644\\u0645\\u0642\\u062f\\u0645\\u0629 \\u0639\\u0644\\u0649 \\u0627\\u0644\\u062e\\u062f\\u0645\\u0627\\u062a \\u0623\\u0648 \\u0627\\u0633\\u062a\\u062e\\u062f\\u0627\\u0645 \\u0623\\u064a \\u0645\\u0646 \\u0627\\u0644\\u062e\\u062f\\u0645\\u0627\\u062a \\u0644\\u0635\\u0627\\u0644\\u062d \\u0634\\u0631\\u0643\\u0629 \\u0623\\u062e\\u0631\\u0649 \\u0645\\u0627 \\u0644\\u0645 \\u062a\\u0633\\u0645\\u062d \\u0634\\u0631\\u0643\\u0629 \\u0628\\u0644\\u0648\\u0643\\u0627\\u062a \\u0628\\u0648\\u062a\\u064a\\u0643 \\u0630.\\u0645.\\u0645. \\u0635\\u0631\\u0627\\u062d\\u0629\\u064b \\u0628\\u0630\\u0644\\u0643 \\u0645\\u0633\\u0628\\u0642\\u064b\\u0627. \\u062a\\u062d\\u062a\\u0641\\u0638 \\u0634\\u0631\\u0643\\u0629 \\u0628\\u0644\\u0648\\u0643\\u0627\\u062a \\u0628\\u0648\\u062a\\u064a\\u0643 \\u0630.\\u0645.\\u0645. \\u0628\\u0627\\u0644\\u062d\\u0642 \\u0641\\u064a \\u0631\\u0641\\u0636 \\u0627\\u0644\\u062e\\u062f\\u0645\\u0629 \\u0648 \\/ \\u0623\\u0648 \\u0625\\u0646\\u0647\\u0627\\u0621 \\u0627\\u0644\\u062d\\u0633\\u0627\\u0628\\u0627\\u062a \\u0648 \\/ \\u0623\\u0648 \\u0625\\u0644\\u063a\\u0627\\u0621 \\u0627\\u0644\\u0637\\u0644\\u0628\\u0627\\u062a \\u0648\\u0641\\u0642\\u064b\\u0627 \\u0644\\u062a\\u0642\\u062f\\u064a\\u0631\\u0647\\u0627\\u060c \\u0628\\u0645\\u0627 \\u0641\\u064a \\u0630\\u0644\\u0643\\u060c \\u0639\\u0644\\u0649 \\u0633\\u0628\\u064a\\u0644 \\u0627\\u0644\\u0645\\u062b\\u0627\\u0644 \\u0644\\u0627 \\u0627\\u0644\\u062d\\u0635\\u0631\\u060c \\u0625\\u0630\\u0627 \\u0643\\u0646\\u0627 \\u0646\\u0639\\u062a\\u0642\\u062f \\u0623\\u0646 \\u0633\\u0644\\u0648\\u0643 \\u0627\\u0644\\u0639\\u0645\\u064a\\u0644 \\u064a\\u0646\\u062a\\u0647\\u0643 \\u0627\\u0644\\u0642\\u0627\\u0646\\u0648\\u0646 \\u0627\\u0644\\u0645\\u0639\\u0645\\u0648\\u0644 \\u0628\\u0647 \\u0623\\u0648 \\u064a\\u0636\\u0631 \\u0628\\u0645\\u0635\\u0627\\u0644\\u062d\\u0646\\u0627.\\r\\n\\r\\n2.3 \\u0644\\u0627 \\u064a\\u062c\\u0648\\u0632 \\u0644\\u0643 \\u062a\\u062d\\u0645\\u064a\\u0644\\u060c \\u0623\\u0648 \\u062a\\u0648\\u0632\\u064a\\u0639\\u060c \\u0623\\u0648 \\u0646\\u0634\\u0631 \\u0623\\u064a \\u0645\\u062d\\u062a\\u0648\\u0649\\u060c \\u0623\\u0648 \\u0645\\u0639\\u0644\\u0648\\u0645\\u0627\\u062a\\u060c \\u0623\\u0648 \\u0645\\u0648\\u0627\\u062f \\u0623\\u062e\\u0631\\u0649 \\u0645\\u0646 \\u062e\\u0644\\u0627\\u0644 \\u0627\\u0644\\u062e\\u062f\\u0645\\u0627\\u062a \\u0627\\u0644\\u062a\\u064a: (\\u0623) \\u062a\\u0646\\u062a\\u0647\\u0643 \\u0623\\u0648 \\u062a\\u0646\\u062a\\u0647\\u0643 \\u062d\\u0642\\u0648\\u0642 \\u0627\\u0644\\u0637\\u0628\\u0639 \\u0648\\u0627\\u0644\\u0646\\u0634\\u0631\\u060c \\u0623\\u0648 \\u0628\\u0631\\u0627\\u0621\\u0627\\u062a \\u0627\\u0644\\u0627\\u062e\\u062a\\u0631\\u0627\\u0639\\u060c \\u0623\\u0648 \\u0627\\u0644\\u0639\\u0644\\u0627\\u0645\\u0627\\u062a \\u0627\\u0644\\u062a\\u062c\\u0627\\u0631\\u064a\\u0629\\u060c \\u0623\\u0648 \\u0639\\u0644\\u0627\\u0645\\u0627\\u062a \\u0627\\u0644\\u062e\\u062f\\u0645\\u0629\\u060c \\u0623\\u0648 \\u0627\\u0644\\u0623\\u0633\\u0631\\u0627\\u0631 \\u0627\\u0644\\u062a\\u062c\\u0627\\u0631\\u064a\\u0629\\u060c \\u0623\\u0648 \\u062d\\u0642\\u0648\\u0642 \\u0627\\u0644\\u0645\\u0644\\u0643\\u064a\\u0629 \\u0627\\u0644\\u0623\\u062e\\u0631\\u0649 \\u0644\\u0623\\u064a \\u0634\\u062e\\u0635\\u061b (\\u0628) \\u062a\\u0634\\u0647\\u064a\\u0631\\u064a\\u0629\\u060c \\u0623\\u0648 \\u062a\\u0647\\u062f\\u064a\\u062f\\u064a\\u0629\\u060c \\u0623\\u0648 \\u0627\\u0641\\u062a\\u0631\\u0627\\u0626\\u064a\\u0629\\u060c \\u0623\\u0648 \\u0641\\u0627\\u062d\\u0634\\u0629\\u060c \\u0623\\u0648 \\u063a\\u064a\\u0631 \\u0644\\u0627\\u0626\\u0642\\u0629\\u060c \\u0623\\u0648 \\u0625\\u0628\\u0627\\u062d\\u064a\\u0629\\u060c \\u0623\\u0648 \\u0642\\u062f \\u062a\\u0624\\u062f\\u064a \\u0625\\u0644\\u0649 \\u0623\\u064a \\u0645\\u0633\\u0624\\u0648\\u0644\\u064a\\u0629 \\u0645\\u062f\\u0646\\u064a\\u0629 \\u0623\\u0648 \\u062c\\u0646\\u0627\\u0626\\u064a\\u0629 \\u0628\\u0645\\u0648\\u062c\\u0628 \\u0627\\u0644\\u0642\\u0627\\u0646\\u0648\\u0646 \\u0627\\u0644\\u0645\\u062d\\u0644\\u064a \\u0623\\u0648 \\u0627\\u0644\\u062f\\u0648\\u0644\\u064a\\u061b \\u0623\\u0648 (\\u062c) \\u064a\\u062a\\u0636\\u0645\\u0646 \\u0623\\u064a \\u0623\\u062e\\u0637\\u0627\\u0621 \\u0623\\u0648 \\u0641\\u064a\\u0631\\u0648\\u0633\\u0627\\u062a\\u060c \\u0623\\u0648 \\u0623\\u064a \\u0643\\u0648\\u062f \\u0623\\u0648 \\u0645\\u0648\\u0627\\u062f \\u0623\\u0648 \\u062e\\u0635\\u0627\\u0626\\u0635 \\u062e\\u0628\\u064a\\u062b\\u0629 \\u0623\\u0648 \\u0636\\u0627\\u0631\\u0629 \\u062a\\u0642\\u0646\\u064a\\u064b\\u0627.\\r\\n\\r\\n3.\\u0627\\u0644\\u0645\\u0644\\u0643\\u064a\\u0629 \\u0627\\u0644\\u0641\\u0643\\u0631\\u064a\\u0629: \\r\\n3.1 \\u0627\\u0644\\u0645\\u0648\\u0642\\u0639 \\u0648\\u0627\\u0644\\u062a\\u0637\\u0628\\u064a\\u0642\\u060c \\u0628\\u0645\\u0627 \\u0641\\u064a \\u0630\\u0644\\u0643 \\u062c\\u0645\\u064a\\u0639 \\u0645\\u0639\\u0644\\u0648\\u0645\\u0627\\u062a\\u0647 \\u0648\\u0645\\u062d\\u062a\\u0648\\u064a\\u0627\\u062a\\u0647\\u060c \\u0645\\u062b\\u0644 \\u0627\\u0644\\u0646\\u0635\\u0648\\u0635 \\u0648\\u0627\\u0644\\u0628\\u0631\\u0627\\u0645\\u062c \\u0648\\u0627\\u0644\\u0646\\u0635\\u0648\\u0635 \\u0648\\u0627\\u0644\\u0631\\u0633\\u0648\\u0645\\u0627\\u062a \\u0648\\u0627\\u0644\\u0635\\u0648\\u0631 \\u0648\\u0627\\u0644\\u0623\\u0635\\u0648\\u0627\\u062a \\u0648\\u0627\\u0644\\u0645\\u0648\\u0633\\u064a\\u0642\\u0649 \\u0648\\u0645\\u0642\\u0627\\u0637\\u0639 \\u0627\\u0644\\u0641\\u064a\\u062f\\u064a\\u0648 \\u0648\\u0627\\u0644\\u0645\\u064a\\u0632\\u0627\\u062a \\u0627\\u0644\\u062a\\u0641\\u0627\\u0639\\u0644\\u064a\\u0629 (\\u064a\\u064f\\u0634\\u0627\\u0631 \\u0625\\u0644\\u064a\\u0647\\u0627 \\u0625\\u062c\\u0645\\u0627\\u0644\\u0627\\u064b \\u0628\\u0627\\u0633\\u0645 \\\"\\u0627\\u0644\\u0645\\u062d\\u062a\\u0648\\u0649\\\") \\u0627\\u0644\\u0645\\u0642\\u062f\\u0645\\u0629 \\u0643\\u062c\\u0632\\u0621 \\u0645\\u0646 \\u0627\\u0644\\u062e\\u062f\\u0645\\u0627\\u062a \\u062a\\u0646\\u062a\\u0645\\u064a \\u0641\\u064a \\u062c\\u0645\\u064a\\u0639 \\u0627\\u0644\\u0623\\u0648\\u0642\\u0627\\u062a \\u0644\\u0634\\u0631\\u0643\\u0629 \\u0628\\u0644\\u0648\\u0643\\u0627\\u062a \\u0628\\u0648\\u062a\\u064a\\u0643 \\u0630.\\u0645.\\u0645. \\u0623\\u0648 \\u0644\\u0645\\u0646 \\u064a\\u0645\\u0646\\u062d\\u0648\\u0646\\u0646\\u0627 \\u062a\\u0631\\u062e\\u064a\\u0635\\u064b\\u0627 \\u0644\\u0627\\u0633\\u062a\\u062e\\u062f\\u0627\\u0645\\u0647\\u0645. \\u0644\\u0627 \\u064a\\u062c\\u0648\\u0632 \\u0644\\u0643 \\u0627\\u0633\\u062a\\u062e\\u062f\\u0627\\u0645 \\u0627\\u0644\\u0645\\u062d\\u062a\\u0648\\u0649 \\u0625\\u0644\\u0627 \\u0625\\u0644\\u0649 \\u0627\\u0644\\u062d\\u062f \\u0627\\u0644\\u0630\\u064a \\u0646\\u0633\\u0645\\u062d \\u0628\\u0647 \\u0646\\u062d\\u0646 \\u0623\\u0648 \\u0645\\u0631\\u062e\\u0635\\u0648 \\u0627\\u0644\\u0627\\u0633\\u062a\\u062e\\u062f\\u0627\\u0645 \\u0635\\u0631\\u0627\\u062d\\u0629\\u064b.\\r\\n\\r\\n3.2 \\u064a\\u062a\\u0645 \\u062a\\u0648\\u0641\\u064a\\u0631 \\u0627\\u0644\\u0645\\u062d\\u062a\\u0648\\u0649 \\u0627\\u0644\\u0645\\u0648\\u062c\\u0648\\u062f \\u0639\\u0644\\u0649 \\u0627\\u0644\\u062e\\u062f\\u0645\\u0627\\u062a \\u0644\\u0643 \\u0643\\u0645\\u0627 \\u0647\\u0648 \\u0644\\u0645\\u0639\\u0644\\u0648\\u0645\\u0627\\u062a\\u0643 \\u0641\\u0642\\u0637 \\u0648\\u0644\\u0627 \\u064a\\u062c\\u0648\\u0632 \\u062a\\u0646\\u0632\\u064a\\u0644\\u0647\\u060c \\u0623\\u0648 \\u0646\\u0633\\u062e\\u0647\\u060c \\u0623\\u0648 \\u0625\\u0639\\u0627\\u062f\\u0629 \\u0625\\u0646\\u062a\\u0627\\u062c\\u0647\\u060c \\u0623\\u0648 \\u062a\\u0648\\u0632\\u064a\\u0639\\u0647\\u060c \\u0623\\u0648 \\u0646\\u0642\\u0644\\u0647\\u060c \\u0623\\u0648 \\u0628\\u062b\\u0647\\u060c \\u0623\\u0648 \\u0639\\u0631\\u0636\\u0647\\u060c \\u0623\\u0648 \\u0628\\u064a\\u0639\\u0647\\u060c \\u0623\\u0648 \\u062a\\u0631\\u062e\\u064a\\u0635\\u0647\\u060c \\u0623\\u0648 \\u0627\\u0633\\u062a\\u063a\\u0644\\u0627\\u0644\\u0647 \\u0628\\u0623\\u064a \\u0634\\u0643\\u0644 \\u0645\\u0646 \\u0627\\u0644\\u0623\\u0634\\u0643\\u0627\\u0644 \\u0644\\u0623\\u064a \\u0623\\u063a\\u0631\\u0627\\u0636 \\u0623\\u062e\\u0631\\u0649 \\u0639\\u0644\\u0649 \\u0627\\u0644\\u0625\\u0637\\u0644\\u0627\\u0642 \\u062f\\u0648\\u0646 \\u0627\\u0644\\u062d\\u0635\\u0648\\u0644 \\u0639\\u0644\\u0649 \\u0645\\u0648\\u0627\\u0641\\u0642\\u0629 \\u062e\\u0637\\u064a\\u0629 \\u0645\\u0633\\u0628\\u0642\\u0629 \\u0645\\u0646 \\u0644\\u0634\\u0631\\u0643\\u0629 \\u0628\\u0644\\u0648\\u0643\\u0627\\u062a \\u0628\\u0648\\u062a\\u064a\\u0643 \\u0630.\\u0645.\\u0645. \\u0623\\u0648 \\u0623\\u0635\\u062d\\u0627\\u0628\\u0647\\u0627 \\u0623\\u0648 \\u0627\\u0644\\u0645\\u0631\\u062e\\u0635\\u064a\\u0646. \\u0646\\u062d\\u062a\\u0641\\u0638 \\u0628\\u062c\\u0645\\u064a\\u0639 \\u0627\\u0644\\u062d\\u0642\\u0648\\u0642 \\u063a\\u064a\\u0631 \\u0627\\u0644\\u0645\\u0645\\u0646\\u0648\\u062d\\u0629 \\u0635\\u0631\\u0627\\u062d\\u0629\\u064b \\u0641\\u064a \\u0627\\u0644\\u0645\\u062d\\u062a\\u0648\\u0649. \\u0623\\u0646\\u062a \\u062a\\u0642\\u0631 \\u0648\\u062a\\u0648\\u0627\\u0641\\u0642 \\u0639\\u0644\\u0649 \\u0623\\u0646 \\u0623\\u064a \\u0623\\u0633\\u0626\\u0644\\u0629\\u060c \\u0623\\u0648 \\u062a\\u0639\\u0644\\u064a\\u0642\\u0627\\u062a\\u060c \\u0623\\u0648 \\u0627\\u0642\\u062a\\u0631\\u0627\\u062d\\u0627\\u062a\\u060c \\u0623\\u0648 \\u0623\\u0641\\u0643\\u0627\\u0631\\u060c \\u0623\\u0648 \\u0645\\u0644\\u0627\\u062d\\u0638\\u0627\\u062a\\u060c \\u0623\\u0648 \\u0645\\u0639\\u0644\\u0648\\u0645\\u0627\\u062a \\u0623\\u062e\\u0631\\u0649 \\u062d\\u0648\\u0644 \\u0627\\u0644\\u062e\\u062f\\u0645\\u0627\\u062a \\u0627\\u0644\\u062a\\u064a \\u062a\\u0642\\u062f\\u0645\\u0647\\u0627 \\u0644\\u0646\\u0627 \\u063a\\u064a\\u0631 \\u0633\\u0631\\u064a\\u0629 \\u0648\\u0633\\u062a\\u0635\\u0628\\u062d \\u0645\\u0644\\u0643\\u064a\\u0629 \\u062d\\u0635\\u0631\\u064a\\u0629 \\u0644\\u0634\\u0631\\u0643\\u0629 \\u0628\\u0644\\u0648\\u0643\\u0627\\u062a \\u0628\\u0648\\u062a\\u064a\\u0643 \\u0630.\\u0645.\\u0645.\\r\\n\\r\\n4. \\u062a\\u0646\\u0648\\u064a\\u0647 \\u0627\\u0644\\u0636\\u0645\\u0627\\u0646:\\r\\n\\u062a\\u0648\\u0641\\u0631 \\u0634\\u0631\\u0643\\u0629 \\u0628\\u0644\\u0648\\u0643\\u0627\\u062a \\u0628\\u0648\\u062a\\u064a\\u0643 \\u0630.\\u0645.\\u0645. \\u0647\\u0630\\u0627 \\u0627\\u0644\\u062a\\u0637\\u0628\\u064a\\u0642 \\u0648\\u0627\\u0644\\u0645\\u062d\\u062a\\u0648\\u0649 \\u0648\\u0645\\u062d\\u062a\\u0648\\u0649 \\u0627\\u0644\\u0627\\u0633\\u062a\\u062e\\u062f\\u0627\\u0645 \\u0639\\u0644\\u0649 \\u0627\\u0644\\u0645\\u0648\\u0642\\u0639 \\\"\\u0643\\u0645\\u0627 \\u0647\\u064a\\\" \\u0648\\u0628\\u062f\\u0648\\u0646 \\u0623\\u064a \\u0636\\u0645\\u0627\\u0646\\u0627\\u062a \\u0645\\u0646 \\u0623\\u064a \\u0646\\u0648\\u0639\\u060c \\u0633\\u0648\\u0627\\u0621 \\u0643\\u0627\\u0646\\u062a \\u0635\\u0631\\u064a\\u062d\\u0629 \\u0623\\u0648 \\u0636\\u0645\\u0646\\u064a\\u0629 \\u0625\\u0644\\u0649 \\u0623\\u0642\\u0635\\u0649 \\u062d\\u062f \\u0645\\u0633\\u0645\\u0648\\u062d \\u0628\\u0647 \\u0628\\u0645\\u0642\\u062a\\u0636\\u0649 \\u0627\\u0644\\u0642\\u0627\\u0646\\u0648\\u0646 \\u0627\\u0644\\u0645\\u0639\\u0645\\u0648\\u0644 \\u0628\\u0647\\u060c \\u0648\\u0644\\u064a\\u0633 \\u0645\\u062d\\u0635\\u0648\\u0631\\u0627\\u064b \\u0641\\u064a\\u060c \\u0627\\u0644\\u0636\\u0645\\u0627\\u0646\\u0627\\u062a \\u0627\\u0644\\u0645\\u062a\\u0639\\u0644\\u0642\\u0629 \\u0628\\u062d\\u0642 \\u0627\\u0644\\u0645\\u0644\\u0643\\u064a\\u0629 \\u0648\\u0639\\u062f\\u0645 \\u0627\\u0646\\u062a\\u0647\\u0627\\u0643 \\u0627\\u0644\\u062d\\u0642\\u0648\\u0642 \\u0627\\u0644\\u0645\\u0644\\u0643\\u064a\\u0629 \\u0627\\u0644\\u0641\\u0643\\u0631\\u064a\\u0629 \\u0648\\u0627\\u0644\\u0645\\u062a\\u0639\\u0644\\u0642\\u0629 \\u0628\\u0642\\u0648\\u0627\\u0646\\u064a\\u0646 \\u0627\\u0644\\u062a\\u062c\\u0627\\u0631\\u0629. \\u0634\\u0631\\u0643\\u0629 \\u0628\\u0644\\u0648\\u0643\\u0627\\u062a \\u0628\\u0648\\u062a\\u064a\\u0643 \\u0630.\\u0645.\\u0645. \\u0644\\u0627 \\u062a\\u0645\\u062b\\u0644 \\u0623\\u0648 \\u062a\\u0636\\u0645\\u0646 \\u0623\\u0646 \\u0627\\u0644\\u0648\\u0638\\u0627\\u0626\\u0641 \\u0627\\u0644\\u0648\\u0627\\u0631\\u062f\\u0629 \\u0641\\u064a \\u0627\\u0644\\u0645\\u0648\\u0642\\u0639 \\u0633\\u062a\\u0643\\u0648\\u0646 \\u062f\\u0648\\u0646 \\u0627\\u0646\\u0642\\u0637\\u0627\\u0639 \\u0623\\u0648 \\u062e\\u0627\\u0644\\u064a\\u0629 \\u0645\\u0646 \\u0627\\u0644\\u0623\\u062e\\u0637\\u0627\\u0621\\u060c \\u0623\\u0648 \\u0628\\u0623\\u0646 \\u0633\\u064a\\u062a\\u0645 \\u0625\\u0635\\u0644\\u0627\\u062d \\u0627\\u0644\\u0639\\u064a\\u0648\\u0628\\u060c \\u0623\\u0648 \\u0623\\u0646 \\u0647\\u0630\\u0627 \\u0627\\u0644\\u0645\\u0648\\u0642\\u0639 \\u0627\\u0644\\u0630\\u064a \\u064a\\u062c\\u0639\\u0644 \\u0627\\u0644\\u0645\\u0648\\u0642\\u0639 \\u0645\\u062a\\u0627\\u062d \\u062e\\u0627\\u0644\\u064a \\u0645\\u0646 \\u0627\\u0644\\u0641\\u064a\\u0631\\u0648\\u0633\\u0627\\u062a \\u0623\\u0648 \\u063a\\u064a\\u0631\\u0647\\u0627 \\u0645\\u0646 \\u0627\\u0644\\u0645\\u0643\\u0648\\u0646\\u0627\\u062a \\u0627\\u0644\\u0636\\u0627\\u0631\\u0629. \\u0634\\u0631\\u0643\\u0629 \\u0628\\u0644\\u0648\\u0643\\u0627\\u062a \\u0628\\u0648\\u062a\\u064a\\u0643 \\u0630.\\u0645.\\u0645. \\u0644\\u0627 \\u062a\\u0639\\u0637\\u064a \\u0623\\u064a \\u0636\\u0645\\u0627\\u0646\\u0627\\u062a \\u0623\\u0648 \\u062a\\u0623\\u0643\\u064a\\u062f\\u0627\\u062a \\u0628\\u0634\\u0623\\u0646 \\u0627\\u0633\\u062a\\u062e\\u062f\\u0627\\u0645 \\u0627\\u0644\\u0645\\u0648\\u0627\\u062f \\u0627\\u0644\\u0645\\u0648\\u062c\\u0648\\u062f\\u0629 \\u0641\\u064a \\u0647\\u0630\\u0627 \\u0627\\u0644\\u0645\\u0648\\u0642\\u0639 \\u0645\\u0646 \\u062d\\u064a\\u062b \\u0635\\u062d\\u062a\\u0647\\u0627 \\u0623\\u0648 \\u062f\\u0642\\u062a\\u0647\\u0627\\u060c \\u0643\\u0641\\u0627\\u064a\\u062a\\u0647\\u0627\\u060c \\u0641\\u0627\\u0626\\u062f\\u062a\\u0647\\u0627\\u060c \\u0627\\u0633\\u062a\\u0645\\u0631\\u0627\\u0631\\u064a\\u062a\\u0647\\u0627\\u060c \\u0648\\u0645\\u0635\\u062f\\u0627\\u0642\\u064a\\u062a\\u0647\\u0627 \\u0623\\u0648 \\u062e\\u0644\\u0627\\u0641 \\u0630\\u0644\\u0643. \\u0628\\u0639\\u0636 \\u0627\\u0644\\u062f\\u0648\\u0644 \\u0644\\u0627 \\u062a\\u0633\\u0645\\u062d \\u0627\\u0644\\u0642\\u064a\\u0648\\u062f \\u0623\\u0648 \\u0627\\u0644\\u0627\\u0633\\u062a\\u062b\\u0646\\u0627\\u0621\\u0627\\u062a \\u0639\\u0644\\u0649 \\u0627\\u0644\\u0636\\u0645\\u0627\\u0646\\u0627\\u062a\\u060c \\u0644\\u0630\\u0644\\u0643 \\u0642\\u062f \\u0644\\u0627 \\u062a\\u0646\\u0637\\u0628\\u0642 \\u0627\\u0644\\u0642\\u064a\\u0648\\u062f \\u0627\\u0644\\u0645\\u0630\\u0643\\u0648\\u0631\\u0629 \\u0623\\u0639\\u0644\\u0627\\u0647 \\u0644\\u0643.\\r\\n\\r\\n5.\\u0627\\u062e\\u0644\\u0627\\u0621 \\u0627\\u0644\\u0645\\u0633\\u0624\\u0648\\u0644\\u064a\\u0629: \\r\\n5.1 \\u0644\\u0627 \\u0646\\u0642\\u062f\\u0645 \\u0623\\u064a \\u062a\\u0639\\u0647\\u062f\\u0627\\u062a \\u0641\\u064a\\u0645\\u0627 \\u064a\\u062a\\u0639\\u0644\\u0642\\u060c \\u0648\\u0646\\u062e\\u0644\\u064a \\u0645\\u0633\\u0624\\u0648\\u0644\\u064a\\u062a\\u0646\\u0627 \\u0635\\u0631\\u0627\\u062d\\u0629\\u064b \\u0639\\u0646: (1) \\u0627\\u0644\\u0645\\u0646\\u062a\\u062c\\u0627\\u062a\\u060c \\u0648\\u0627\\u0644\\u062e\\u062f\\u0645\\u0627\\u062a\\u060c \\u062c\\u0648\\u062f\\u062a\\u0647\\u0627\\u060c \\u062a\\u0637\\u0627\\u0628\\u0642\\u0647\\u0627 \\u0644\\u0644\\u0645\\u0648\\u0627\\u0635\\u0641\\u0627\\u062a \\u0648\\u0627\\u0644\\u0645\\u0639\\u0627\\u064a\\u064a\\u0631\\u060c \\u062d\\u0627\\u0644\\u062a\\u0647\\u0627\\u060c \\u0648\\u0646\\u0648\\u0639\\u0647\\u0627\\u060c \\u0633\\u0648\\u0627\\u0621 \\u0643\\u0627\\u0646\\u062a \\u0645\\u0639\\u0637\\u0648\\u0628\\u0629 \\u0623\\u0648 \\u0645\\u0639\\u064a\\u0628\\u0629 \\u0643\\u0645\\u0627 \\u0627\\u0644\\u0645\\u0639\\u0644\\u0648\\u0645\\u0627\\u062a\\u060c \\u0648\\u0627\\u0644\\u0628\\u0631\\u0645\\u062c\\u0629\\u060c \\u0648 \\/ \\u0623\\u0648 \\u0623\\u064a \\u0634\\u064a\\u0621 \\u0622\\u062e\\u0631 \\u064a\\u0642\\u062f\\u0645\\u0647 \\u0627\\u0644\\u0645\\u062a\\u0627\\u062c\\u0631 \\u0627\\u0644\\u0627\\u0644\\u0643\\u062a\\u0631\\u0648\\u0646\\u064a\\u0629 \\u0623\\u0648 \\u062a\\u0644\\u0643 \\u0627\\u0644\\u062a\\u064a \\u064a\\u0645\\u0643\\u0646 \\u0627\\u0644\\u0648\\u0635\\u0648\\u0644 \\u0625\\u0644\\u064a\\u0647 \\u0645\\u0646 \\u062e\\u0644\\u0627\\u0644 \\u0627\\u0644\\u062e\\u062f\\u0645\\u0627\\u062a\\u061b \\u0623\\u0648 (2) \\u062c\\u0648\\u062f\\u0629 \\u0623\\u0648 \\u0633\\u0644\\u0648\\u0643 \\u0623\\u064a \\u0637\\u0631\\u0641 \\u062b\\u0627\\u0644\\u062b \\u062a\\u062a\\u0639\\u0627\\u0645\\u0644 \\u0645\\u0639\\u0647 \\u0641\\u064a\\u0645\\u0627 \\u064a\\u062a\\u0639\\u0644\\u0642 \\u0628\\u0627\\u0633\\u062a\\u062e\\u062f\\u0627\\u0645\\u0643 \\u0644\\u0644\\u062e\\u062f\\u0645\\u0627\\u062a.\\r\\n\\r\\n\\r\\n5.2 \\u0623\\u0646\\u062a \\u062a\\u0648\\u0627\\u0641\\u0642 \\u0639\\u0644\\u0649 \\u0625\\u0646\\u0643 \\u0648\\u062d\\u062f\\u0643 \\u062a\\u062a\\u062d\\u0645\\u0644 \\u0645\\u0633\\u0624\\u0648\\u0644\\u064a\\u0629 \\u0627\\u0633\\u062a\\u062e\\u062f\\u0627\\u0645\\u0643 \\u0644\\u0647\\u0630\\u0627 \\u0627\\u0644\\u0645\\u0648\\u0642\\u0639\\/\\u0627\\u0644\\u062a\\u0637\\u0628\\u064a\\u0642. \\u0641\\u0628\\u0627\\u0644\\u062d\\u062f \\u0627\\u0644\\u0623\\u0642\\u0635\\u0649 \\u0627\\u0644\\u0630\\u064a \\u064a\\u0633\\u0645\\u062d \\u0628\\u0647 \\u0627\\u0644\\u0642\\u0627\\u0646\\u0648\\u0646\\u060c \\u0644\\u0646 \\u062a\\u0643\\u0648\\u0646 \\u0634\\u0631\\u0643\\u0629 \\u0628\\u0644\\u0648\\u0643\\u0627\\u062a \\u0628\\u0648\\u062a\\u064a\\u0643 \\u0630.\\u0645.\\u0645. \\u0648\\u0639\\u0645\\u0627\\u0644\\u0647\\u0627 \\u0648\\u0627\\u0644\\u0642\\u0627\\u0626\\u0645\\u064a\\u0646 \\u0639\\u0644\\u064a\\u0647\\u0627 \\u0648\\u0634\\u0631\\u0643\\u0627\\u062a\\u0647\\u0627 \\u0627\\u0644\\u0641\\u0631\\u0639\\u064a\\u0629 \\u0644\\u0627 \\u064a\\u062a\\u062d\\u0645\\u0644\\u0648\\u0646 \\u0623\\u064a \\u0645\\u0633\\u0624\\u0648\\u0644\\u064a\\u0629 \\u0645\\u0646 \\u0623\\u064a \\u0646\\u0648\\u0639 \\u0643\\u0627\\u0646\\u062a. \\u062f\\u0648\\u0646 \\u062a\\u0642\\u064a\\u064a\\u062f \\u0645\\u0627 \\u0633\\u0628\\u0642\\u060c \\u0641\\u0623\\u0646\\u062a \\u062a\\u0648\\u0627\\u0641\\u0642 \\u0639\\u0644\\u0649 \\u0623\\u0646\\u0647\\u060c \\u0625\\u0644\\u0649 \\u0627\\u0644\\u062d\\u062f \\u0627\\u0644\\u0623\\u0642\\u0635\\u0649 \\u0627\\u0644\\u0630\\u064a \\u064a\\u0633\\u0645\\u062d \\u0628\\u0647 \\u0627\\u0644\\u0642\\u0627\\u0646\\u0648\\u0646\\u060c \\u0644\\u0646 \\u062a\\u0643\\u0648\\u0646 \\u0634\\u0631\\u0643\\u0629 \\u0628\\u0644\\u0648\\u0643\\u0627\\u062a \\u0628\\u0648\\u062a\\u064a\\u0643 \\u0630.\\u0645.\\u0645. \\u0648\\u0639\\u0645\\u0627\\u0644\\u0647\\u0627 \\u0648\\u0627\\u0644\\u0642\\u0627\\u0626\\u0645\\u064a\\u0646 \\u0639\\u0644\\u064a\\u0647\\u0627 \\u0648\\u0634\\u0631\\u0643\\u0627\\u062a\\u0647\\u0627 \\u0627\\u0644\\u0641\\u0631\\u0639\\u064a\\u0629 \\u0645\\u0633\\u0624\\u0648\\u0644\\u064a\\u0646 \\u0639\\u0646 \\u0623\\u064a \\u0623\\u0636\\u0631\\u0627\\u0631 \\u063a\\u064a\\u0631 \\u0645\\u0628\\u0627\\u0634\\u0631\\u0629 \\u0623\\u0648 \\u0639\\u0631\\u0636\\u064a\\u0629 \\u0623\\u0648 \\u062a\\u0628\\u0639\\u064a\\u0629 \\u0623\\u0648 \\u062e\\u0627\\u0635\\u0629 \\u0623\\u0648 \\u0646\\u0645\\u0648\\u0630\\u062c\\u064a\\u0629 \\u0623\\u0648 \\u062e\\u0633\\u0627\\u0626\\u0631 \\u0641\\u064a \\u0627\\u0644\\u0623\\u0631\\u0628\\u0627\\u062d \\u0623\\u0648 \\u062a\\u0639\\u0648\\u064a\\u0636\\u0627\\u062a \\u0639\\u0646 \\u0627\\u0644\\u0639\\u0645\\u0644 \\u0627\\u0644\\u0628\\u064a\\u0627\\u0646\\u0627\\u062a (\\u062d\\u062a\\u0649 \\u0625\\u0630\\u0627 \\u0643\\u0627\\u0646\\u062a \\u0645\\u062a\\u0648\\u0642\\u0639\\u0629) \\u0627\\u0644\\u0646\\u0627\\u0634\\u0626\\u0629 \\u0639\\u0646 \\u0623\\u0648 \\u0628\\u0623\\u064a \\u0637\\u0631\\u064a\\u0642\\u0629 \\u0645\\u0631\\u062a\\u0628\\u0637\\u0629 \\u0628\\u0627\\u0633\\u062a\\u062e\\u062f\\u0627\\u0645\\u0643 \\u0644\\u0644\\u062e\\u062f\\u0645\\u0627\\u062a \\u0623\\u0648 \\u0639\\u062f\\u0645 \\u0642\\u062f\\u0631\\u062a\\u0643 \\u0639\\u0644\\u0649 \\u0627\\u0633\\u062a\\u062e\\u062f\\u0627\\u0645\\u0647\\u0627.\\r\\n6. \\u0627\\u0644\\u0623\\u062e\\u0637\\u0627\\u0621 \\u0627\\u0644\\u062a\\u0642\\u0646\\u064a\\u0629:\\r\\n6.1 \\u0641\\u064a \\u062d\\u0627\\u0644\\u0629 \\u0627\\u0643\\u062a\\u0634\\u0627\\u0641\\u0643 \\u0644\\u062d\\u062f\\u0648\\u062b \\u062e\\u0637\\u0623 \\u0639\\u0646\\u062f \\u0625\\u062f\\u062e\\u0627\\u0644 \\u0628\\u064a\\u0627\\u0646\\u0627\\u062a\\u0643 \\u0627\\u0644\\u0634\\u062e\\u0635\\u064a\\u0629 \\u0623\\u062b\\u0646\\u0627\\u0621 \\u062a\\u0633\\u062c\\u064a\\u0644\\u0643 \\u0643\\u0645\\u0633\\u062a\\u062e\\u062f\\u0645 \\u0644\\u062e\\u062f\\u0645\\u0627\\u062a\\u0646\\u0627\\u060c \\u064a\\u0645\\u0643\\u0646\\u0643 \\u062a\\u0639\\u062f\\u064a\\u0644\\u0647\\u0627 \\u0641\\u064a \\u0642\\u0633\\u0645 \\\"\\u062d\\u0633\\u0627\\u0628\\u064a\\\". \\u0641\\u064a \\u0643\\u0644 \\u0627\\u0644\\u0627\\u062d\\u0648\\u0627\\u0644\\u060c \\u0633\\u062a\\u062a\\u0645\\u0643\\u0646 \\u0645\\u0646 \\u062a\\u0635\\u062d\\u064a\\u062d \\u0627\\u0644\\u0628\\u064a\\u0627\\u0646\\u0627\\u062a \\u0627\\u0644\\u0634\\u062e\\u0635\\u064a\\u0629 \\u0627\\u0644\\u0645\\u0642\\u062f\\u0645\\u0629\\u060c \\u0648\\u0643\\u0630\\u0644\\u0643 \\u0645\\u0645\\u0627\\u0631\\u0633\\u0629 \\u062d\\u0642 \\u0627\\u0644\\u062a\\u0635\\u062d\\u064a\\u062d \\u0627\\u0644\\u0645\\u0646\\u0635\\u0648\\u0635 \\u0639\\u0644\\u064a\\u0647 \\u0641\\u064a \\u0633\\u064a\\u0627\\u0633\\u0629 \\u0627\\u0644\\u062e\\u0635\\u0648\\u0635\\u064a\\u0629 \\u0648\\u0645\\u0644\\u0641\\u0627\\u062a \\u062a\\u0639\\u0631\\u064a\\u0641 \\u0627\\u0644\\u0627\\u0631\\u062a\\u0628\\u0627\\u0637 \\u0627\\u0644\\u062e\\u0627\\u0635\\u0629 \\u0628\\u0646\\u0627 \\u0645\\u0646 \\u062e\\u0644\\u0627\\u0644 \\u0645\\u0648\\u0642\\u0639\\u0646\\u0627 \\u0648\\u062a\\u0637\\u0628\\u064a\\u0642\\u0627\\u062a\\u0646\\u0627. \\r\\n\\r\\n\\r\\n\\u0625\\u0630\\u0627 \\u0627\\u0643\\u062a\\u0634\\u0641\\u062a \\u0648\\u062c\\u0648\\u062f \\u062e\\u0637\\u0623 \\u0641\\u064a \\u0637\\u0644\\u0628\\u0643 \\u0628\\u0639\\u062f \\u0627\\u0644\\u062a\\u0648\\u0627\\u0635\\u0644 \\u0645\\u0639 \\u0627\\u0644\\u062a\\u062c\\u0627\\u0631 \\u0627\\u0648 \\u0627\\u0644\\u0645\\u062a\\u062c\\u0631 \\u0627\\u0644\\u0627\\u0644\\u0643\\u062a\\u0631\\u0648\\u0646\\u064a\\u060c \\u0641\\u064a\\u062c\\u0628 \\u0639\\u0644\\u064a\\u0643 \\u0627\\u0644\\u062a\\u0648\\u0627\\u0635\\u0644 \\u0628\\u062e\\u062f\\u0645\\u0629 \\u0627\\u0644\\u0639\\u0645\\u0644\\u0627\\u0621 \\u0639\\u0628\\u0631 \\u0627\\u0644\\u0627\\u062a\\u0635\\u0627\\u0644 \\u0623\\u0648 \\u0639\\u0646 \\u0637\\u0631\\u064a\\u0642 \\u0639\\u0646\\u0648\\u0627\\u0646 \\u0627\\u0644\\u0628\\u0631\\u064a\\u062f \\u0627\\u0644\\u0625\\u0644\\u0643\\u062a\\u0631\\u0648\\u0646\\u064a \\u0639\\u0644\\u0649 \\u0627\\u0644\\u0641\\u0648\\u0631 \\u0644\\u062a\\u0635\\u062d\\u064a\\u062d \\u0627\\u0644\\u062e\\u0637\\u0623 \\u0648\\u062a\\u0632\\u0648\\u064a\\u062f \\u0625\\u062f\\u0627\\u0631\\u0629 \\u0627\\u0644\\u0639\\u0645\\u0644\\u0627\\u0621 \\u0628\\u0631\\u0642\\u0645 \\u0627\\u0644\\u0637\\u0644\\u0628 \\u0648\\u0627\\u0644\\u062a\\u0627\\u0631\\u064a\\u062e \\u0648\\u0627\\u0644\\u0628\\u064a\\u0627\\u0646\\u0627\\u062a \\u0627\\u0644\\u0645\\u0631\\u062a\\u0628\\u0637\\u0629 \\u0628\\u0647.\\r\\n\\r\\n\\r\\n7.\\u062e\\u0631\\u0642 \\u0627\\u062a\\u0641\\u0627\\u0642\\u064a\\u0629 \\u0627\\u0644\\u0627\\u0633\\u062a\\u062e\\u062f\\u0627\\u0645:\\r\\n\\u062f\\u0648\\u0646 \\u0627\\u0644\\u0645\\u0633\\u0627\\u0633 \\u0628\\u0623\\u064a \\u062d\\u0642\\u0648\\u0642 \\u0648\\u062a\\u0639\\u0648\\u064a\\u0636\\u0627\\u062a \\u0623\\u062e\\u0631\\u0649 \\u0644\\u0634\\u0631\\u0643\\u0629 \\u0628\\u0644\\u0648\\u0643\\u0627\\u062a \\u0628\\u0648\\u062a\\u064a\\u0643 \\u0630.\\u0645.\\u0645. \\u0628\\u0645\\u0648\\u062c\\u0628 \\u0627\\u062a\\u0641\\u0627\\u0642\\u064a\\u0629 \\u0627\\u0644\\u0645\\u0633\\u062a\\u062e\\u062f\\u0645 \\u0647\\u0630\\u0647 \\u0623\\u0648 \\u0628\\u0645\\u0648\\u062c\\u0628 \\u0627\\u0644\\u0642\\u0627\\u0646\\u0648\\u0646 \\u0623\\u0648 \\u063a\\u064a\\u0631 \\u0630\\u0644\\u0643\\u060c \\u064a\\u062c\\u0648\\u0632 \\u0644\\u0634\\u0631\\u0643\\u0629 \\u0628\\u0644\\u0648\\u0643\\u0627\\u062a \\u0628\\u0648\\u062a\\u064a\\u0643 \\u0630.\\u0645.\\u0645. \\u0641\\u0648\\u0631\\u064b\\u0627 \\u0648\\u062f\\u0648\\u0646 \\u0623\\u064a \\u0645\\u0633\\u0624\\u0648\\u0644\\u064a\\u0629 \\u0639\\u0644\\u064a\\u0647\\u0627: \\u062a\\u0642\\u064a\\u064a\\u062f \\u0646\\u0634\\u0627\\u0637\\u0643\\u060c \\u0648\\u062a\\u062d\\u0630\\u064a\\u0631 \\u0627\\u0644\\u0645\\u0633\\u062a\\u062e\\u062f\\u0645\\u064a\\u0646 \\u0627\\u0644\\u0622\\u062e\\u0631\\u064a\\u0646 \\u0645\\u0646 \\u0623\\u0641\\u0639\\u0627\\u0644\\u0643\\u060c \\u0648\\u062a\\u0639\\u0644\\u064a\\u0642\\u0647\\u0627 \\u0645\\u0624\\u0642\\u062a\\u064b\\u0627 \\/ \\u0625\\u0644\\u0649 \\u0623\\u062c\\u0644 \\u063a\\u064a\\u0631 \\u0645\\u0633\\u0645\\u0649\\u060c \\u0623\\u0648 \\u062a\\u0642\\u064a\\u064a\\u062f\\u0647\\u0627 \\u0623\\u0648 \\u0633\\u062d\\u0628\\u0647\\u0627 \\u0639\\u0636\\u0648\\u064a\\u062a\\u0643\\u060c \\u0648 \\/ \\u0623\\u0648 \\u062a\\u0642\\u064a\\u064a\\u062f \\u0623\\u0648 \\u0633\\u062d\\u0628 \\u0648\\u0635\\u0648\\u0644\\u0643 \\u0625\\u0644\\u0649 \\u0627\\u0644\\u0645\\u0648\\u0642\\u0639:\\r\\n\\r\\n\\u2022\\t\\u0625\\u0630\\u0627 \\u0627\\u0646\\u062a\\u0647\\u0643\\u062a \\u0627\\u062a\\u0641\\u0627\\u0642\\u064a\\u0629 \\u0627\\u0644\\u0645\\u0633\\u062a\\u062e\\u062f\\u0645 \\u0647\\u0630\\u0647\\u061b\\r\\n\\u2022\\t \\u0625\\u0630\\u0627 \\u0643\\u0627\\u0646 \\u0645\\u0648\\u0642\\u0639\\/\\u062a\\u0637\\u0628\\u064a\\u0642 \\u0628\\u0644\\u0648\\u0643\\u0627\\u062a \\u0628\\u0648\\u062a\\u064a\\u0643 \\u063a\\u064a\\u0631 \\u0642\\u0627\\u062f\\u0631 \\u0639\\u0644\\u0649 \\u0627\\u0644\\u062a\\u062d\\u0642\\u0642 \\u0623\\u0648 \\u0627\\u0644\\u0645\\u0635\\u0627\\u062f\\u0642\\u0629 \\u0639\\u0644\\u0649 \\u0623\\u064a \\u0645\\u0639\\u0644\\u0648\\u0645\\u0627\\u062a \\u062a\\u0642\\u062f\\u0645\\u0647\\u0627\\u061b \\u0623\\u0648\\r\\n\\u2022\\t\\u0625\\u0630\\u0627 \\u0627\\u0639\\u062a\\u0642\\u062f \\u0645\\u0648\\u0642\\u0639\\/\\u062a\\u0637\\u0628\\u064a\\u0642 \\u0628\\u0644\\u0648\\u0643\\u0627\\u062a \\u0628\\u0648\\u062a\\u064a\\u0643 (\\u0648\\u0641\\u0642\\u064b\\u0627 \\u0644\\u062a\\u0642\\u062f\\u064a\\u0631\\u0647 \\u0627\\u0644\\u062e\\u0627\\u0635) \\u0623\\u0646 \\u0623\\u0641\\u0639\\u0627\\u0644\\u0643 \\u0642\\u062f \\u062a\\u0633\\u0628\\u0628 \\u0645\\u0633\\u0624\\u0648\\u0644\\u064a\\u0629 \\u0642\\u0627\\u0646\\u0648\\u0646\\u064a\\u0629 \\u0644\\u0643 \\u0623\\u0648 \\u0644\\u0645\\u0633\\u062a\\u062e\\u062f\\u0645\\u064a\\u0646 \\u0622\\u062e\\u0631\\u064a\\u0646 \\u0623\\u0648 \\u0645\\u0648\\u0642\\u0639 \\u0628\\u0644\\u0648\\u0643\\u0627\\u062a \\u0628\\u0648\\u062a\\u064a\\u0643.\\r\\n\\r\\n\\u062f\\u0648\\u0646 \\u0627\\u0644\\u0645\\u0633\\u0627\\u0633 \\u0628\\u0623\\u064a \\u062d\\u0642\\u0648\\u0642 \\u0648\\u062a\\u0639\\u0648\\u064a\\u0636\\u0627\\u062a \\u0623\\u062e\\u0631\\u0649 \\u0644\\u0645\\u0648\\u0642\\u0639\\/\\u062a\\u0637\\u0628\\u064a\\u0642 \\u0628\\u0644\\u0648\\u0643\\u0627\\u062a \\u0628\\u0648\\u062a\\u064a\\u0643 \\u0628\\u0645\\u0648\\u062c\\u0628 \\u0627\\u062a\\u0641\\u0627\\u0642\\u064a\\u0629 \\u0627\\u0644\\u0645\\u0633\\u062a\\u062e\\u062f\\u0645 \\u0647\\u0630\\u0647 \\u0623\\u0648 \\u0628\\u0645\\u0648\\u062c\\u0628 \\u0627\\u0644\\u0642\\u0627\\u0646\\u0648\\u0646 \\u0623\\u0648 \\u063a\\u064a\\u0631 \\u0630\\u0644\\u0643\\u060c \\u064a\\u062c\\u0648\\u0632 \\u0644\\u0645\\u0648\\u0642\\u0639\\/\\u062a\\u0637\\u0628\\u064a\\u0642 \\u0628\\u0644\\u0648\\u0643\\u0627\\u062a \\u0628\\u0648\\u062a\\u064a\\u0643 \\u062a\\u0642\\u064a\\u064a\\u062f \\u0623\\u0648 \\u062a\\u0639\\u0644\\u064a\\u0642 \\u0623\\u0648 \\u0633\\u062d\\u0628 \\u0639\\u0636\\u0648\\u064a\\u062a\\u0643 \\u0648 \\/ \\u0623\\u0648 \\u0648\\u0635\\u0648\\u0644\\u0643 \\u0625\\u0644\\u0649 \\u0627\\u0644\\u0645\\u0648\\u0642\\u0639 \\u0641\\u064a \\u0623\\u064a \\u0648\\u0642\\u062a\\u060c \\u062f\\u0648\\u0646 \\u0633\\u0627\\u0628\\u0642 \\u0625\\u0646\\u0630\\u0627\\u0631 \\u060c \\u0644\\u0623\\u064a \\u0627\\u0644\\u0633\\u0628\\u0628 \\u060c \\u0628\\u0645\\u0627 \\u0641\\u064a \\u0630\\u0644\\u0643 \\u0639\\u0644\\u0649 \\u0633\\u0628\\u064a\\u0644 \\u0627\\u0644\\u0645\\u062b\\u0627\\u0644 \\u0644\\u0627 \\u0627\\u0644\\u062d\\u0635\\u0631 \\u060c \\u062e\\u0631\\u0642 \\u0627\\u062a\\u0641\\u0627\\u0642\\u064a\\u0629 \\u0627\\u0644\\u0645\\u0633\\u062a\\u062e\\u062f\\u0645 \\u0647\\u0630\\u0647.\\r\\n8.\\u0625\\u0634\\u0639\\u0627\\u0631:\\r\\n\\u0634\\u0631\\u0643\\u0629 \\u0628\\u0644\\u0648\\u0643\\u0627\\u062a \\u0628\\u0648\\u062a\\u064a\\u0643 \\u0630.\\u0645.\\u0645. \\u0642\\u062f \\u062a\\u0631\\u0633\\u0644 \\u0625\\u062e\\u0637\\u0627\\u0631 \\u0625\\u0644\\u064a\\u0643 \\u0639\\u0646 \\u0637\\u0631\\u064a\\u0642 \\u0627\\u0644\\u0628\\u0631\\u064a\\u062f \\u0627\\u0644\\u0625\\u0644\\u0643\\u062a\\u0631\\u0648\\u0646\\u064a \\u0623\\u0648 \\u0625\\u0634\\u0639\\u0627\\u0631 \\u0639\\u0627\\u0645 \\u0639\\u0644\\u0649 \\u0627\\u0644\\u0645\\u0648\\u0642\\u0639\\u060c \\u0623\\u0648 \\u0628\\u0637\\u0631\\u064a\\u0642\\u0629 \\u0623\\u062e\\u0631\\u0649 \\u0645\\u0648\\u062b\\u0648\\u0642 \\u0628\\u0647\\u0627 \\u0625\\u0644\\u0649 \\u0627\\u0644\\u0639\\u0646\\u0648\\u0627\\u0646 \\u0627\\u0644\\u0630\\u064a \\u0648\\u0641\\u0631\\u062a\\u0647 \\u0644\\u0634\\u0631\\u0643\\u0629 \\u0628\\u0644\\u0648\\u0643\\u0627\\u062a \\u0628\\u0648\\u062a\\u064a\\u0643 \\u0630.\\u0645.\\u0645..\\r\\n9.\\u0634\\u0631\\u0648\\u0637 \\u0639\\u0627\\u0645\\u0629: \\r\\n\\u064a\\u062e\\u0636\\u0639 \\u0627\\u0633\\u062a\\u062e\\u062f\\u0627\\u0645\\u0643 \\u0644\\u0647\\u0630\\u0627 \\u0627\\u0644\\u0645\\u0648\\u0642\\u0639\\/\\u0627\\u0644\\u062a\\u0637\\u0628\\u064a\\u0642 \\u0645\\u0646 \\u062c\\u0645\\u064a\\u0639 \\u0627\\u0644\\u0646\\u0648\\u0627\\u062d\\u064a \\u0628\\u0645\\u0648\\u062c\\u0628 \\u0642\\u0648\\u0627\\u0646\\u064a\\u0646 \\u062f\\u0648\\u0644\\u0629 \\u0642\\u0637\\u0631\\u060c \\u0628\\u063a\\u0636 \\u0627\\u0644\\u0646\\u0638\\u0631 \\u0639\\u0646 \\u0627\\u062e\\u062a\\u064a\\u0627\\u0631 \\u0623\\u062d\\u0643\\u0627\\u0645 \\u0627\\u0644\\u0642\\u0627\\u0646\\u0648\\u0646. \\u0623\\u0646\\u062a \\u062a\\u0648\\u0627\\u0641\\u0642 \\u0639\\u0644\\u0649 \\u0623\\u0646 \\u0627\\u0644\\u0627\\u062e\\u062a\\u0635\\u0627\\u0635 \\u0627\\u0644\\u0642\\u0636\\u0627\\u0626\\u064a \\u0648\\u0627\\u0644\\u0645\\u0643\\u0627\\u0646\\u064a \\u0641\\u064a \\u0623\\u064a \\u0625\\u062c\\u0631\\u0627\\u0621 \\u0642\\u0627\\u0646\\u0648\\u0646\\u064a \\u0645\\u0628\\u0627\\u0634\\u0631 \\u0623\\u0648 \\u063a\\u064a\\u0631 \\u0645\\u0628\\u0627\\u0634\\u0631 \\u064a\\u0646\\u0634\\u0623 \\u0639\\u0646 \\u0623\\u0648 \\u064a\\u062a\\u0639\\u0644\\u0642 \\u0628\\u0647\\u0630\\u0627 \\u0627\\u0644\\u0645\\u0648\\u0642\\u0639 \\u064a\\u0643\\u0648\\u0646 \\u0641\\u064a \\u062f\\u0648\\u0644\\u0629 \\u0642\\u0637\\u0631. \\u0644\\u0627 \\u064a\\u062c\\u0648\\u0632 \\u062a\\u0641\\u0633\\u064a\\u0631 \\u062a\\u0644\\u0643\\u0624 \\u0634\\u0631\\u0643\\u0629 \\u0628\\u0644\\u0648\\u0643\\u0627\\u062a \\u0628\\u0648\\u062a\\u064a\\u0643 \\u0630.\\u0645.\\u0645. \\u0641\\u064a \\u0627\\u0644\\u0625\\u0635\\u0631\\u0627\\u0631 \\u0639\\u0644\\u0649 \\u0623\\u0648 \\u062a\\u0646\\u0641\\u064a\\u0630 \\u0623\\u064a \\u0645\\u0646 \\u0623\\u062d\\u0643\\u0627\\u0645 \\u0647\\u0630\\u0647 \\u0627\\u0644\\u0628\\u0646\\u0648\\u062f \\u0648\\u0627\\u0644\\u0634\\u0631\\u0648\\u0637 \\u0627\\u0644\\u0635\\u0627\\u0631\\u0645\\u0629 \\u0628\\u0645\\u062b\\u0627\\u0628\\u0629 \\u062a\\u0646\\u0627\\u0632\\u0644 \\u0639\\u0646 \\u0623\\u064a \\u062d\\u0643\\u0645 \\u0623\\u0648 \\u062d\\u0642. \\u0644\\u0627 \\u064a\\u0643\\u0648\\u0646 \\u0627\\u0644\\u062a\\u0639\\u0627\\u0645\\u0644 \\u0628\\u064a\\u0646 \\u0627\\u0644\\u0623\\u0637\\u0631\\u0627\\u0641 \\u0623\\u0648\\/\\u0648 \\u0627\\u0644\\u0645\\u0645\\u0627\\u0631\\u0633\\u0627\\u062a \\u0627\\u0644\\u062a\\u062c\\u0627\\u0631\\u064a\\u0629 \\u0644\\u0647 \\u0623\\u064a \\u0623\\u062b\\u0631 \\u0639\\u0644\\u0649 \\u0627\\u0648 \\u0641\\u064a \\u062a\\u0639\\u062f\\u064a\\u0644 \\u0623\\u064a \\u0645\\u0646 \\u0647\\u0630\\u0647 \\u0627\\u0644\\u0634\\u0631\\u0648\\u0637 \\u0648\\u0627\\u0644\\u0623\\u062d\\u0643\\u0627\\u0645. \\u064a\\u062c\\u0648\\u0632 \\u0644\\u0634\\u0631\\u0643\\u0629 \\u0628\\u0644\\u0648\\u0643\\u0627\\u062a \\u0628\\u0648\\u062a\\u064a\\u0643 \\u0630.\\u0645.\\u0645. \\u0627\\u0644\\u062a\\u0646\\u0627\\u0632\\u0644 \\u0639\\u0646 \\u062d\\u0642\\u0648\\u0642\\u0647\\u0627 \\u0648\\u0648\\u0627\\u062c\\u0628\\u0627\\u062a\\u0647\\u0627 \\u0628\\u0645\\u0648\\u062c\\u0628 \\u0647\\u0630\\u0647 \\u0627\\u0644\\u0627\\u062a\\u0641\\u0627\\u0642\\u064a\\u0629 \\u0644\\u0623\\u064a \\u0637\\u0631\\u0641 \\u0641\\u064a \\u0623\\u064a \\u0648\\u0642\\u062a \\u062f\\u0648\\u0646 \\u0625\\u062e\\u0637\\u0627\\u0631\\u0643 \\u0628\\u0630\\u0644\\u0643.\\r\\n\\r\\n10.\\u0625\\u0646\\u0634\\u0627\\u0621 \\u0648\\u0625\\u0644\\u063a\\u0627\\u0621 \\u0627\\u0644\\u062d\\u0633\\u0627\\u0628:\\r\\n10.1 \\u0645\\u0646 \\u0623\\u062c\\u0644 \\u0627\\u0644\\u0648\\u0635\\u0648\\u0644 \\u0625\\u0644\\u0649 \\u0628\\u0639\\u0636 \\u0627\\u0644\\u0645\\u064a\\u0632\\u0627\\u062a \\u0627\\u0644\\u0645\\u062a\\u0648\\u0641\\u0631\\u0629 \\u0641\\u064a \\u0627\\u0644\\u062e\\u062f\\u0645\\u0627\\u062a\\u060c \\u0633\\u064a\\u062a\\u0639\\u064a\\u0646 \\u0639\\u0644\\u064a\\u0643 \\u0625\\u0646\\u0634\\u0627\\u0621 \\u062d\\u0633\\u0627\\u0628. \\u0644\\u0627 \\u064a\\u062c\\u0648\\u0632 \\u0644\\u0643 \\u0627\\u0633\\u062a\\u062e\\u062f\\u0627\\u0645 \\u062d\\u0633\\u0627\\u0628 \\u0634\\u062e\\u0635 \\u0622\\u062e\\u0631. \\u0641\\u064a \\u0643\\u0644 \\u0645\\u0631\\u0629 \\u062a\\u0633\\u062a\\u062e\\u062f\\u0645 \\u0641\\u064a\\u0647\\u0627 \\u0643\\u0644\\u0645\\u0629 \\u0645\\u0631\\u0648\\u0631 \\u0623\\u0648 \\u062a\\u0639\\u0631\\u064a\\u0641\\u060c \\u0633\\u064a\\u062a\\u0645 \\u0627\\u0639\\u062a\\u0628\\u0627\\u0631\\u0643 \\u0645\\u0641\\u0648\\u0636\\u064b\\u0627 \\u0628\\u0627\\u0644\\u0648\\u0635\\u0648\\u0644 \\u0625\\u0644\\u0649 \\u0627\\u0644\\u0645\\u0648\\u0642\\u0639 \\u0623\\u0648 \\u0627\\u0644\\u062a\\u0637\\u0628\\u064a\\u0642\\u0627\\u062a \\u0648\\u0627\\u0633\\u062a\\u062e\\u062f\\u0627\\u0645\\u0647 \\u0628\\u0637\\u0631\\u064a\\u0642\\u0629 \\u062a\\u062a\\u0641\\u0642 \\u0645\\u0639 \\u0634\\u0631\\u0648\\u0637 \\u0648\\u0623\\u062d\\u0643\\u0627\\u0645 \\u0647\\u0630\\u0647 \\u0627\\u0644\\u0627\\u062a\\u0641\\u0627\\u0642\\u064a\\u0629\\u060c \\u0648\\u0644\\u0627 \\u062a\\u0644\\u062a\\u0632\\u0645 \\u0634\\u0631\\u0643\\u0629 \\u0628\\u0644\\u0648\\u0643\\u0627\\u062a \\u0628\\u0648\\u062a\\u064a\\u0643 \\u0630.\\u0645.\\u0645. \\u0628\\u0627\\u0644\\u062a\\u062d\\u0642\\u064a\\u0642 \\u0641\\u064a \\u0627\\u0644\\u062a\\u0641\\u0648\\u064a\\u0636 \\u0623\\u0648 \\u0645\\u0635\\u062f\\u0631 \\u0623\\u064a \\u0647\\u0630\\u0627 \\u0627\\u0644\\u0648\\u0635\\u0648\\u0644 \\u0623\\u0648 \\u0627\\u0633\\u062a\\u062e\\u062f\\u0627\\u0645 \\u0627\\u0644\\u062e\\u062f\\u0645\\u0627\\u062a.\\r\\n\\r\\n\\r\\n10.2 \\u062a\\u0642\\u0631 \\u0623\\u0646\\u0643 \\u0633\\u062a\\u062a\\u062d\\u0645\\u0644 \\u0645\\u062e\\u0627\\u0637\\u0631 \\u0627\\u0644\\u0648\\u0635\\u0648\\u0644 \\u0625\\u0644\\u0649 \\u0627\\u0644\\u062e\\u062f\\u0645\\u0627\\u062a \\u0648\\u0627\\u0633\\u062a\\u062e\\u062f\\u0627\\u0645\\u0647\\u0627 \\u0645\\u0646 \\u0642\\u0628\\u0644 \\u0623\\u064a \\u0634\\u062e\\u0635 \\u064a\\u0633\\u062a\\u062e\\u062f\\u0645 \\u0643\\u0644\\u0645\\u0629 \\u0627\\u0644\\u0645\\u0631\\u0648\\u0631 \\u0648\\u0627\\u0644\\u0645\\u0639\\u0631\\u0641 \\u0627\\u0644\\u0645\\u0639\\u064a\\u0646\\u064a\\u0646 \\u0644\\u0643 \\u0641\\u064a \\u0627\\u0644\\u0623\\u0635\\u0644 \\u0633\\u0648\\u0627\\u0621 \\u0643\\u0627\\u0646 \\u0647\\u0630\\u0627 \\u0627\\u0644\\u0648\\u0635\\u0648\\u0644 \\u0625\\u0644\\u0649 \\u0647\\u0630\\u0627 \\u0627\\u0644\\u0645\\u0648\\u0642\\u0639 \\u0648\\u0627\\u0633\\u062a\\u062e\\u062f\\u0627\\u0645\\u0647 \\u0645\\u0635\\u0631\\u062d\\u064b\\u0627 \\u0628\\u0647 \\u0628\\u0627\\u0644\\u0641\\u0639\\u0644 \\u0623\\u0645 \\u0644\\u0627\\u060c \\u0628\\u0645\\u0627 \\u0641\\u064a \\u0630\\u0644\\u0643 \\u0639\\u0644\\u0649 \\u0633\\u0628\\u064a\\u0644 \\u0627\\u0644\\u0645\\u062b\\u0627\\u0644 \\u0644\\u0627 \\u0627\\u0644\\u062d\\u0635\\u0631\\u060c \\u062c\\u0645\\u064a\\u0639 \\u0627\\u0644\\u0627\\u062a\\u0635\\u0627\\u0644\\u0627\\u062a \\u0648\\u0627\\u0644\\u0625\\u0631\\u0633\\u0627\\u0644 \\u0648\\u062c\\u0645\\u064a\\u0639 \\u0627\\u0644\\u0627\\u0644\\u062a\\u0632\\u0627\\u0645\\u0627\\u062a (\\u0628\\u0645\\u0627 \\u0641\\u064a \\u0630\\u0644\\u0643\\u060c \\u0639\\u0644\\u0649 \\u0633\\u0628\\u064a\\u0644 \\u0627\\u0644\\u0645\\u062b\\u0627\\u0644 \\u0644\\u0627 \\u0627\\u0644\\u062d\\u0635\\u0631\\u060c \\u0627\\u0644\\u0627\\u0644\\u062a\\u0632\\u0627\\u0645\\u0627\\u062a \\u0627\\u0644\\u0645\\u0627\\u0644\\u064a\\u0629) \\u0627\\u0644\\u0645\\u062a\\u0643\\u0628\\u062f\\u0629 \\u0645\\u0646 \\u062e\\u0644\\u0627\\u0644 \\u0647\\u0630\\u0627 \\u0627\\u0644\\u0648\\u0635\\u0648\\u0644 \\u0623\\u0648 \\u0627\\u0644\\u0627\\u0633\\u062a\\u062e\\u062f\\u0627\\u0645. \\u0623\\u0646\\u062a \\u0648\\u062d\\u062f\\u0643 \\u0627\\u0644\\u0645\\u0633\\u0624\\u0648\\u0644 \\u0639\\u0646 \\u062d\\u0645\\u0627\\u064a\\u0629 \\u0623\\u0645\\u0627\\u0646 \\u0648\\u0633\\u0631\\u064a\\u0629 \\u0643\\u0644\\u0645\\u0629 \\u0627\\u0644\\u0645\\u0631\\u0648\\u0631 \\u0648\\u0627\\u0644\\u0647\\u0648\\u064a\\u0629 \\u0627\\u0644\\u0645\\u062e\\u0635\\u0635\\u0629 \\u0644\\u0643. \\u064a\\u062c\\u0628 \\u0639\\u0644\\u064a\\u0643 \\u0625\\u062e\\u0637\\u0627\\u0631 \\u0628\\u0644\\u0648\\u0643\\u0627\\u062a \\u0628\\u0648\\u062a\\u064a\\u0643 \\u0639\\u0644\\u0649 \\u0627\\u0644\\u0641\\u0648\\u0631 \\u0628\\u0623\\u064a \\u0627\\u0633\\u062a\\u062e\\u062f\\u0627\\u0645 \\u063a\\u064a\\u0631 \\u0645\\u0635\\u0631\\u062d \\u0628\\u0647 \\u0644\\u0643\\u0644\\u0645\\u0629 \\u0645\\u0631\\u0648\\u0631\\u0643\\u060c \\u0623\\u0648 \\u0627\\u0644\\u0645\\u0639\\u0631\\u0641\\u060c \\u0623\\u0648 \\u0623\\u064a \\u062e\\u0631\\u0642 \\u0622\\u062e\\u0631\\u060c \\u0623\\u0648 \\u062a\\u0647\\u062f\\u064a\\u062f \\u0628\\u062e\\u0631\\u0642 \\u0623\\u0645\\u0627\\u0646 \\u0627\\u0644\\u0645\\u0648\\u0642\\u0639 \\u0623\\u0648 \\u0627\\u0644\\u062a\\u0637\\u0628\\u064a\\u0642.\\r\\n\\r\\n10.3 \\u0645\\u0646 \\u0648\\u0642\\u062a \\u0644\\u0622\\u062e\\u0631\\u060c \\u064a\\u062c\\u0648\\u0632 \\u0644\\u0646\\u0627 \\u062a\\u0642\\u064a\\u064a\\u062f \\u0627\\u0644\\u0648\\u0635\\u0648\\u0644 \\u0625\\u0644\\u0649 \\u0628\\u0639\\u0636 \\u0623\\u0648 \\u0643\\u0644 \\u0623\\u062c\\u0632\\u0627\\u0621 \\u0627\\u0644\\u062e\\u062f\\u0645\\u0627\\u062a\\u060c \\u0628\\u0645\\u0627 \\u0641\\u064a \\u0630\\u0644\\u0643 \\u0627\\u0644\\u0642\\u062f\\u0631\\u0629 \\u0639\\u0644\\u0649 \\u062a\\u062d\\u0645\\u064a\\u0644 \\u0627\\u0644\\u0645\\u0633\\u062a\\u0646\\u062f\\u0627\\u062a \\u0623\\u0648 \\u0625\\u062c\\u0631\\u0627\\u0621 \\u0627\\u0644\\u0645\\u062f\\u0641\\u0648\\u0639\\u0627\\u062a \\u0623\\u0648 \\u0625\\u0631\\u0633\\u0627\\u0644 \\u0627\\u0644\\u0631\\u0633\\u0627\\u0626\\u0644.\\r\\n11.\\u0627\\u0644\\u062a\\u0639\\u0648\\u064a\\u0636:\\r\\n\\u0623\\u0646\\u062a \\u062a\\u0648\\u0627\\u0641\\u0642 \\u0639\\u0644\\u0649 \\u062a\\u0639\\u0648\\u064a\\u0636 \\u0634\\u0631\\u0643\\u0629 \\u0628\\u0644\\u0648\\u0643\\u0627\\u062a \\u0628\\u0648\\u062a\\u064a\\u0643 \\u0630.\\u0645.\\u0645. \\u0648\\u0645\\u0633\\u0624\\u0648\\u0644\\u064a\\u0647\\u0627 \\u0648\\u0645\\u062f\\u064a\\u0631\\u064a\\u0647\\u0627 \\u0648\\u0645\\u0648\\u0638\\u0641\\u064a\\u0647\\u0627 \\u0648\\u0648\\u0643\\u0644\\u0627\\u0626\\u0647\\u0627 \\u0648\\u0627\\u0644\\u0645\\u0631\\u062e\\u0635\\u064a\\u0646 \\u0648\\u0627\\u0644\\u0645\\u0648\\u0631\\u062f\\u064a\\u0646 (\\u0645\\u062c\\u062a\\u0645\\u0639\\u064a\\u0646 \\\"\\u0645\\u0642\\u062f\\u0645\\u0648 \\u0627\\u0644\\u062e\\u062f\\u0645\\u0627\\u062a\\\") \\u0645\\u0646 \\u062c\\u0645\\u064a\\u0639 \\u0627\\u0644\\u062e\\u0633\\u0627\\u0626\\u0631 \\u0648\\u0627\\u0644\\u0646\\u0641\\u0642\\u0627\\u062a \\u0648\\u0627\\u0644\\u0623\\u0636\\u0631\\u0627\\u0631 \\u0648\\u0627\\u0644\\u062a\\u0643\\u0627\\u0644\\u064a\\u0641\\u060c \\u0628\\u0645\\u0627 \\u0641\\u064a \\u0630\\u0644\\u0643 \\u0623\\u062a\\u0639\\u0627\\u0628 \\u0627\\u0644\\u0645\\u062d\\u0627\\u0645\\u064a\\u0646 \\u0627\\u0644\\u0645\\u0639\\u0642\\u0648\\u0644\\u0629 \\u0648\\u0627\\u0644\\u0631\\u0633\\u0648\\u0645 \\u0627\\u0644\\u0646\\u0627\\u062a\\u062c\\u0629 \\u0639\\u0646 \\u0623\\u064a \\u0627\\u0646\\u062a\\u0647\\u0627\\u0643 \\u0644\\u0647\\u0630\\u0647 \\u0627\\u0644\\u0634\\u0631\\u0648\\u0637 \\u0648\\u0627\\u0644\\u0623\\u062d\\u0643\\u0627\\u0645 \\u0623\\u0648 \\u0623\\u064a \\u0646\\u0634\\u0627\\u0637 \\u0645\\u062a\\u0639\\u0644\\u0642 \\u0628\\u062d\\u0633\\u0627\\u0628\\u0643 (\\u0628\\u0645\\u0627 \\u0641\\u064a \\u0630\\u0644\\u0643 \\u0627\\u0644\\u0625\\u0647\\u0645\\u0627\\u0644 \\u0623\\u0648 \\u0627\\u0644\\u0633\\u0644\\u0648\\u0643 \\u063a\\u064a\\u0631 \\u0627\\u0644\\u0645\\u0634\\u0631\\u0648\\u0639) \\u0645\\u0646 \\u0642\\u0628\\u0644\\u0643 \\u0623\\u0648 \\u0623\\u064a \\u0634\\u062e\\u0635 \\u0622\\u062e\\u0631 \\u064a\\u0635\\u0644 \\u0625\\u0644\\u0649 \\u0627\\u0644\\u0645\\u0648\\u0642\\u0639 \\u0628\\u0627\\u0633\\u062a\\u062e\\u062f\\u0627\\u0645 \\u062d\\u0633\\u0627\\u0628 \\u0627\\u0644\\u0625\\u0646\\u062a\\u0631\\u0646\\u062a \\u0627\\u0644\\u062e\\u0627\\u0635 \\u0628\\u0643.\\r\\n\\r\\n12.\\u0631\\u0648\\u0627\\u0628\\u0637 \\u0637\\u0631\\u0641 \\u062b\\u0627\\u0644\\u062b:\\r\\n\\u0641\\u064a \\u0645\\u062d\\u0627\\u0648\\u0644\\u0629 \\u0644\\u062a\\u0642\\u062f\\u064a\\u0645 \\u0627\\u0644\\u0645\\u0632\\u064a\\u062f \\u0645\\u0646 \\u0627\\u0644\\u0642\\u064a\\u0645\\u0629 \\u0644\\u0632\\u0648\\u0627\\u0631 \\u0627\\u0644\\u0645\\u0648\\u0642\\u0639 \\u0648\\u0627\\u0644\\u062a\\u0637\\u0628\\u064a\\u0642\\u060c \\u0641\\u0623\\u0646 \\u0634\\u0631\\u0643\\u0629 \\u0628\\u0644\\u0648\\u0643\\u0627\\u062a \\u0628\\u0648\\u062a\\u064a\\u0643 \\u0630.\\u0645.\\u0645. \\u0642\\u062f \\u062a\\u0634\\u0628\\u0643 \\u0625\\u0644\\u0649 \\u0627\\u0644\\u0645\\u0648\\u0627\\u0642\\u0639 \\u0627\\u0644\\u062a\\u064a \\u062a\\u062f\\u064a\\u0631\\u0647\\u0627 \\u0623\\u0637\\u0631\\u0627\\u0641 \\u062b\\u0627\\u0644\\u062b\\u0629. \\u0648\\u0645\\u0639 \\u0630\\u0644\\u0643\\u060c \\u062d\\u062a\\u0649 \\u0644\\u0648 \\u0643\\u0627\\u0646 \\u064a\\u0646\\u062a\\u0645\\u064a \\u0627\\u0644\\u0637\\u0631\\u0641 \\u062b\\u0627\\u0644\\u062b \\u0625\\u0644\\u0649 \\u0634\\u0631\\u0643\\u0629 \\u0628\\u0644\\u0648\\u0643\\u0627\\u062a \\u0628\\u0648\\u062a\\u064a\\u0643 \\u0630.\\u0645.\\u0645.\\u060c \\u0641\\u0623\\u0646 \\u0634\\u0631\\u0643\\u0629 \\u0628\\u0644\\u0648\\u0643\\u0627\\u062a \\u0628\\u0648\\u062a\\u064a\\u0643 \\u0630.\\u0645.\\u0645.. \\u0644\\u0627 \\u062a\\u0645\\u0644\\u0643 \\u0623\\u064a \\u0633\\u064a\\u0637\\u0631\\u0629 \\u0639\\u0644\\u0649 \\u0647\\u0630\\u0647 \\u0627\\u0644\\u0645\\u0648\\u0627\\u0642\\u0639 \\u0627\\u0644\\u0645\\u0631\\u062a\\u0628\\u0637\\u0629\\u060c \\u0648\\u062c\\u0645\\u064a\\u0639\\u0647\\u0627 \\u0644\\u0647\\u0627 \\u0645\\u0645\\u0627\\u0631\\u0633\\u0627\\u062a \\u0645\\u0646\\u0641\\u0635\\u0644\\u0629 \\u0644\\u0644\\u062e\\u0635\\u0648\\u0635\\u064a\\u0629 \\u0648\\u062c\\u0645\\u0639 \\u0627\\u0644\\u0628\\u064a\\u0627\\u0646\\u0627\\u062a\\u060c \\u0645\\u0633\\u062a\\u0642\\u0644\\u0629 \\u0639\\u0646 \\u0634\\u0631\\u0643\\u0629 \\u0628\\u0644\\u0648\\u0643\\u0627\\u062a \\u0628\\u0648\\u062a\\u064a\\u0643 \\u0630.\\u0645.\\u0645. \\u0647\\u0630\\u0647 \\u0627\\u0644\\u0645\\u0648\\u0627\\u0642\\u0639 \\u0627\\u0644\\u0645\\u0631\\u062a\\u0628\\u0637\\u0629 \\u0647\\u064a \\u0641\\u0642\\u0637 \\u0644\\u0631\\u0627\\u062d\\u062a\\u0643 \\u0648\\u0628\\u0627\\u0644\\u062a\\u0627\\u0644\\u064a \\u064a\\u0645\\u0643\\u0646\\u0643 \\u0627\\u0644\\u0648\\u0635\\u0648\\u0644 \\u0625\\u0644\\u064a\\u0647\\u0627 \\u0639\\u0644\\u0649 \\u0645\\u0633\\u0624\\u0648\\u0644\\u064a\\u062a\\u0643 \\u0627\\u0644\\u062e\\u0627\\u0635\\u0629. \\u0648\\u0645\\u0639 \\u0630\\u0644\\u0643\\u060c \\u0634\\u0631\\u0643\\u0629 \\u0628\\u0644\\u0648\\u0643\\u0627\\u062a \\u0628\\u0648\\u062a\\u064a\\u0643 \\u0630.\\u0645.\\u0645. \\u062a\\u0633\\u0639\\u0649 \\u0625\\u0644\\u0649 \\u062d\\u0645\\u0627\\u064a\\u0629 \\u0633\\u0644\\u0627\\u0645\\u0629 \\u0645\\u0648\\u0642\\u0639\\u0647\\u0627 \\u0639\\u0644\\u0649 \\u0634\\u0628\\u0643\\u0629 \\u0627\\u0644\\u0625\\u0646\\u062a\\u0631\\u0646\\u062a \\u0648\\u0627\\u0644\\u0631\\u0648\\u0627\\u0628\\u0637 \\u0627\\u0644\\u0645\\u0648\\u0636\\u0648\\u0639\\u0629 \\u0639\\u0644\\u064a\\u0647\\u060c \\u0648\\u0628\\u0627\\u0644\\u062a\\u0627\\u0644\\u064a \\u062a\\u0637\\u0644\\u0628 \\u0623\\u0646 \\u064a\\u062a\\u0645 \\u0627\\u0644\\u062a\\u0648\\u0627\\u0635\\u0644 \\u0645\\u0639\\u0647\\u0627 \\u0644\\u064a\\u0633 \\u0641\\u0642\\u0637 \\u0641\\u064a\\u0645\\u0627 \\u064a\\u062a\\u0639\\u0644\\u0642 \\u0628\\u0627\\u0644\\u0645\\u0648\\u0642\\u0639 \\u0627\\u0644\\u062e\\u0627\\u0635 \\u0628\\u0647\\u0627\\u060c \\u0625\\u0646\\u0645\\u0627 \\u0623\\u064a\\u0636\\u064b\\u0627 \\u0627\\u0644\\u0645\\u0648\\u0627\\u0642\\u0639 \\u0627\\u0644\\u062a\\u064a \\u062a\\u0631\\u062a\\u0628\\u0637 \\u0628\\u0647\\u0627 \\u0643\\u0630\\u0644\\u0643 (\\u0628\\u0645\\u0627 \\u0641\\u064a \\u0630\\u0644\\u0643 \\u0625\\u0630\\u0627 \\u0644\\u0645 \\u064a\\u0639\\u0645\\u0644 \\u0627\\u0644\\u0631\\u0627\\u0628\\u0637 \\u0627\\u0644\\u0645\\u062d\\u062f\\u062f).\\r\\n\\r\\n13.\\u0627\\u0644\\u0642\\u0627\\u0646\\u0648\\u0646 \\u0648\\u0627\\u0644\\u0627\\u062e\\u062a\\u0635\\u0627\\u0635 \\u0627\\u0644\\u0642\\u0636\\u0627\\u0626\\u064a:\\r\\n\\u062a\\u062e\\u0636\\u0639 \\u0634\\u0631\\u0648\\u0637 \\u0627\\u0644\\u0627\\u0633\\u062a\\u062e\\u062f\\u0627\\u0645 \\u0647\\u0630\\u0647 \\u0648\\u062c\\u0645\\u064a\\u0639 \\u0627\\u0644\\u0645\\u0639\\u0627\\u0645\\u0644\\u0627\\u062a \\u0627\\u0644\\u062a\\u064a \\u064a\\u062a\\u0645 \\u0627\\u0644\\u062f\\u062e\\u0648\\u0644 \\u0625\\u0644\\u064a\\u0647\\u0627 \\u0639\\u0644\\u0649 \\u0627\\u0644\\u0645\\u0648\\u0642\\u0639 \\u0623\\u0648 \\u0645\\u0646 \\u062e\\u0644\\u0627\\u0644\\u0647 \\u0648\\u0627\\u0644\\u0639\\u0644\\u0627\\u0642\\u0629 \\u0628\\u064a\\u0646\\u0643 \\u0648\\u0628\\u064a\\u0646 \\u0634\\u0631\\u0643\\u0629 \\u0628\\u0644\\u0648\\u0643\\u0627\\u062a \\u0628\\u0648\\u062a\\u064a\\u0643 \\u0630.\\u0645.\\u0645. \\u0648\\u0641\\u0642\\u064b\\u0627 \\u0644\\u0642\\u0648\\u0627\\u0646\\u064a\\u0646 \\u062f\\u0648\\u0644\\u0629 \\u0642\\u0637\\u0631 \\u062f\\u0648\\u0646 \\u0627\\u0644\\u0631\\u062c\\u0648\\u0639 \\u0625\\u0644\\u0649 \\u0645\\u0628\\u0627\\u062f\\u0626 \\u062a\\u0646\\u0627\\u0632\\u0639 \\u0627\\u0644\\u0642\\u0648\\u0627\\u0646\\u064a\\u0646.\",\"en\":\"Terms & Conditions\\r\\n1.Conditions of Use:\\r\\n1.1 Welcome to Bloockat Bwtyk This Terms & Conditions (\\u201cAgreement\\u201d or \\u201cTerms\\u201d) is a contract between you and Bloockat Bwtyl W.L.L. (referred to collectively as \\u201cwe\\u201d, \\u201cus\\u201d or \\u201cour\\u201d), governing your use of our application at (the \\u201cBloockat Bwtyk\\u201d), or any websites, owned and operated by us and is in connection to this Agreement (referred to collectively, including the Site and Apps, the \\u201cServices\\u201d).\\r\\n\\r\\nThe mobile application enables you to choose and select the products and\\/or services you want by browsing the various available online stores and provides the contact details of online store.\\r\\nThis application does not contain a payment gateway and doesn\\u2019t offer the selling and purchase of products or services via it, it is only an electronic advertising digital media to display various products and help the online store to promote its services\\/products.\\r\\n\\r\\n\\r\\nBy accessing or using the Services in any manner, including, but not limited to, visiting, or browsing the Application\\/, downloading the mobile applications, registering an account, or contributing content or other materials to the Site or on or via the Apps, you expressly understand, acknowledge, and agree to be bound by the Terms of Use. You are only authorized to use the Services if you agree to abide by all applicable laws and to these Terms.\\r\\n\\r\\n1.2 We reserve the right to modify the Terms of Use, including the Privacy & Cookie Policy, at any time, in our sole discretion without prior notice. In the event that any changes are made, the revised terms and conditions shall be posted on this website immediately. Please check the latest information posted herein to inform yourself of any changes.\\r\\n2.Use of Application:\\r\\n2.1 When you use our Services, you agree to the processing of the information and details, and you state that all information and details provided are true and correspond to reality. You represent and warrant that you are at least 16 years old or visiting the Services under the supervision of a parent or guardian. Subject to the terms and conditions of this Agreement, Bloockat Bwtyk W.L.L. hereby grants you a limited, revocable, non-transferable and non-exclusive license to access and use the Services by displaying it on your internet browser, for our Site, or on your mobile devices, for our Apps, only for the purpose of shopping for products posted by merchants  sold on the Site or Apps and not for any commercial use or use on behalf of any third party, except as explicitly permitted by Bloockat Bwtyk W.L.L. in advance. Any breach of this Agreement shall result in the immediate revocation of the license granted in this paragraph without notice to you.\\r\\n2.2 Except as permitted in the paragraph above, you may not reproduce, distribute, display, sell, lease, transmit, create derivative works from, translate, modify, reverse-engineer, disassemble, decompile, or otherwise exploit the Services or any portion of them unless expressly permitted by Bloockat Bwtyk in writing. You may not make any commercial use of any of the information provided on the Services or make any use of the Services for the benefit of another business unless explicitly permitted by Bloockat Bwtyk W.L.L. in advance. Bloockat Bwtyk W.L.L. reserves the right to refuse service, terminate accounts, and\\/or cancel orders in its discretion, including, without limitation, if we believe that customer conduct violates applicable law or is harmful to our interests.\\r\\n2.3 You shall not upload to, distribute, or otherwise publish through the Services any content, information, or other material that: (a) violates or infringes the copyrights, patents, trademarks, service marks, trade secrets, or other proprietary rights of any person; (b) is libelous, threatening, defamatory, obscene, indecent, pornographic, or could give rise to any civil or criminal liability under local or international law; or (c) includes any bugs, viruses, or other code, material or properties which are malicious or technologically harmful.\\r\\n3.Intellectual Property and Ownership:\\r\\n3.1 The Site and Application, including all of its information and content, such as the text, software, scripts, graphics, photos, sounds, music, videos, and interactive features (collectively, \\u201cContent\\u201d) provided as part of the Services belong at all times to Bloockat Bwtyk W.L.L. or to those who grant us the license for their use. You may use the Content only to the extent that we or the usage licensers authorize expressly.\\r\\n\\r\\n3.2 Content on the Services is provided to you as is for your information only and may not be downloaded, copied, reproduced, distributed, transmitted, broadcast, displayed, sold, licensed, or otherwise exploited for any other purposes whatsoever without the prior written consent of Bloockat Bwtyk W.L.L. or the respective owners or licensors. We reserve all rights not expressly granted in and to the Content. You acknowledge and agree that any questions, comments, suggestions, ideas, feedback or other information about the Services, provided by you to us are non-confidential and shall become the sole property of Bloockat Bwtyk W.L.L..\\r\\n4.Warranty Disclaimer:\\r\\nThe Application, Service, Content, User Content are provided by Bloockat Bwtyk W.L.L. on an \\\"As Is\\\" basis without warranty of any kind, express, implied, statutory or without, including the implied warranties of title, non-Infringement, merchantability. Bloockat Bwtyk W.L.L. does not represent or warrant that the functions contained in the site will be uninterrupted or error-free, that the defects will be corrected, or that this site or the server that makes the site available are free of viruses or other harmful components. Bloockat Bwtyk W.L.L. does not make any warranties or representations regarding the use of the materials in this site in terms of their correctness, accuracy, adequacy, usefulness, timeliness, reliability or otherwise. Some states do not permit limitations or exclusions on warranties, so the above limitations may not apply to you.\\r\\n5.Limitation of Liability:\\r\\n5.1 We make no promises with respect to, and expressly disclaim all liability for: (1) products, services, its quality, conformity to specifications and standards, condition, type, defective, and other information, programming, and\\/or anything else provided by the Online store that is accessible to you through the services; or (2) the quality or conduct of any third party you encounter in connection with your use of the services.\\r\\n\\r\\n5.2 You acknowledge and agree that you alone will be liable in regard to the use of the website or Mobile Application. To the full extent permitted by the law, Bloockat Bwtyk W.L.L., its employee\\u2019s, entities will not be liable for any indirect, incidental, consequential, special, or exemplary damages, loss of profits, business interruption, reputational harm, or loss of data (even if foreseeable) arising out of or in any way connected with your use of, or inability to use, the services.\\r\\n\\r\\n\\r\\n6.Technical Errors:\\r\\n6.1 In case you detect that an error occurred when entering your personal data during your registration as a user of our Services, you can modify them in the section \\\"My Account\\\". In any case, you will be able to correct errors related to the personal data provided during the purchase process by contacting us, as well as exercising the right of rectification contemplated in our Privacy & Cookie Policy through our Site and Apps. \\r\\nIf you detect an error in your order after the communicating with the merchant or online store of the payment process, you should immediately contact our customer service by mobile or email address and provide all the details of your order number and date in order to correct the error.\\r\\n\\r\\n7.Breach of User Agreement\\r\\nWithout prejudice to any other rights and remedies of Bloockat Bwtyk W.L.L. under this User Agreement or at law or otherwise, Bloockat Bwtyk W.L.L.  may immediately and without liability: limit your activity, warn other users of your actions, temporarily \\/ indefinitely suspend, limit or withdraw your membership, and\\/or limit or withdraw your access to the Site:\\r\\n\\u2022\\ta. If you breach this User Agreement;\\r\\n\\u2022\\tb. If the Application is unable to verify or authenticate any information you provide; or\\r\\n\\u2022\\t If Bloockat Bwtyk believes (in its sole discretion) that your actions may cause legal liability for you, other users or Bloockat Bwtyk.\\r\\nWithout prejudice to any other rights and remedies of Bloockat Bwtyk under this User Agreement or at law or otherwise, Bloockat Bwtyk may limit, suspend or withdraw your membership and \\/ or your access to the Site at any time, without notice, for any reason, including without limitation, breach of this User Agreement.\\r\\n8.Notice:\\r\\nBloockat Bwtyk W.L.L. may deliver notice to you by means of e-mail, a general notice on the site, or by other reliable method to the address you have provided to Bloockat Bwtyk W.L.L..\\r\\n9.General Terms:\\r\\nYour use of this site shall be governed in all respects by the laws of the state of Qatar. You agree that jurisdiction over and venue in any legal proceeding directly or indirectly arising out of or relating to this site shall be in the State of Qatar. Bloockat Bwtyk W.L.L. failure to insist upon or enforce strict performance of any provision of these terms and conditions shall not be construed as a waiver of any provision or right. Neither the course of conduct between the parties nor trade practice shall act to modify any of these terms and conditions. Bloockat Bwtyk W.L.L. may assign its rights and duties under this Agreement to any party at any time without notice to you.\\r\\n10.Account Creation and Termination. \\r\\n10.1 In order to access some features available on the Services, you will have to create an account. You may not use another person\\u2019s account. Each time you use a password or identification, you will be deemed to be authorized to access and use the Site or Apps in a manner consistent with the terms and conditions of this Agreement, and Bloockat Bwtyk W.L.L. has no obligation to investigate the authorization or source of any such access or use of the Services.\\r\\n\\r\\n10.2 You will be solely responsible for all access to and use of the Services by anyone using the password and identification originally assigned to you whether or not such access to and use of this site is actually authorized by you, including without limitation, all communications and transmissions and all obligations (including, without limitation, financial obligations) incurred through such access or use. You are solely responsible for protecting the security and confidentiality of the password and identification assigned to you. You shall immediately notify Bloockat Bwtyk of any unauthorized use of your password or identification or any other breach or threatened breach of the Site or App\'s security.\\r\\n\\r\\n10.3 From time to time, we may restrict access to some or all parts of the Services, including the ability to upload documents, make payments, or send messages\\r\\n11.Indemnification:\\r\\nYou agree to indemnify, defend, and hold harmless Bloockat Bwtyk W.L.L., its officers, directors, employees, agents, licensors and suppliers (collectively the \\\"Service Providers\\\") from and against all losses, expenses, damages and costs, including reasonable attorneys\\\" fees, resulting from any violation of these terms and conditions or any activity related to your account (including negligent or wrongful conduct) , or your violation of any law or the rights of a third party. by you or any other person accessing the site using your Internet account.\\r\\n12.Third-Party Links:\\r\\nIn an attempt to provide increased value to our visitors, Bloockat Bwtyk W.L.L. may link to sites operated by third parties. However, even if the third party is affiliated with Bloockat Bwtyk W.L.L., Bloockat Bwtyk W.L.L. has no control over these linked sites, all of which have separate privacy and data collection practices, independent of Bloockat Bwtyk W.L.L. These linked sites are only for your convenience and therefore you access them at your own risk. Nonetheless, Bloockat Bwtyk W.L.L. seeks to protect the integrity of its web site\\/Application and the links placed upon it and therefore requests any feedback on not only its own site, but for sites it links to as well (including if a specific link does not work).\\r\\n13.Governing Law and Jurisdiction:\\r\\nThese Terms of Use and all transactions entered into on or through the Website and the relationship between You and Bloockat Bwtyk W.L.L. shall be governed in accordance with the laws of the state of Qatar without reference to conflict of laws principles.\"}',2,1,NULL,'2022-10-18 20:32:15'),
	(4,'app-version','{\"ios_app_version\":\"1.0.4\",\"ios_app_url\":\"https:\\/\\/istore.com\",\"ios_update_message\":\"message here\",\"android_app_version\":\"1.0.4\",\"android_app_url\":\"https:\\/\\/astore.com\",\"android_update_message\":\"message here\"}',0,1,NULL,'2022-10-18 20:32:15'),
	(5,'AboutUs','{\"ar\":\"<p class=\\\"paragraph\\\" dir=\\\"RTL\\\" style=\\\"margin: 0cm; font-size: 12pt; font-family: \'Times New Roman\', serif; vertical-align: baseline; direction: rtl; unicode-bidi: embed;\\\"><span class=\\\"textrun\\\"><strong><span lang=\\\"AR-SA\\\" style=\\\"font-size: 16pt; color: #44546a;\\\">\\u0627\\u0644\\u0645\\u0642\\u062f\\u0645\\u0629:<\\/span><\\/strong><\\/span><span class=\\\"eop\\\"><span lang=\\\"AR-SA\\\" style=\\\"font-size: 16pt; color: #44546a;\\\">&nbsp;<\\/span><\\/span><\\/p>\\r\\n<p class=\\\"paragraph\\\" dir=\\\"RTL\\\" style=\\\"margin: 0cm; text-align: justify; vertical-align: baseline; direction: rtl; unicode-bidi: embed;\\\"><span style=\\\"font-family: \'Times New Roman\', serif; color: #000000; font-size: 12pt;\\\">\\u062a\\u0637\\u0628\\u064a\\u0642 \\u0628\\u0644\\u0648\\u0643\\u0627\\u062a \\u0628\\u0648\\u062a\\u064a\\u0643 \\u0647\\u0648 \\u0645\\u0646\\u0635\\u0629 \\u0639\\u0631\\u0636 \\u0627\\u0644\\u0643\\u062a\\u0631\\u0648\\u0646\\u064a\\u0647 \\u062a\\u062a\\u064a\\u062d \\u0644\\u0644\\u062a\\u0627\\u062c\\u0631 \\u0645\\u0646 \\u0623\\u064a \\u062f\\u0648\\u0644\\u0647 \\u062d\\u0648\\u0644 \\u0627\\u0644\\u0639\\u0627\\u0644\\u0645 \\u0627\\u0633\\u062a\\u0626\\u062c\\u0627\\u0631 \\u0645\\u0633\\u0627\\u062d\\u0647 \\u0627\\u0639\\u0644\\u0627\\u0646\\u064a\\u0647 \\u0639\\u0644\\u0649 \\u0627\\u0644\\u062a\\u0637\\u0628\\u064a\\u0642 \\u0644\\u0639\\u0631\\u0636 \\u0627\\u0644\\u0645\\u0646\\u062a\\u062c\\u0627\\u062a \\u0639\\u0628\\u0631 \\u062d\\u0633\\u0627\\u0628\\u0627\\u062a \\u0648\\u0633\\u0627\\u0626\\u0644 \\u0627\\u0644\\u062a\\u0648\\u0627\\u0635\\u0644 \\u0627\\u0644\\u0627\\u062c\\u062a\\u0645\\u0627\\u0639\\u064a \\u0627\\u0644\\u062e\\u0627\\u0635 \\u0628\\u0627\\u0644\\u062a\\u0637\\u0628\\u064a\\u0642. \\u0643\\u0645\\u0627 \\u0627\\u0646\\u0647 \\u064a\\u062a\\u064a\\u062d \\u0644\\u0644\\u0639\\u0645\\u0644\\u0627\\u0621 \\u0627\\u0644\\u0645\\u0633\\u062a\\u0647\\u0644\\u0643\\u064a\\u0646 \\u0641\\u064a \\u0627\\u0644\\u062a\\u0637\\u0628\\u064a\\u0642 \\u0627\\u0644\\u0648\\u0635\\u0648\\u0644 \\u0644\\u0623\\u064a \\u0645\\u0646\\u062a\\u062c \\u0645\\u0639\\u0631\\u0648\\u0636 \\u060c \\u0648\\u0627\\u0644\\u062a\\u0648\\u0627\\u0635\\u0644 \\u0627\\u0644\\u0645\\u0628\\u0627\\u0634\\u0631 \\u0645\\u0639 \\u0627\\u0644\\u062a\\u0627\\u062c\\u0631 \\u0644\\u0644\\u062d\\u0635\\u0648\\u0644 \\u0639\\u0644\\u064a\\u0647 \\u0648\\u0627\\u0633\\u062a\\u0644\\u0627\\u0645\\u0647 \\u0627\\u0645\\u0627\\u0645 \\u0645\\u0646\\u0632\\u0644\\u0647.&nbsp;<\\/span><\\/p>\\r\\n<p class=\\\"paragraph\\\" dir=\\\"RTL\\\" style=\\\"margin: 0cm; text-align: justify; vertical-align: baseline; direction: rtl; unicode-bidi: embed;\\\"><span style=\\\"font-family: \'Times New Roman\', serif; color: #000000; font-size: 12pt;\\\">\\u062a\\u0645 \\u062a\\u0623\\u0633\\u064a\\u0633 \\u062a\\u0637\\u0628\\u064a\\u0642 \\u0628\\u0644\\u0648\\u0643\\u0627\\u062a \\u0628\\u0648\\u062a\\u064a\\u0643 \\u0641\\u064a \\u0639\\u0627\\u0645 2021 \\u0645\\u0646 \\u0642\\u0628\\u0644 \\u0627\\u062d\\u062f\\u0649 \\u0634\\u0631\\u0643\\u0627\\u062a \\u0627\\u0644\\u0645\\u0639\\u0627\\u0631\\u0636 \\u0628\\u062f\\u0648\\u0644\\u0629 \\u0642\\u0637\\u0631 \\u0634\\u0640\\u0640\\u0640\\u0631\\u0643\\u0629 \\u0627\\u0644\\u062c\\u0640\\u0640\\u0631\\u064a\\u0627\\u0646 \\u0644\\u062a\\u0646\\u0640\\u0638\\u064a\\u0645 \\u0627\\u0644\\u0645\\u0639\\u0640\\u0640\\u0627\\u0631\\u0636 \\u0648\\u0627\\u0644\\u0645\\u0624\\u062a\\u0640\\u0640\\u0645\\u0631\\u0627\\u062a \\u0628\\u062d\\u064a\\u062b \\u0627\\u0646\\u0647\\u0627 \\u062a\\u0639\\u0631\\u0636 \\u0639\\u0644\\u0649 \\u0645\\u0634\\u0627\\u0631\\u0643\\u064a\\u0646\\u0647\\u0627 \\u0641\\u0631\\u0635\\u0629 \\u0627\\u0633\\u0647\\u0644 \\u0648\\u0623\\u0641\\u0636\\u0644 \\u0644\\u0639\\u0631\\u0636 \\u0645\\u0646\\u062a\\u062c\\u0627\\u062a\\u0647\\u0645 \\u0639\\u0644\\u0649 \\u0647\\u0630\\u0647 \\u0627\\u0644\\u0645\\u0646\\u0635\\u0647 \\u0627\\u0644\\u0627\\u0644\\u0643\\u062a\\u0631\\u0648\\u0646\\u064a\\u0647 \\u0644\\u062a\\u0643\\u0648\\u0646 \\u062d\\u0644\\u0642\\u0647 \\u0627\\u0644\\u0648\\u0635\\u0644 \\u0628\\u064a\\u0646 \\u0627\\u0644\\u0645\\u0634\\u0627\\u0631\\u0643\\u064a\\u0646 \\u0648\\u0627\\u0644\\u0645\\u0633\\u062a\\u0647\\u0644\\u0643\\u064a\\u0646.&nbsp;<\\/span><\\/p>\\r\\n<p class=\\\"paragraph\\\" dir=\\\"RTL\\\" style=\\\"margin: 0px; padding: 0px; user-select: text; -webkit-user-drag: none; -webkit-tap-highlight-color: transparent; overflow-wrap: break-word; direction: rtl; white-space: pre-wrap; vertical-align: baseline; font-kerning: none; background-color: transparent; color: windowtext; text-align: justify;\\\"><span lang=\\\"AR-SA\\\" style=\\\"font-size: 10pt; font-family: \'Segoe UI\', sans-serif;\\\">&nbsp;<\\/span><\\/p>\\r\\n<p class=\\\"paragraph\\\" dir=\\\"RTL\\\" style=\\\"margin: 0px; padding: 0px; user-select: text; -webkit-user-drag: none; -webkit-tap-highlight-color: transparent; overflow-wrap: break-word; direction: rtl; white-space: pre-wrap; vertical-align: baseline; font-kerning: none; background-color: transparent; color: windowtext; text-align: justify;\\\"><span style=\\\"margin: 0px; padding: 0px; user-select: text; -webkit-user-drag: none; -webkit-tap-highlight-color: transparent; color: #44546a; line-height: 29.1375px; font-family: \'Times New Roman\', \'Times New Roman_EmbeddedFont\', \'Times New Roman_MSFontService\', serif; font-weight: bold; font-variant-ligatures: none !important;\\\" xml:lang=\\\"AR-SA\\\" data-contrast=\\\"none\\\"><span class=\\\"textrun\\\"><strong><span lang=\\\"AR-SA\\\" style=\\\"font-size: 16pt; color: #44546a;\\\">\\u0645\\u0646 \\u0646\\u062d\\u0646:<\\/span><\\/strong><\\/span><span class=\\\"textrun\\\"><strong><span lang=\\\"AR-SA\\\" style=\\\"font-size: 16pt; font-family: Calibri, sans-serif;\\\">&nbsp;<\\/span><\\/strong><\\/span><span class=\\\"eop\\\"><span lang=\\\"AR-SA\\\" style=\\\"font-size: 16pt; font-family: Calibri, sans-serif;\\\">&nbsp;<\\/span><\\/span><\\/span><\\/p>\\r\\n<p class=\\\"paragraph\\\" dir=\\\"RTL\\\" style=\\\"margin: 0px; padding: 0px; user-select: text; -webkit-user-drag: none; -webkit-tap-highlight-color: transparent; overflow-wrap: break-word; direction: rtl; white-space: pre-wrap; vertical-align: baseline; font-kerning: none; background-color: transparent; color: windowtext; text-align: right;\\\"><span style=\\\"font-family: \'Times New Roman\', \'Times New Roman_EmbeddedFont\', \'Times New Roman_MSFontService\', serif; font-size: 12pt;\\\"><span style=\\\"font-variant-ligatures: none; white-space: pre-wrap;\\\">\\u062a\\u0637\\u0628\\u064a\\u0642 \\u0628\\u0644\\u0648\\u0643\\u0627\\u062a \\u0628\\u0648\\u062a\\u064a\\u0643 \\u064a\\u0639\\u062a\\u0628\\u0631 \\u0645\\u0646\\u0635\\u0647 \\u0639\\u0631\\u0636 \\u0627\\u0644\\u0643\\u062a\\u0631\\u0648\\u0646\\u064a\\u0647 \\u0644\\u0634\\u0631\\u0643\\u0629 \\u0645\\u062a\\u062e\\u0635\\u0635\\u0629 \\u0641\\u064a \\u062a\\u0646\\u0638\\u064a\\u0645 \\u0627\\u0644\\u0645\\u0639\\u0627\\u0631\\u0636 \\u0648\\u0627\\u0644\\u0645\\u0624\\u062a\\u0645\\u0631\\u0627\\u062a \\u0648\\u0627\\u0644\\u0645\\u0646\\u0627\\u0633\\u0628\\u0627\\u062a. \\u062a\\u0633\\u0627\\u0647\\u0645 \\u0641\\u064a \\u0627\\u0644\\u062a\\u0642\\u062f\\u0645 \\u0648\\u0627\\u0644\\u0627\\u0632\\u062f\\u0647\\u0627\\u0631 \\u0648\\u062a\\u0646\\u0634\\u064a\\u0637 \\u0627\\u0644\\u062a\\u0633\\u0648\\u0642 \\u0627\\u0644\\u0627\\u0644\\u0643\\u062a\\u0631\\u0648\\u0646\\u064a \\u0648\\u0645\\u0634\\u0627\\u0631\\u0643\\u0629 \\u0627\\u0644\\u062a\\u062c\\u0627\\u0631 \\u0648\\u0627\\u0644\\u0645\\u0633\\u062a\\u0647\\u0644\\u0643\\u064a\\u0646 \\u0641\\u064a \\u062c\\u0645\\u064a\\u0639 \\u0627\\u0646\\u062d\\u0627\\u0621 \\u0627\\u0644\\u0639\\u0627\\u0644\\u0645. \\u0641\\u0625\\u0646 \\u0634\\u0631\\u0643\\u062a\\u0646\\u0627 \\u062a\\u062a\\u064a\\u062d \\u0644\\u0644\\u062a\\u062c\\u0627\\u0631 \\u0639\\u0631\\u0636 \\u062c\\u0645\\u064a\\u0639 \\u0645\\u0646\\u062a\\u062c\\u0627\\u062a\\u0647\\u0645 \\u0648\\u0645\\u0646\\u0647\\u0627 \\u062a\\u0633\\u0647\\u0644 \\u0644\\u0644\\u0645\\u0633\\u062a\\u0647\\u0644\\u0643 \\u0627\\u0644\\u0648\\u0635\\u0648\\u0644 \\u0627\\u0644\\u064a\\u0647\\u0627 \\u0648\\u0634\\u0631\\u0627\\u0626\\u0647\\u0627 \\u0639\\u0646 \\u0637\\u0631\\u064a\\u0642 \\u0627\\u0644\\u062a\\u0637\\u0628\\u064a\\u0642 \\u0628\\u0637\\u0631\\u064a\\u0642\\u0647 \\u0633\\u0647\\u0644\\u0647 \\u0648\\u0627\\u0645\\u0646\\u0647 \\u0648\\u064a\\u062a\\u0645 \\u062a\\u0633\\u0644\\u064a\\u0645 \\u0627\\u0644\\u0645\\u0646\\u062a\\u062c \\u0627\\u0645\\u0627\\u0645 \\u0645\\u0646\\u0632\\u0644 \\u0627\\u0644\\u0645\\u0633\\u062a\\u0647\\u0644\\u0643. <\\/span><\\/span><\\/p>\\r\\n<p class=\\\"paragraph\\\" dir=\\\"RTL\\\" style=\\\"margin: 0px; padding: 0px; user-select: text; -webkit-user-drag: none; -webkit-tap-highlight-color: transparent; overflow-wrap: break-word; direction: rtl; white-space: pre-wrap; vertical-align: baseline; font-kerning: none; background-color: transparent; color: windowtext; text-align: justify;\\\"><span lang=\\\"AR-SA\\\" style=\\\"font-size: 10pt; font-family: \'Segoe UI\', sans-serif;\\\">&nbsp;<\\/span><\\/p>\\r\\n<p class=\\\"paragraph\\\" dir=\\\"RTL\\\" style=\\\"margin: 0px; padding: 0px; user-select: text; -webkit-user-drag: none; -webkit-tap-highlight-color: transparent; overflow-wrap: break-word; direction: rtl; white-space: pre-wrap; vertical-align: baseline; font-kerning: none; background-color: transparent; color: windowtext; text-align: justify;\\\"><span style=\\\"font-size: 14pt;\\\"><span style=\\\"margin: 0px; padding: 0px; user-select: text; -webkit-user-drag: none; -webkit-tap-highlight-color: transparent; color: #44546a; line-height: 29.1375px; font-family: \'Times New Roman\', \'Times New Roman_EmbeddedFont\', \'Times New Roman_MSFontService\', serif; font-weight: bold; font-variant-ligatures: none !important;\\\" xml:lang=\\\"AR-SA\\\" data-contrast=\\\"none\\\"><span class=\\\"textrun\\\"><strong><span lang=\\\"AR-SA\\\" style=\\\"color: #44546a;\\\">\\u0631\\u0624\\u064a\\u0629 \\u0627\\u0644\\u0634\\u0631\\u0643\\u0629:<\\/span><\\/strong><\\/span><\\/span><span style=\\\"margin: 0px; padding: 0px; user-select: text; -webkit-user-drag: none; -webkit-tap-highlight-color: transparent; line-height: 29.1375px; font-family: \'Times New Roman\', \'Times New Roman_EmbeddedFont\', \'Times New Roman_MSFontService\', serif; color: #44546a;\\\" data-ccp-props=\\\"{&quot;201341983&quot;:0,&quot;335551550&quot;:6,&quot;335551620&quot;:6,&quot;335559739&quot;:160,&quot;335559740&quot;:259}\\\"><span class=\\\"eop\\\"><span lang=\\\"AR-SA\\\" style=\\\"color: #44546a;\\\">&nbsp;<\\/span><\\/span><\\/span><\\/span><\\/p>\\r\\n<p class=\\\"paragraph\\\" dir=\\\"RTL\\\" style=\\\"margin: 0px; padding: 0px; user-select: text; -webkit-user-drag: none; -webkit-tap-highlight-color: transparent; overflow-wrap: break-word; direction: rtl; white-space: pre-wrap; vertical-align: baseline; font-kerning: none; background-color: transparent; color: windowtext; text-align: right;\\\"><span style=\\\"font-family: \'Times New Roman\', \'Times New Roman_EmbeddedFont\', \'Times New Roman_MSFontService\', serif; font-size: 12pt;\\\"><span style=\\\"font-variant-ligatures: none; white-space: pre-wrap;\\\">\\u0627\\u0644\\u062a\\u0637\\u0648\\u064a\\u0631 \\u0627\\u0644\\u0645\\u0633\\u062a\\u0645\\u0631 \\u0644\\u0644\\u062a\\u0637\\u0628\\u064a\\u0642 \\u0648\\u0632\\u064a\\u0627\\u062f\\u0629 \\u0627\\u0644\\u0627\\u0646\\u062a\\u0627\\u062c \\u0648\\u0627\\u0644\\u062a\\u0648\\u0633\\u0639 \\u0641\\u064a \\u062a\\u0642\\u062f\\u064a\\u0645 \\u062c\\u0645\\u064a\\u0639 \\u062e\\u062f\\u0645\\u0627\\u062a\\u0646\\u0627 \\u0644\\u0643\\u0627\\u0641\\u0629 \\u0627\\u0644\\u0634\\u0631\\u0627\\u0626\\u062d \\u0645\\u0646 \\u0627\\u0644\\u0627\\u0641\\u0631\\u0627\\u062f \\u0648\\u0627\\u0644\\u0634\\u0631\\u0643\\u0627\\u062a \\u0648\\u0627\\u0644\\u0645\\u0624\\u0633\\u0633\\u0627\\u062a \\u0641\\u064a \\u062c\\u0645\\u064a\\u0639 \\u0627\\u0646\\u062d\\u0627\\u0621 \\u0627\\u0644\\u0639\\u0627\\u0644\\u0645. \\u0648\\u0646\\u062d\\u0631\\u0635 \\u062f\\u0627\\u0626\\u0645\\u0627 \\u0639\\u0644\\u0649 \\u0641\\u0647\\u0645 \\u0627\\u062d\\u062a\\u064a\\u0627\\u062c\\u0627\\u062a \\u0639\\u0645\\u0644\\u0627\\u0626\\u0646\\u0627 \\u0648\\u062e\\u0644\\u0642 \\u0639\\u0644\\u0627\\u0642\\u0627\\u062a \\u0645\\u062a\\u0628\\u0627\\u062f\\u0644\\u0629 \\u0645\\u0645\\u0627 \\u064a\\u062e\\u0644\\u0642 \\u0627\\u0644\\u062b\\u0642\\u0629 \\u0648\\u0627\\u0644\\u0627\\u062d\\u062a\\u0631\\u0627\\u0645 \\u0628\\u064a\\u0646 \\u0627\\u0644\\u0639\\u0645\\u0644\\u0627\\u0621. \\u0643\\u0645\\u0627 \\u0646\\u0637\\u0645\\u062d \\u0644\\u062a\\u0637\\u0648\\u064a\\u0631 \\u0645\\u0647\\u0627\\u0631\\u0627\\u062a \\u0627\\u0644\\u0639\\u0627\\u0645\\u0644\\u064a\\u0646 \\u0628\\u0627\\u0644\\u0634\\u0631\\u0643\\u0629 \\u0648\\u0627\\u0644\\u062a\\u0648\\u0633\\u0639 \\u0628\\u0645\\u062c\\u0627\\u0644 \\u0627\\u0644\\u0627\\u0646\\u0634\\u0637\\u0629 \\u0627\\u0644\\u0627\\u062e\\u0631\\u0649 \\u0644\\u0645\\u0648\\u0627\\u0643\\u0628\\u0629 \\u0627\\u0644\\u062a\\u063a\\u064a\\u064a\\u0631\\u0627\\u062a \\u0627\\u0644\\u062d\\u062f\\u064a\\u062b\\u0629. <\\/span><\\/span><\\/p>\\r\\n<p class=\\\"paragraph\\\" dir=\\\"RTL\\\" style=\\\"margin: 0px; padding: 0px; user-select: text; -webkit-user-drag: none; -webkit-tap-highlight-color: transparent; overflow-wrap: break-word; direction: rtl; white-space: pre-wrap; vertical-align: baseline; font-kerning: none; background-color: transparent; color: windowtext; text-align: justify;\\\"><span lang=\\\"AR-SA\\\" style=\\\"font-size: 10pt; font-family: \'Segoe UI\', sans-serif;\\\">&nbsp;<\\/span><\\/p>\\r\\n<p class=\\\"paragraph\\\" dir=\\\"RTL\\\" style=\\\"margin: 0px; padding: 0px; user-select: text; -webkit-user-drag: none; -webkit-tap-highlight-color: transparent; overflow-wrap: break-word; direction: rtl; white-space: pre-wrap; vertical-align: baseline; font-kerning: none; background-color: transparent; color: windowtext; text-align: justify;\\\"><span style=\\\"font-size: 14pt;\\\"><span style=\\\"margin: 0px; padding: 0px; user-select: text; -webkit-user-drag: none; -webkit-tap-highlight-color: transparent; color: #44546a; line-height: 29.1375px; font-family: \'Times New Roman\', \'Times New Roman_EmbeddedFont\', \'Times New Roman_MSFontService\', serif; font-weight: bold; font-variant-ligatures: none !important;\\\" xml:lang=\\\"AR-SA\\\" data-contrast=\\\"none\\\"><span class=\\\"textrun\\\"><strong><span lang=\\\"AR-SA\\\" style=\\\"color: #44546a;\\\">\\u0644\\u0645\\u0627\\u0630\\u0627 \\u0628\\u0644\\u0648\\u0643\\u0627\\u062a \\u0628\\u0648\\u062a\\u064a\\u0643:<\\/span><\\/strong><\\/span><\\/span><span style=\\\"margin: 0px; padding: 0px; user-select: text; -webkit-user-drag: none; -webkit-tap-highlight-color: transparent; line-height: 29.1375px; font-family: \'Times New Roman\', \'Times New Roman_EmbeddedFont\', \'Times New Roman_MSFontService\', serif; color: #44546a;\\\" data-ccp-props=\\\"{&quot;201341983&quot;:0,&quot;335551550&quot;:6,&quot;335551620&quot;:6,&quot;335559739&quot;:160,&quot;335559740&quot;:259}\\\"><span class=\\\"eop\\\"><span lang=\\\"AR-SA\\\" style=\\\"color: #44546a;\\\">&nbsp;<\\/span><\\/span><\\/span><\\/span><\\/p>\\r\\n<p class=\\\"paragraph\\\" dir=\\\"RTL\\\" style=\\\"margin: 0px; padding: 0px; user-select: text; -webkit-user-drag: none; -webkit-tap-highlight-color: transparent; overflow-wrap: break-word; direction: rtl; white-space: pre-wrap; vertical-align: baseline; font-kerning: none; background-color: transparent; color: windowtext; text-align: right;\\\"><span style=\\\"font-family: \'Times New Roman\', \'Times New Roman_EmbeddedFont\', \'Times New Roman_MSFontService\', serif; font-size: 12pt;\\\"><span style=\\\"font-variant-ligatures: none; white-space: pre-wrap;\\\">\\u0627\\u0644\\u062a\\u0627\\u062c\\u0631: \\u0628\\u0625\\u0645\\u0643\\u0627\\u0646 \\u062a\\u062c\\u0627\\u0631\\u0646\\u0627 \\u062a\\u0648\\u0633\\u064a\\u0639 \\u0646\\u0637\\u0627\\u0642\\u0647\\u0645 \\u0648\\u0627\\u0644\\u0648\\u0635\\u0648\\u0644 \\u0627\\u0644\\u0649 \\u0645\\u0633\\u062a\\u0647\\u0644\\u0643\\u064a\\u0646 \\u062c\\u062f\\u062f \\u0628\\u0623\\u062d\\u062f\\u062b \\u0627\\u0633\\u0627\\u0644\\u064a\\u0628 \\u0627\\u0644\\u062a\\u0633\\u0648\\u064a\\u0642 \\u0627\\u0644\\u0627\\u0644\\u0643\\u062a\\u0631\\u0648\\u0646\\u064a \\u0648\\u0627\\u0644\\u0648\\u0635\\u0648\\u0644 \\u0627\\u0644\\u0649 \\u0627\\u0633\\u0648\\u0627\\u0642 \\u062c\\u062f\\u064a\\u062f\\u0647 \\u0648\\u062a\\u062d\\u0642\\u064a\\u0642 \\u0634\\u0647\\u0631\\u0629 \\u0639\\u0627\\u0644\\u0645\\u064a\\u0647 \\u0644\\u062a\\u062c\\u0627\\u0631\\u062a\\u0647\\u0645 \\u0628\\u0645\\u062c\\u0631\\u062f \\u062a\\u062d\\u0645\\u064a\\u0644 \\u0627\\u0644\\u062a\\u0637\\u0628\\u064a\\u0642. \\u0644\\u0630\\u0644\\u0643 \\u064a\\u0639\\u062a\\u0628\\u0631 \\u0627\\u0644\\u062e\\u064a\\u0627\\u0631 \\u0627\\u0644\\u0627\\u0645\\u062b\\u0644 \\u0644\\u0644\\u062a\\u0633\\u0648\\u064a\\u0642 \\u0648\\u0627\\u0644\\u0648\\u0635\\u0648\\u0644 \\u0627\\u0644\\u0649 \\u0627\\u0644\\u0645\\u0633\\u062a\\u0647\\u0644\\u0643\\u064a\\u0646 \\u0627\\u0644\\u062c\\u062f\\u062f \\u0648\\u0627\\u0644\\u062a\\u0648\\u0627\\u0635\\u0644 \\u0645\\u0639\\u0647\\u0645 \\u0645\\u0628\\u0627\\u0634\\u0631\\u0629 \\u0648\\u0628\\u062f\\u0648\\u0646 \\u0623\\u064a \\u0645\\u062c\\u0647\\u0648\\u062f \\u062d\\u064a\\u062b \\u064a\\u0645\\u0643\\u0646\\u0647\\u0645 \\u0627\\u0644\\u0627\\u0639\\u062a\\u0645\\u0627\\u062f \\u0639\\u0644\\u0649 \\u0641\\u0631\\u064a\\u0642\\u0646\\u0627 \\u0627\\u0644\\u0645\\u062d\\u062a\\u0631\\u0641 \\u0644\\u062a\\u0633\\u0648\\u064a\\u0642 \\u0645\\u0646\\u062a\\u062c\\u0627\\u062a\\u0647\\u0645 \\u0639\\u0628\\u0631 \\u0645\\u0646\\u0635\\u062a\\u0646\\u0627 \\u0641\\u064a \\u062a\\u0637\\u0628\\u064a\\u0642 \\u0628\\u0644\\u0648\\u0643\\u0627\\u062a \\u0628\\u0648\\u062a\\u064a\\u0643. <\\/span><\\/span><\\/p>\\r\\n<p class=\\\"paragraph\\\" dir=\\\"RTL\\\" style=\\\"margin: 0px; padding: 0px; user-select: text; -webkit-user-drag: none; -webkit-tap-highlight-color: transparent; overflow-wrap: break-word; direction: rtl; white-space: pre-wrap; vertical-align: baseline; font-kerning: none; background-color: transparent; color: windowtext; text-align: right;\\\"><span style=\\\"font-family: \'Times New Roman\', \'Times New Roman_EmbeddedFont\', \'Times New Roman_MSFontService\', serif; font-size: 12pt;\\\"><span style=\\\"font-variant-ligatures: none; white-space: pre-wrap;\\\">\\u0627\\u0644\\u0645\\u0633\\u062a\\u0647\\u0644\\u0643: \\u0623\\u0645\\u0627 \\u0628\\u0627\\u0644\\u0646\\u0633\\u0628\\u0647 \\u0644\\u0644\\u0645\\u0633\\u062a\\u0647\\u0644\\u0643\\u064a\\u0646 \\u0641\\u0628\\u0625\\u0645\\u0643\\u0627\\u0646\\u0647\\u0645 \\u0627\\u0644\\u062a\\u0639\\u0631\\u0641 \\u0639\\u0644\\u0649 \\u0645\\u0627 \\u0647\\u0648 \\u062c\\u062f\\u064a\\u062f \\u0648\\u0639\\u0635\\u0631\\u064a \\u0641\\u064a \\u0627\\u0644\\u0627\\u0633\\u0648\\u0627\\u0642 \\u0627\\u0644\\u0639\\u0631\\u0628\\u064a\\u0647 \\u0648\\u0627\\u0644\\u0639\\u0627\\u0644\\u0645\\u064a\\u0647 \\u0645\\u062b\\u0644 ( \\u0627\\u0644\\u0627\\u0632\\u064a\\u0627\\u0621 \\u0627\\u0644\\u0646\\u0633\\u0627\\u0626\\u064a\\u0629\\u060c \\u0627\\u0644\\u0639\\u0637\\u0648\\u0631 \\u0648\\u0627\\u0644\\u0627\\u0643\\u0633\\u0633\\u0648\\u0627\\u0631\\u0627\\u062a \\u0648\\u0627\\u0644\\u0645\\u062c\\u0648\\u0647\\u0631\\u0627\\u062a \\u060c \\u0648\\u0645\\u0633\\u062a\\u062d\\u0636\\u0631\\u0627\\u062a \\u0627\\u0644\\u062a\\u062c\\u0645\\u064a\\u0644 ) \\u0641\\u0628\\u0627\\u0644\\u062a\\u0623\\u0643\\u064a\\u062f \\u0628\\u0644\\u0648\\u0643\\u0627\\u062a \\u0628\\u0648\\u062a\\u064a\\u0643 \\u0647\\u0648 \\u0627\\u0644\\u062e\\u064a\\u0627\\u0631 \\u0627\\u0644\\u0627\\u0645\\u062b\\u0644 \\u0644\\u0644\\u0645\\u0633\\u062a\\u0647\\u0644\\u0643 \\u0628\\u0645\\u062c\\u0631\\u062f \\u0627\\u0644\\u062a\\u0633\\u062c\\u064a\\u0644 \\u0627\\u0644\\u0645\\u062c\\u0627\\u0646\\u064a \\u0641\\u064a \\u0627\\u0644\\u062a\\u0637\\u0628\\u064a\\u0642. <\\/span><\\/span><\\/p>\\r\\n<p class=\\\"paragraph\\\" dir=\\\"RTL\\\" style=\\\"margin: 0px; padding: 0px; user-select: text; -webkit-user-drag: none; -webkit-tap-highlight-color: transparent; overflow-wrap: break-word; direction: rtl; white-space: pre-wrap; vertical-align: baseline; font-kerning: none; background-color: transparent; color: windowtext; text-align: justify;\\\"><span lang=\\\"AR-SA\\\" style=\\\"font-size: 10pt; font-family: \'Segoe UI\', sans-serif;\\\">&nbsp;<\\/span><\\/p>\\r\\n<p class=\\\"paragraph\\\" dir=\\\"RTL\\\" style=\\\"margin: 0px; padding: 0px; user-select: text; -webkit-user-drag: none; -webkit-tap-highlight-color: transparent; overflow-wrap: break-word; direction: rtl; white-space: pre-wrap; vertical-align: baseline; font-kerning: none; background-color: transparent; color: windowtext; text-align: right;\\\"><span style=\\\"margin: 0px; padding: 0px; user-select: text; -webkit-user-drag: none; -webkit-tap-highlight-color: transparent; color: #44546a; line-height: 29.1375px; font-family: \'Times New Roman\', \'Times New Roman_EmbeddedFont\', \'Times New Roman_MSFontService\', serif; font-weight: bold; font-variant-ligatures: none !important; font-size: 14pt;\\\" xml:lang=\\\"AR-SA\\\" data-contrast=\\\"none\\\"><span class=\\\"textrun\\\"><strong><span lang=\\\"AR-SA\\\" style=\\\"color: #44546a;\\\">\\u0637\\u0631\\u064a\\u0642\\u0629 \\u0627\\u0633\\u062a\\u062e\\u062f\\u0627\\u0645 \\u062a\\u0637\\u0628\\u064a\\u0642 \\u0628\\u0644\\u0648\\u0643\\u0627\\u062a \\u0628\\u0648\\u062a\\u064a\\u0643:<\\/span><\\/strong><\\/span><span class=\\\"eop\\\"><span lang=\\\"AR-SA\\\" style=\\\"color: #44546a;\\\">&nbsp;<\\/span><\\/span><\\/span><\\/p>\\r\\n<p class=\\\"paragraph\\\" dir=\\\"RTL\\\" style=\\\"margin: 0px; padding: 0px; user-select: text; -webkit-user-drag: none; -webkit-tap-highlight-color: transparent; overflow-wrap: break-word; direction: rtl; white-space: pre-wrap; vertical-align: baseline; font-kerning: none; background-color: transparent; color: windowtext; text-align: right;\\\"><span style=\\\"font-family: \'Times New Roman\', \'Times New Roman_EmbeddedFont\', \'Times New Roman_MSFontService\', serif; font-size: 12pt;\\\"><span style=\\\"font-variant-ligatures: none; white-space: pre-wrap;\\\">\\u0639\\u0632\\u064a\\u0632\\u064a \\u0627\\u0644\\u062a\\u0627\\u062c\\u0631 \\u0642\\u0645 \\u0641\\u0642\\u0637 \\u0628\\u062a\\u062d\\u0645\\u064a\\u0644 \\u0627\\u0644\\u062a\\u0637\\u0628\\u064a\\u0642 \\u0648\\u0623\\u062a\\u0628\\u0639 \\u062a\\u0639\\u0644\\u064a\\u0645\\u0627\\u062a \\u0627\\u0644\\u0627\\u0634\\u062a\\u0631\\u0627\\u0643 \\u0627\\u0644\\u0634\\u0647\\u0631\\u064a \\u0643\\u062a\\u0627\\u062c\\u0631 \\u0648\\u062f\\u0641\\u0639 \\u0631\\u0633\\u0648\\u0645 \\u062e\\u062f\\u0645\\u0629 \\u0631\\u0645\\u0632\\u064a\\u0629 \\u060c \\u0628\\u0639\\u062f \\u0630\\u0644\\u0643 \\u064a\\u0645\\u0643\\u0646\\u0646\\u0627 \\u0639\\u0631\\u0636 \\u0645\\u0646\\u062a\\u062c\\u0627\\u062a\\u0643 \\u0648\\u0627\\u0644\\u062a\\u0633\\u0648\\u064a\\u0642 \\u0644\\u0647\\u0627 \\u0648\\u0643\\u0644 \\u0645\\u0627 \\u0639\\u0644\\u064a\\u0643 \\u0647\\u0648 \\u0627\\u0633\\u062a\\u0642\\u0628\\u0627\\u0644 \\u0627\\u0644\\u0637\\u0644\\u0628\\u0627\\u062a . \\u0627\\u0645\\u0627 \\u0627\\u0646\\u062a \\u0639\\u0632\\u064a\\u0632\\u064a \\u0627\\u0644\\u0645\\u0633\\u062a\\u0647\\u0644\\u0643 \\u060c \\u0643\\u0644 \\u0645\\u0627 \\u0639\\u0644\\u064a\\u0643 \\u0641\\u0639\\u0644\\u0647 \\u0647\\u0648 \\u062a\\u062d\\u0645\\u064a\\u0644 \\u0627\\u0644\\u062a\\u0637\\u0628\\u064a\\u0642 \\u0648\\u0627\\u0644\\u062a\\u0633\\u062c\\u064a\\u0644 \\u0627\\u0644\\u0645\\u062c\\u0627\\u0646\\u064a \\u062b\\u0645 \\u0627\\u0628\\u062f\\u0623 \\u0628\\u0627\\u0644\\u062a\\u0633\\u0648\\u0642. <\\/span><\\/span><\\/p>\\r\\n<p class=\\\"paragraph\\\" dir=\\\"RTL\\\" style=\\\"margin: 0px; padding: 0px; user-select: text; -webkit-user-drag: none; -webkit-tap-highlight-color: transparent; overflow-wrap: break-word; direction: rtl; white-space: pre-wrap; vertical-align: baseline; font-kerning: none; background-color: transparent; color: windowtext; text-align: justify;\\\"><span lang=\\\"AR-SA\\\" style=\\\"font-size: 10pt; font-family: \'Segoe UI\', sans-serif;\\\">&nbsp;<\\/span><\\/p>\\r\\n<p class=\\\"paragraph\\\" dir=\\\"RTL\\\" style=\\\"margin: 0px; padding: 0px; user-select: text; -webkit-user-drag: none; -webkit-tap-highlight-color: transparent; overflow-wrap: break-word; direction: rtl; white-space: pre-wrap; vertical-align: baseline; font-kerning: none; background-color: transparent; color: windowtext; text-align: justify;\\\"><span style=\\\"font-size: 14pt;\\\"><span style=\\\"margin: 0px; padding: 0px; user-select: text; -webkit-user-drag: none; -webkit-tap-highlight-color: transparent; color: #44546a; line-height: 29.1375px; font-family: \'Times New Roman\', \'Times New Roman_EmbeddedFont\', \'Times New Roman_MSFontService\', serif; font-weight: bold; font-variant-ligatures: none !important;\\\" xml:lang=\\\"AR-SA\\\" data-contrast=\\\"none\\\"><span class=\\\"textrun\\\"><strong><span lang=\\\"AR-SA\\\" style=\\\"color: #44546a;\\\">\\u0641\\u0631\\u064a\\u0642 \\u0628\\u0644\\u0648\\u0643\\u0627\\u062a \\u0628\\u0648\\u062a\\u064a\\u0643:<\\/span><\\/strong><\\/span><span class=\\\"textrun\\\"><strong><span lang=\\\"AR-SA\\\" style=\\\"color: #44546a;\\\">&nbsp;<\\/span><\\/strong><\\/span><\\/span><span style=\\\"margin: 0px; padding: 0px; user-select: text; -webkit-user-drag: none; -webkit-tap-highlight-color: transparent; line-height: 29.1375px; font-family: \'Times New Roman\', \'Times New Roman_EmbeddedFont\', \'Times New Roman_MSFontService\', serif; color: #44546a;\\\" data-ccp-props=\\\"{&quot;201341983&quot;:0,&quot;335551550&quot;:6,&quot;335551620&quot;:6,&quot;335559739&quot;:160,&quot;335559740&quot;:259}\\\"><span class=\\\"eop\\\"><span lang=\\\"AR-SA\\\" style=\\\"color: #44546a;\\\">&nbsp;<\\/span><\\/span><\\/span><\\/span><\\/p>\\r\\n<p class=\\\"paragraph\\\" dir=\\\"RTL\\\" style=\\\"margin: 0px; padding: 0px; user-select: text; -webkit-user-drag: none; -webkit-tap-highlight-color: transparent; overflow-wrap: break-word; direction: rtl; white-space: pre-wrap; vertical-align: baseline; font-kerning: none; background-color: transparent; color: windowtext; text-align: right;\\\"><span style=\\\"font-family: \'Times New Roman\', \'Times New Roman_EmbeddedFont\', \'Times New Roman_MSFontService\', serif; font-size: 12pt;\\\"><span style=\\\"font-variant-ligatures: none; white-space: pre-wrap;\\\">\\u064a\\u0639\\u0645\\u0644 \\u0641\\u0631\\u064a\\u0642\\u0646\\u0627 \\u0645\\u0646 \\u0627\\u062c\\u0644 \\u062e\\u062f\\u0645\\u0629 \\u062c\\u0645\\u064a\\u0639 \\u0627\\u0644\\u0632\\u0627\\u0626\\u0631\\u064a\\u0646 \\u0648\\u0627\\u0644\\u0645\\u0634\\u0627\\u0631\\u0643\\u064a\\u0646 \\u0648\\u0639\\u0645\\u0644\\u0627\\u0626\\u0646\\u0627 \\u0627\\u0644\\u0641\\u0627\\u0636\\u0644\\u064a\\u0646\\u060c \\u0644\\u0643\\u064a \\u064a\\u062a\\u0633\\u0646\\u0649 \\u0644\\u0644\\u062c\\u0645\\u064a\\u0639 \\u0628\\u062a\\u062c\\u0631\\u0628\\u0647 \\u062a\\u0633\\u0648\\u0642 \\u0622\\u0645\\u0646\\u0647. \\u0643\\u0645\\u0627 \\u0625\\u0646 \\u062a\\u0635\\u0645\\u064a\\u0645 \\u0627\\u0644\\u062a\\u0637\\u0628\\u064a\\u0642 \\u0628\\u0633\\u064a\\u0637 \\u0648\\u0633\\u0647\\u0644 \\u0648\\u0639\\u0635\\u0631\\u064a \\u0645\\u0646\\u0647\\u0627 \\u062a\\u0633\\u062a\\u0637\\u064a\\u0639 \\u0645\\u0646 \\u062e\\u0644\\u0627\\u0644\\u0647 \\u0627\\u0646\\u0634\\u0627\\u0621 \\u062d\\u0633\\u0627\\u0628 \\u0648\\u062a\\u0635\\u0641\\u062d \\u0627\\u0644\\u0645\\u0648\\u0642\\u0639 \\u0648\\u0627\\u0644\\u062a\\u0633\\u0648\\u0642 \\u0648\\u0627\\u0644\\u062e\\u0631\\u0648\\u062c \\u0645\\u0646\\u0647 \\u0628\\u0643\\u0644 \\u0633\\u0647\\u0648\\u0644\\u0647. <\\/span><\\/span><\\/p>\\r\\n<p class=\\\"paragraph\\\" dir=\\\"RTL\\\" style=\\\"margin: 0px; padding: 0px; user-select: text; -webkit-user-drag: none; -webkit-tap-highlight-color: transparent; overflow-wrap: break-word; direction: rtl; white-space: pre-wrap; vertical-align: baseline; font-kerning: none; background-color: transparent; color: windowtext; text-align: justify;\\\"><span lang=\\\"AR-SA\\\" style=\\\"font-size: 10pt; font-family: \'Segoe UI\', sans-serif;\\\">&nbsp;<\\/span><\\/p>\\r\\n<p class=\\\"paragraph\\\" dir=\\\"RTL\\\" style=\\\"margin: 0px; padding: 0px; user-select: text; -webkit-user-drag: none; -webkit-tap-highlight-color: transparent; overflow-wrap: break-word; direction: rtl; white-space: pre-wrap; vertical-align: baseline; font-kerning: none; background-color: transparent; color: windowtext; text-align: justify;\\\"><span style=\\\"margin: 0px; padding: 0px; user-select: text; -webkit-user-drag: none; -webkit-tap-highlight-color: transparent; color: #44546a; line-height: 29.1375px; font-family: \'Times New Roman\', \'Times New Roman_EmbeddedFont\', \'Times New Roman_MSFontService\', serif; font-weight: bold; font-variant-ligatures: none !important; font-size: 14pt;\\\" xml:lang=\\\"AR-SA\\\" data-contrast=\\\"none\\\"><span class=\\\"textrun\\\"><strong><span lang=\\\"AR-SA\\\" style=\\\"color: #44546a;\\\">\\u0627\\u0644\\u062e\\u0628\\u0631\\u0627\\u062a \\u0627\\u0644\\u0641\\u0646\\u064a\\u0629:<\\/span><\\/strong><\\/span><span class=\\\"eop\\\"><span lang=\\\"AR-SA\\\" style=\\\"color: #44546a;\\\">&nbsp;<\\/span><\\/span><\\/span><\\/p>\\r\\n<p class=\\\"paragraph\\\" dir=\\\"RTL\\\" style=\\\"margin: 0px; padding: 0px; user-select: text; -webkit-user-drag: none; -webkit-tap-highlight-color: transparent; overflow-wrap: break-word; direction: rtl; white-space: pre-wrap; vertical-align: baseline; font-kerning: none; background-color: transparent; color: windowtext; text-align: right;\\\"><span style=\\\"font-family: \'Times New Roman\', \'Times New Roman_EmbeddedFont\', \'Times New Roman_MSFontService\', serif; font-size: 12pt;\\\"><span style=\\\"font-variant-ligatures: none; white-space: pre-wrap;\\\">\\u062a\\u0645\\u062a\\u0627\\u0632 \\u0628\\u0644\\u0648\\u0643\\u0627\\u062a \\u0628\\u0648\\u062a\\u064a\\u0643 \\u0628\\u062d\\u0635\\u0648\\u0644\\u0647\\u0627 \\u0639\\u0644\\u0649 \\u062e\\u0628\\u0631\\u0627\\u062a \\u0630\\u0627\\u062a \\u0643\\u0641\\u0627\\u0621\\u0629 \\u0639\\u0627\\u0644\\u064a\\u0629 \\u064a\\u062a\\u0645 \\u0627\\u062e\\u062a\\u064a\\u0627\\u0631\\u0647\\u0627 \\u0636\\u0645\\u0646 \\u0645\\u0639\\u0627\\u064a\\u064a\\u0631 \\u0645\\u0647\\u0646\\u064a\\u0629 \\u0648\\u0641\\u0646\\u064a\\u0629 \\u0644\\u0644\\u0648\\u0635\\u0648\\u0644 \\u0627\\u0644\\u0649 \\u062c\\u0648\\u062f\\u0629 \\u0639\\u0627\\u0644\\u064a\\u0629 \\u0641\\u064a \\u062a\\u0642\\u062f\\u064a\\u0645 \\u0627\\u0644\\u062e\\u062f\\u0645\\u0627\\u062a \\u0648\\u0627\\u0644\\u0645\\u0646\\u062a\\u062c\\u0627\\u062a \\u0628\\u0645\\u0642\\u0627\\u064a\\u064a\\u0633 \\u062a\\u062a\\u0646\\u0627\\u0633\\u0628 \\u0645\\u0639 \\u0638\\u0631\\u0648\\u0641 \\u0627\\u0644\\u0639\\u0645\\u0644. <\\/span><\\/span><\\/p>\\r\\n<p class=\\\"paragraph\\\" dir=\\\"RTL\\\" style=\\\"margin: 0px; padding: 0px; user-select: text; -webkit-user-drag: none; -webkit-tap-highlight-color: transparent; overflow-wrap: break-word; direction: rtl; white-space: pre-wrap; vertical-align: baseline; font-kerning: none; background-color: transparent; color: windowtext; text-align: justify;\\\"><span lang=\\\"AR-SA\\\" style=\\\"font-size: 10pt; font-family: \'Segoe UI\', sans-serif;\\\">&nbsp;<\\/span><\\/p>\\r\\n<p class=\\\"paragraph\\\" dir=\\\"RTL\\\" style=\\\"margin: 0px; padding: 0px; user-select: text; -webkit-user-drag: none; -webkit-tap-highlight-color: transparent; overflow-wrap: break-word; direction: rtl; white-space: pre-wrap; vertical-align: baseline; font-kerning: none; background-color: transparent; color: windowtext; text-align: justify;\\\"><span style=\\\"margin: 0px; padding: 0px; user-select: text; -webkit-user-drag: none; -webkit-tap-highlight-color: transparent; color: #44546a; line-height: 29.1375px; font-family: \'Times New Roman\', \'Times New Roman_EmbeddedFont\', \'Times New Roman_MSFontService\', serif; font-weight: bold; font-variant-ligatures: none !important; font-size: 14pt;\\\" xml:lang=\\\"AR-SA\\\" data-contrast=\\\"none\\\"><span class=\\\"textrun\\\"><strong><span lang=\\\"AR-SA\\\" style=\\\"color: #44546a;\\\">\\u0633\\u064a\\u0627\\u0633\\u0629 \\u0627\\u0644\\u062e\\u0635\\u0648\\u0635\\u064a\\u0629:<\\/span><\\/strong><\\/span><span class=\\\"eop\\\"><span lang=\\\"AR-SA\\\" style=\\\"color: #44546a;\\\">&nbsp;<\\/span><\\/span><\\/span><\\/p>\\r\\n<p class=\\\"paragraph\\\" dir=\\\"RTL\\\" style=\\\"margin: 0px; padding: 0px; user-select: text; -webkit-user-drag: none; -webkit-tap-highlight-color: transparent; overflow-wrap: break-word; direction: rtl; white-space: pre-wrap; vertical-align: baseline; font-kerning: none; background-color: transparent; color: windowtext; text-align: right;\\\"><span style=\\\"font-family: \'Times New Roman\', \'Times New Roman_EmbeddedFont\', \'Times New Roman_MSFontService\', serif; font-size: 12pt;\\\"><span style=\\\"font-variant-ligatures: none; white-space: pre-wrap;\\\">\\u062a\\u0637\\u0628\\u064a\\u0642 \\u0628\\u0644\\u0648\\u0643\\u0627\\u062a \\u0628\\u0648\\u062a\\u064a\\u0643 \\u062a\\u062d\\u062a\\u0631\\u0645 \\u062e\\u0635\\u0648\\u0635\\u064a\\u0629 \\u0627\\u0644\\u062c\\u0645\\u064a\\u0639 \\u0644\\u0630\\u0644\\u0643 \\u0646\\u062d\\u0646 \\u0645\\u0644\\u062a\\u0632\\u0645\\u0648\\u0646 \\u0628\\u0627\\u0644\\u0645\\u062d\\u0627\\u0641\\u0638\\u0629 \\u0639\\u0644\\u0649 \\u062e\\u0635\\u0648\\u0635\\u064a\\u062a\\u0643\\u0645 \\u0648\\u0627\\u062d\\u062a\\u0631\\u0627\\u0645\\u0647\\u0627 \\u0648\\u062e\\u0635\\u0648\\u0635\\u064a\\u0629 \\u0627\\u0644\\u0632\\u0648\\u0627\\u0631 \\u0627\\u0644\\u0630\\u064a\\u0646 \\u064a\\u0633\\u062a\\u062e\\u062f\\u0645\\u0648\\u0646 \\u0627\\u0644\\u062a\\u0637\\u0628\\u064a\\u0642. \\u0648\\u0625\\u0646 \\u0627\\u0644\\u0645\\u0639\\u0644\\u0648\\u0645\\u0627\\u062a \\u0627\\u0644\\u062a\\u064a \\u064a\\u062a\\u0645 \\u0637\\u0644\\u0628\\u0647\\u0627 \\u0628\\u0627\\u0644\\u062a\\u0637\\u0628\\u064a\\u0642 \\u0647\\u064a \\u062c\\u0632\\u0621 \\u0645\\u0647\\u0645 \\u0645\\u0646 \\u0639\\u0645\\u0644\\u0646\\u0627 \\u0648\\u0644\\u0646 \\u064a\\u062a\\u0645 \\u0645\\u0634\\u0627\\u0631\\u0643\\u062a\\u0647\\u0627 \\u0645\\u0639 \\u0627\\u0644\\u0627\\u062e\\u0631\\u064a\\u0646. \\u0639\\u0646\\u062f \\u0627\\u0633\\u062a\\u062e\\u062f\\u0627\\u0645\\u0643 \\u0644\\u062a\\u0637\\u0628\\u064a\\u0642\\u0646\\u0627 \\u0633\\u0648\\u0641 \\u064a\\u062a\\u0645 \\u0627\\u0644\\u0637\\u0644\\u0628 \\u0645\\u0646\\u0643 \\u0628\\u062a\\u0632\\u0648\\u064a\\u062f\\u0646\\u0627 \\u0628\\u0645\\u0639\\u0644\\u0648\\u0645\\u0627\\u062a \\u064a\\u062a\\u0645 \\u0627\\u0644\\u0627\\u0634\\u0627\\u0631\\u0629 \\u0627\\u0644\\u064a\\u0647\\u0627 \\u0628\\u0627\\u0644\\u0628\\u064a\\u0627\\u0646\\u0627\\u062a \\u0627\\u0644\\u0634\\u062e\\u0635\\u064a\\u0629 \\u0648\\u0627\\u0644\\u062a\\u064a \\u0646\\u0642\\u0648\\u0645 \\u0628\\u062c\\u0645\\u0639\\u0647\\u0627 \\u0644\\u062a\\u0648\\u0641\\u064a\\u0631 \\u0627\\u0644\\u062e\\u062f\\u0645\\u0627\\u062a \\u0627\\u0644\\u0645\\u0637\\u0644\\u0648\\u0628\\u0629 \\u0648\\u0627\\u062f\\u0627\\u0621 \\u0627\\u0644\\u062a\\u0632\\u0627\\u0645\\u0627\\u062a\\u0646\\u0627 \\u0627\\u0644\\u062a\\u0639\\u0627\\u0642\\u062f\\u064a\\u0629. \\u062a\\u0634\\u0645\\u0644 \\u0647\\u0630\\u0647 \\u0627\\u0644\\u0628\\u064a\\u0627\\u0646\\u0627\\u062a : \\u0627\\u0644\\u0627\\u0633\\u0645 \\u060c \\u0631\\u0642\\u0645 \\u0627\\u0644\\u0647\\u0627\\u062a\\u0641 \\u060c \\u0627\\u0644\\u0639\\u0646\\u0648\\u0627\\u0646 \\u060c \\u0627\\u0644\\u0628\\u0631\\u064a\\u062f \\u0627\\u0644\\u0627\\u0644\\u0643\\u062a\\u0631\\u0648\\u0646\\u064a \\u060c \\u0628\\u0637\\u0627\\u0642\\u0629 \\u0627\\u0644\\u0627\\u0626\\u062a\\u0645\\u0627\\u0646 \\u0648\\u063a\\u064a\\u0631\\u0647\\u0627.<\\/span><\\/span><\\/p>\\r\\n<p class=\\\"paragraph\\\" dir=\\\"RTL\\\" style=\\\"margin: 0px; padding: 0px; user-select: text; -webkit-user-drag: none; -webkit-tap-highlight-color: transparent; overflow-wrap: break-word; direction: rtl; white-space: pre-wrap; vertical-align: baseline; font-kerning: none; background-color: transparent; color: windowtext; text-align: justify;\\\"><span lang=\\\"AR-SA\\\" style=\\\"font-size: 10pt; font-family: \'Segoe UI\', sans-serif;\\\">&nbsp;<\\/span><\\/p>\\r\\n<p class=\\\"paragraph\\\" dir=\\\"RTL\\\" style=\\\"margin: 0px; padding: 0px; user-select: text; -webkit-user-drag: none; -webkit-tap-highlight-color: transparent; overflow-wrap: break-word; direction: rtl; white-space: pre-wrap; vertical-align: baseline; font-kerning: none; background-color: transparent; color: windowtext; text-align: justify;\\\"><span style=\\\"margin: 0px; padding: 0px; user-select: text; -webkit-user-drag: none; -webkit-tap-highlight-color: transparent; color: #44546a; line-height: 29.1375px; font-family: \'Times New Roman\', \'Times New Roman_EmbeddedFont\', \'Times New Roman_MSFontService\', serif; font-weight: bold; font-variant-ligatures: none !important; font-size: 14pt;\\\" xml:lang=\\\"AR-SA\\\" data-contrast=\\\"none\\\"><span class=\\\"textrun\\\"><strong><span lang=\\\"AR-SA\\\" style=\\\"color: #44546a;\\\">\\u0627\\u0644\\u0623\\u0645\\u0646:<\\/span><\\/strong><\\/span><span class=\\\"eop\\\"><span lang=\\\"AR-SA\\\" style=\\\"color: #44546a;\\\">&nbsp;<\\/span><\\/span><\\/span><\\/p>\\r\\n<p class=\\\"paragraph\\\" dir=\\\"RTL\\\" style=\\\"margin: 0px; padding: 0px; user-select: text; -webkit-user-drag: none; -webkit-tap-highlight-color: transparent; overflow-wrap: break-word; direction: rtl; white-space: pre-wrap; vertical-align: baseline; font-kerning: none; background-color: transparent; color: windowtext; text-align: right;\\\"><span style=\\\"font-family: \'Times New Roman\', \'Times New Roman_EmbeddedFont\', \'Times New Roman_MSFontService\', serif; font-size: 12pt;\\\"><span style=\\\"font-variant-ligatures: none; white-space: pre-wrap;\\\">\\u064a\\u062a\\u0645 \\u0627\\u062a\\u062e\\u0627\\u0630 \\u0627\\u0644\\u0627\\u062c\\u0631\\u0627\\u0621\\u0627\\u062a \\u0627\\u0644\\u0644\\u0627\\u0632\\u0645\\u0647 \\u0644\\u0645\\u0646\\u0639 \\u062f\\u062e\\u0648\\u0644 \\u0627\\u0644\\u063a\\u064a\\u0631 \\u0645\\u0635\\u0631\\u062d \\u0644\\u0647\\u0645 \\u0648\\u0627\\u062a\\u0644\\u0627\\u0641 \\u0627\\u0644\\u0645\\u0639\\u0644\\u0648\\u0645\\u0627\\u062a \\u0648\\u0627\\u0644\\u0628\\u064a\\u0627\\u0646\\u0627\\u062a \\u0627\\u0644\\u0634\\u062e\\u0635\\u064a\\u0647 \\u0628\\u0627\\u0644\\u062a\\u0637\\u0628\\u064a\\u0642. <\\/span><\\/span><\\/p>\\r\\n<p class=\\\"paragraph\\\" dir=\\\"RTL\\\" style=\\\"margin: 0px; padding: 0px; user-select: text; -webkit-user-drag: none; -webkit-tap-highlight-color: transparent; overflow-wrap: break-word; direction: rtl; white-space: pre-wrap; vertical-align: baseline; font-kerning: none; background-color: transparent; color: windowtext; text-align: justify;\\\"><span lang=\\\"AR-SA\\\" style=\\\"font-size: 10pt; font-family: \'Segoe UI\', sans-serif;\\\">&nbsp;<\\/span><\\/p>\\r\\n<p class=\\\"paragraph\\\" dir=\\\"RTL\\\" style=\\\"margin: 0px; padding: 0px; user-select: text; -webkit-user-drag: none; -webkit-tap-highlight-color: transparent; overflow-wrap: break-word; direction: rtl; white-space: pre-wrap; vertical-align: baseline; font-kerning: none; background-color: transparent; color: windowtext; text-align: justify;\\\"><span style=\\\"margin: 0px; padding: 0px; user-select: text; -webkit-user-drag: none; -webkit-tap-highlight-color: transparent; color: #44546a; line-height: 29.1375px; font-family: \'Times New Roman\', \'Times New Roman_EmbeddedFont\', \'Times New Roman_MSFontService\', serif; font-weight: bold; font-variant-ligatures: none !important; font-size: 14pt;\\\" xml:lang=\\\"AR-SA\\\" data-contrast=\\\"none\\\"><span class=\\\"textrun\\\"><strong><span lang=\\\"AR-SA\\\" style=\\\"color: #44546a;\\\">\\u062e\\u062f\\u0645\\u0627\\u062a\\u0646\\u0627:<\\/span><\\/strong><\\/span><span class=\\\"eop\\\"><span lang=\\\"AR-SA\\\" style=\\\"color: #44546a;\\\">&nbsp;<\\/span><\\/span><\\/span><\\/p>\\r\\n<p style=\\\"text-align: right;\\\"><span style=\\\"font-family: \'Times New Roman\', \'Times New Roman_EmbeddedFont\', \'Times New Roman_MSFontService\', serif; font-size: 12pt; color: #000000;\\\"><span style=\\\"font-variant-ligatures: none; white-space: pre-wrap;\\\">- \\u062a\\u0648\\u0641\\u064a\\u0631 \\u0645\\u0646\\u0635\\u0629 \\u0639\\u0631\\u0636 \\u0627\\u0644\\u0643\\u062a\\u0631\\u0648\\u0646\\u064a\\u0629 \\u0644\\u0644\\u062a\\u062c\\u0627\\u0631 \\u0644\\u0639\\u0631\\u0636 \\u0645\\u0646\\u062a\\u062c\\u0627\\u062a\\u0647\\u0645<\\/span><\\/span><\\/p>\\r\\n<p style=\\\"text-align: right;\\\"><span style=\\\"font-family: \'Times New Roman\', \'Times New Roman_EmbeddedFont\', \'Times New Roman_MSFontService\', serif; font-size: 12pt; color: #000000;\\\"><span style=\\\"font-variant-ligatures: none; white-space: pre-wrap;\\\">- \\u062a\\u0633\\u0647\\u064a\\u0644 \\u0639\\u0645\\u0644\\u064a\\u0647 \\u0637\\u0631\\u064a\\u0642\\u0647 \\u0627\\u0644\\u0627\\u0634\\u062a\\u0631\\u0627\\u0643 \\u0627\\u0644\\u0634\\u0647\\u0631\\u064a \\u0644\\u0644\\u062a\\u0627\\u062c\\u0631 <\\/span><\\/span><\\/p>\\r\\n<p style=\\\"text-align: right;\\\"><span style=\\\"font-family: \'Times New Roman\', \'Times New Roman_EmbeddedFont\', \'Times New Roman_MSFontService\', serif; font-size: 12pt; color: #000000;\\\"><span style=\\\"font-variant-ligatures: none; white-space: pre-wrap;\\\">- \\u062a\\u0633\\u0647\\u064a\\u0644 \\u0639\\u0645\\u0644\\u064a\\u0647 \\u0627\\u0644\\u062a\\u0633\\u062c\\u064a\\u0644 \\u0627\\u0644\\u0645\\u062c\\u0627\\u0646\\u064a \\u0644\\u0644\\u0645\\u0633\\u062a\\u0647\\u0644\\u0643 <\\/span><\\/span><\\/p>\\r\\n<p style=\\\"text-align: right;\\\"><span style=\\\"font-family: \'Times New Roman\', \'Times New Roman_EmbeddedFont\', \'Times New Roman_MSFontService\', serif; font-size: 12pt; color: #000000;\\\"><span style=\\\"font-variant-ligatures: none; white-space: pre-wrap;\\\">- \\u062a\\u0633\\u0647\\u064a\\u0644 \\u0639\\u0645\\u0644\\u064a\\u0647 \\u0627\\u0644\\u062a\\u0648\\u0627\\u0635\\u0644 \\u0627\\u0644\\u0645\\u0628\\u0627\\u0634\\u0631 \\u0628\\u064a\\u0646 \\u0627\\u0644\\u0645\\u0633\\u062a\\u0647\\u0644\\u0643 \\u0648\\u0627\\u0644\\u062a\\u0627\\u062c\\u0631 <\\/span><\\/span><\\/p>\\r\\n<p style=\\\"text-align: right;\\\"><span style=\\\"font-family: \'Times New Roman\', \'Times New Roman_EmbeddedFont\', \'Times New Roman_MSFontService\', serif; font-size: 12pt; color: #000000;\\\"><span style=\\\"font-variant-ligatures: none; white-space: pre-wrap;\\\">- \\u062a\\u0633\\u0647\\u064a\\u0644 \\u0639\\u0645\\u0644\\u064a\\u0629 \\u0627\\u0644\\u0634\\u0631\\u0627\\u0621 \\u0644\\u0644\\u0645\\u0633\\u062a\\u0647\\u0644\\u0643\\u064a\\u0646 <\\/span><\\/span><\\/p>\\r\\n<p style=\\\"text-align: right;\\\"><span style=\\\"font-family: \'Times New Roman\', \'Times New Roman_EmbeddedFont\', \'Times New Roman_MSFontService\', serif; font-size: 12pt; color: #000000;\\\"><span style=\\\"font-variant-ligatures: none; white-space: pre-wrap;\\\">- \\u0627\\u062f\\u0627\\u0631\\u0629 \\u0639\\u0645\\u0644\\u064a\\u0647 \\u0627\\u0644\\u062a\\u0633\\u062c\\u064a\\u0644 \\u0628\\u0623\\u062d\\u062f\\u062b \\u0627\\u0644\\u0648\\u0633\\u0627\\u0626\\u0644 \\u0648\\u0627\\u0644\\u062a\\u0642\\u0646\\u064a\\u0627\\u062a <\\/span><\\/span><\\/p>\\r\\n<p style=\\\"text-align: right;\\\"><span style=\\\"font-family: \'Times New Roman\', \'Times New Roman_EmbeddedFont\', \'Times New Roman_MSFontService\', serif; font-size: 12pt; color: #000000;\\\"><span style=\\\"font-variant-ligatures: none; white-space: pre-wrap;\\\">- \\u0627\\u062f\\u0627\\u0631\\u0629 \\u0627\\u0644\\u062d\\u0645\\u0644\\u0627\\u062a \\u0627\\u0644\\u0627\\u0639\\u0644\\u0627\\u0646\\u064a\\u0647 \\u0648\\u0627\\u0644\\u062a\\u0631\\u0648\\u064a\\u062c\\u064a\\u0629 \\u0648\\u0627\\u0644\\u062a\\u0633\\u0648\\u064a\\u0642 \\u0627\\u0644\\u0627\\u0644\\u0643\\u062a\\u0631\\u0648\\u0646\\u064a <\\/span><\\/span><\\/p>\\r\\n<p style=\\\"text-align: right;\\\"><span style=\\\"font-size: 12pt; color: #000000;\\\"><span style=\\\"font-family: Times New Roman, Times New Roman_EmbeddedFont, Times New Roman_MSFontService, serif;\\\"><span style=\\\"font-variant-ligatures: none; white-space: pre-wrap;\\\">- \\u0645\\u062a\\u0627\\u0628\\u0639\\u0647 \\u0627\\u0644\\u0635\\u064a\\u0627\\u0646\\u0647 \\u0627\\u0644\\u062f\\u0648\\u0631\\u064a\\u0647 \\u0627\\u0644\\u062e\\u0627\\u0635\\u0647 \\u0628\\u0634\\u0643\\u0644 \\u0645\\u0633\\u062a\\u0645\\u0631<\\/span><\\/span><span class=\\\"textrun\\\" style=\\\"font-family: \'Times New Roman\', \'Times New Roman_EmbeddedFont\', \'Times New Roman_MSFontService\', serif; font-variant-ligatures: none; background-color: transparent;\\\"><strong><span lang=\\\"AR-QA\\\" style=\\\"font-family: Arial, sans-serif;\\\">&nbsp;<\\/span><\\/strong><\\/span><span class=\\\"eop\\\" style=\\\"font-family: \'Times New Roman\', \'Times New Roman_EmbeddedFont\', \'Times New Roman_MSFontService\', serif; font-variant-ligatures: none; background-color: transparent;\\\"><span lang=\\\"AR-SA\\\" style=\\\"font-family: Arial, sans-serif;\\\">&nbsp;<\\/span><\\/span><\\/span><\\/p>\\r\\n<p class=\\\"paragraph\\\" dir=\\\"RTL\\\" style=\\\"margin: 0px; padding: 0px; user-select: text; -webkit-user-drag: none; -webkit-tap-highlight-color: transparent; overflow-wrap: break-word; direction: rtl; white-space: pre-wrap; vertical-align: baseline; font-kerning: none; background-color: transparent; color: windowtext; text-align: justify;\\\"><span lang=\\\"AR-SA\\\" style=\\\"font-size: 10pt; font-family: \'Segoe UI\', sans-serif; color: #000000;\\\">&nbsp;<\\/span><\\/p>\\r\\n<p class=\\\"paragraph\\\" dir=\\\"RTL\\\" style=\\\"margin: 0px; padding: 0px; user-select: text; -webkit-user-drag: none; -webkit-tap-highlight-color: transparent; overflow-wrap: break-word; direction: rtl; white-space: pre-wrap; vertical-align: baseline; font-kerning: none; background-color: transparent; color: windowtext; text-align: justify;\\\"><span style=\\\"margin: 0px; padding: 0px; user-select: text; -webkit-user-drag: none; -webkit-tap-highlight-color: transparent; color: #44546a; line-height: 29.1375px; font-family: \'Times New Roman\', \'Times New Roman_EmbeddedFont\', \'Times New Roman_MSFontService\', serif; font-weight: bold; font-variant-ligatures: none !important; font-size: 14pt;\\\" xml:lang=\\\"AR-SA\\\" data-contrast=\\\"none\\\"><span class=\\\"textrun\\\"><strong><span lang=\\\"AR-SA\\\" style=\\\"color: #44546a;\\\">\\u0644\\u0644\\u062a\\u0648\\u0627\\u0635\\u0644:<\\/span><\\/strong><\\/span><span class=\\\"eop\\\"><span lang=\\\"AR-SA\\\" style=\\\"color: #44546a;\\\">&nbsp;<\\/span><\\/span><\\/span><\\/p>\\r\\n<p class=\\\"paragraph\\\" dir=\\\"RTL\\\" style=\\\"margin: 0px; padding: 0px; user-select: text; -webkit-user-drag: none; -webkit-tap-highlight-color: transparent; overflow-wrap: break-word; direction: rtl; white-space: pre-wrap; vertical-align: baseline; font-kerning: none; background-color: transparent; color: windowtext; text-align: right;\\\"><span style=\\\"font-family: \'Times New Roman\', \'Times New Roman_EmbeddedFont\', \'Times New Roman_MSFontService\', serif; font-size: 12pt;\\\"><span style=\\\"font-variant-ligatures: none; white-space: pre-wrap;\\\">\\u064a\\u0645\\u0643\\u0646\\u0643 \\u0627\\u0644\\u062a\\u0648\\u0627\\u0635\\u0644 \\u0645\\u0639\\u0646\\u0627 \\u0639\\u0646 \\u0637\\u0631\\u064a\\u0642 \\u0642\\u0646\\u0648\\u0627\\u062a \\u0627\\u0644\\u0627\\u062a\\u0635\\u0627\\u0644 \\u0627\\u0644\\u062a\\u0627\\u0644\\u064a\\u0629:<\\/span><\\/span><\\/p>\\r\\n<p class=\\\"paragraph\\\" dir=\\\"RTL\\\" style=\\\"margin: 0px; padding: 0px; user-select: text; -webkit-user-drag: none; -webkit-tap-highlight-color: transparent; overflow-wrap: break-word; direction: rtl; white-space: pre-wrap; vertical-align: baseline; font-kerning: none; background-color: transparent; color: windowtext; text-align: right;\\\"><span style=\\\"font-family: \'Times New Roman\', \'Times New Roman_EmbeddedFont\', \'Times New Roman_MSFontService\', serif; font-size: 12pt;\\\"><span style=\\\"font-variant-ligatures: none; white-space: pre-wrap;\\\"> \\u062e\\u062f\\u0645\\u0629 \\u0627\\u0644\\u0639\\u0645\\u0644\\u0627\\u0621 \\u0641\\u064a \\u0627\\u0644\\u062a\\u0637\\u0628\\u064a\\u0642<\\/span><\\/span><\\/p>\\r\\n<p class=\\\"paragraph\\\" dir=\\\"RTL\\\" style=\\\"margin: 0px; padding: 0px; user-select: text; -webkit-user-drag: none; -webkit-tap-highlight-color: transparent; overflow-wrap: break-word; direction: rtl; white-space: pre-wrap; vertical-align: baseline; font-kerning: none; background-color: transparent; color: windowtext; text-align: right;\\\"><span style=\\\"font-family: \'Times New Roman\', \'Times New Roman_EmbeddedFont\', \'Times New Roman_MSFontService\', serif; font-size: 12pt;\\\"><span style=\\\"font-variant-ligatures: none; white-space: pre-wrap;\\\"> \\u0628\\u0631\\u064a\\u062f\\u0646\\u0627 \\u0627\\u0644\\u0627\\u0644\\u0643\\u062a\\u0631\\u0648\\u0646\\u064a <span class=\\\"TextRun  BCX0 SCXW53374595\\\" lang=\\\"AR-QA\\\" style=\\\"text-align: justify; margin: 0px; padding: 0px; user-select: text; -webkit-user-drag: none; -webkit-tap-highlight-color: transparent; line-height: 23.7417px;\\\" xml:lang=\\\"AR-QA\\\" data-contrast=\\\"auto\\\"> <\\/span><a class=\\\"Hyperlink  BCX0 SCXW53374595\\\" style=\\\"font-family: \'Times New Roman\', \'Times New Roman_MSFontService\', serif; font-variant-ligatures: normal; text-align: justify; margin: 0px; padding: 0px; user-select: text; -webkit-user-drag: none; -webkit-tap-highlight-color: transparent; text-decoration-line: none;\\\" href=\\\"mailto:blockatboutique@gmail.com\\\" target=\\\"_blank\\\" rel=\\\"noreferrer noopener\\\"><span class=\\\"TextRun Underlined  BCX0 SCXW53374595\\\" lang=\\\"EN-US\\\" style=\\\"margin: 0px; padding: 0px; user-select: text; -webkit-user-drag: none; -webkit-tap-highlight-color: transparent; color: #0563c1; text-decoration-line: underline; line-height: 23.7417px; font-family: \'Times New Roman\', \'Times New Roman_EmbeddedFont\', \'Times New Roman_MSFontService\', serif; font-variant-ligatures: none !important;\\\" xml:lang=\\\"EN-US\\\" data-contrast=\\\"none\\\"><span class=\\\"NormalTextRun  BCX0 SCXW53374595\\\" style=\\\"margin: 0px; padding: 0px; user-select: text; -webkit-user-drag: none; -webkit-tap-highlight-color: transparent;\\\" data-ccp-charstyle=\\\"Hyperlink\\\">blockatboutique@gmail.com<\\/span><\\/span><\\/a> <\\/span><\\/span><\\/p>\\r\\n<p class=\\\"paragraph\\\" dir=\\\"RTL\\\" style=\\\"margin: 0px; padding: 0px; user-select: text; -webkit-user-drag: none; -webkit-tap-highlight-color: transparent; overflow-wrap: break-word; direction: rtl; white-space: pre-wrap; vertical-align: baseline; font-kerning: none; background-color: transparent; color: windowtext; text-align: right;\\\"><span style=\\\"font-family: \'Times New Roman\', \'Times New Roman_EmbeddedFont\', \'Times New Roman_MSFontService\', serif; font-size: 12pt;\\\"><span style=\\\"font-variant-ligatures: none; white-space: pre-wrap;\\\">\\u0631\\u0642\\u0645 \\u0627\\u0644\\u0647\\u0627\\u062a\\u0641 97450888154 <\\/span><\\/span><\\/p>\\r\\n<p class=\\\"MsoNormal\\\" style=\\\"margin: 0cm; font-size: 12pt; font-family: Calibri, sans-serif;\\\">&nbsp;<\\/p>\",\"en\":\"<h1><strong><span style=\\\"font-family: \'Times New Roman\',serif; mso-ascii-theme-font: major-bidi; mso-hansi-theme-font: major-bidi; mso-bidi-theme-font: major-bidi; color: #24676e; mso-bidi-language: AR-QA;\\\">Introduction<span dir=\\\"RTL\\\" lang=\\\"AR-QA\\\">:<\\/span><\\/span><\\/strong><\\/h1>\\r\\n<p class=\\\"MsoNormal\\\"><span style=\\\"font-size: 12.0pt; line-height: 107%; font-family: \'Times New Roman\',serif; mso-ascii-theme-font: major-bidi; mso-hansi-theme-font: major-bidi; mso-bidi-theme-font: major-bidi; mso-bidi-language: AR-QA;\\\">Blockat Boutique application is an online display platform that allows merchants from any country around the world to rent advertising space on the application to display their products through the social media accounts of the application. It also allows consumers to access any product offered, and to communicate directly with the merchant to obtain it and receive it in front of their house<span dir=\\\"RTL\\\" lang=\\\"AR-QA\\\">.<\\/span><\\/span><\\/p>\\r\\n<p class=\\\"MsoNormal\\\"><span style=\\\"font-size: 12.0pt; line-height: 107%; font-family: \'Times New Roman\',serif; mso-ascii-theme-font: major-bidi; mso-hansi-theme-font: major-bidi; mso-bidi-theme-font: major-bidi; mso-bidi-language: AR-QA;\\\">Blockat Boutique application was established in 2021 by one of the exhibition companies in Qatar, AlJryan for organizing exhibitions and conferences, as it offers its participants an easier and better opportunity to display their products on this online platform to be the link between participants and consumers<span dir=\\\"RTL\\\" lang=\\\"AR-QA\\\">.<\\/span><\\/span><\\/p>\\r\\n<h1><strong><span style=\\\"font-family: \'Times New Roman\',serif; mso-ascii-theme-font: major-bidi; mso-hansi-theme-font: major-bidi; mso-bidi-theme-font: major-bidi; color: #24676e; mso-bidi-language: AR-QA;\\\">Who are We:<\\/span><\\/strong><\\/h1>\\r\\n<p class=\\\"MsoNormal\\\"><span style=\\\"font-size: 12.0pt; line-height: 107%; font-family: \'Times New Roman\',serif; mso-ascii-theme-font: major-bidi; mso-hansi-theme-font: major-bidi; mso-bidi-theme-font: major-bidi; mso-bidi-language: AR-QA;\\\">Blockat Boutique application is an online display platform for a company specialized in organizing exhibitions, conferences, and events. Contribute to the progress and prosperity and revitalization of online shopping and the participation of merchants and consumers all over the world. Our company allows merchants to display all their products, making it easier for the consumer to access and purchase them through the application in an easy and safe way, and the product is delivered in front of the consumer&rsquo;s home.<\\/span><\\/p>\\r\\n<h1><strong><span style=\\\"font-family: \'Times New Roman\',serif; mso-ascii-theme-font: major-bidi; mso-hansi-theme-font: major-bidi; mso-bidi-theme-font: major-bidi; color: #24676e; mso-bidi-language: AR-QA;\\\">Company vision:<\\/span><\\/strong><\\/h1>\\r\\n<p class=\\\"MsoNormal\\\"><span style=\\\"font-size: 12.0pt; line-height: 107%; font-family: \'Times New Roman\',serif; mso-ascii-theme-font: major-bidi; mso-hansi-theme-font: major-bidi; mso-bidi-theme-font: major-bidi; mso-bidi-language: AR-QA;\\\">Continuous development of the application, increasing production and expanding the provision of all our services to all segments of individuals, companies and institutions all over the world. We are always keen to understand the needs of our clients and create mutual relationships, which creates trust and respect between customers. We also aspire to develop the skills of the company\'s employees and expand the field of other activities to keep pace with modern changes.<\\/span><\\/p>\\r\\n<h1><strong><span style=\\\"font-family: \'Times New Roman\',serif; mso-ascii-theme-font: major-bidi; mso-hansi-theme-font: major-bidi; mso-bidi-theme-font: major-bidi; color: #24676e; mso-bidi-language: AR-QA;\\\">Why Blockat Boutique:<\\/span><\\/strong><\\/h1>\\r\\n<p class=\\\"MsoNormal\\\"><span style=\\\"font-size: 12.0pt; line-height: 107%; font-family: \'Times New Roman\',serif; mso-ascii-theme-font: major-bidi; mso-hansi-theme-font: major-bidi; mso-bidi-theme-font: major-bidi; mso-bidi-language: AR-QA;\\\">Merchant: Our merchants can expand their scope and reach new consumers with the latest online marketing methods, access to new markets, and achieve global fame for their trade by simply downloading the application. Therefore, it is the ideal choice for marketing and reaching new consumers and communicating with them directly and without any effort, as they can rely on our professional team to market their products through our platform in Blockat Boutique application.<\\/span><\\/p>\\r\\n<p class=\\\"MsoNormal\\\"><span style=\\\"font-size: 12.0pt; line-height: 107%; font-family: \'Times New Roman\',serif; mso-ascii-theme-font: major-bidi; mso-hansi-theme-font: major-bidi; mso-bidi-theme-font: major-bidi; mso-bidi-language: AR-QA;\\\">Consumer: As for consumers, they can learn about what is new and modern in the Arab and international markets, such as (women\'s fashion, perfumes, accessories, jewelry, and cosmetics), so certainly Blockat Boutique is the best choice for the consumer by simply registering for free in the application.<\\/span><\\/p>\\r\\n<h1><strong><span style=\\\"font-family: \'Times New Roman\',serif; mso-ascii-theme-font: major-bidi; mso-hansi-theme-font: major-bidi; mso-bidi-theme-font: major-bidi; color: #24676e; mso-bidi-language: AR-QA;\\\">How to use Blokat Boutique app:<\\/span><\\/strong><\\/h1>\\r\\n<p class=\\\"MsoNormal\\\"><span style=\\\"font-size: 12.0pt; line-height: 107%; font-family: \'Times New Roman\',serif; mso-ascii-theme-font: major-bidi; mso-hansi-theme-font: major-bidi; mso-bidi-theme-font: major-bidi; mso-bidi-language: AR-QA;\\\">Dear merchant, just download the application and follow the instructions for the monthly subscription as a merchant and pay the service fee. After that, we can display and market your products and all you have to do is receive orders.<\\/span><\\/p>\\r\\n<p class=\\\"MsoNormal\\\"><span style=\\\"font-size: 12.0pt; line-height: 107%; font-family: \'Times New Roman\',serif; mso-ascii-theme-font: major-bidi; mso-hansi-theme-font: major-bidi; mso-bidi-theme-font: major-bidi; mso-bidi-language: AR-QA;\\\">As for you, dear consumer, all you have to do is download the application and register for free, then start shopping.<\\/span><\\/p>\\r\\n<h1><strong><span style=\\\"font-family: \'Times New Roman\',serif; mso-ascii-theme-font: major-bidi; mso-hansi-theme-font: major-bidi; mso-bidi-theme-font: major-bidi; color: #24676e; mso-bidi-language: AR-QA;\\\">Blockat Boutique Team:<\\/span><\\/strong><\\/h1>\\r\\n<p class=\\\"MsoNormal\\\"><span style=\\\"font-size: 12.0pt; line-height: 107%; font-family: \'Times New Roman\',serif; mso-ascii-theme-font: major-bidi; mso-hansi-theme-font: major-bidi; mso-bidi-theme-font: major-bidi; mso-bidi-language: AR-QA;\\\">Our team works to serve all our visitors, participants and valued customers, so that everyone can have a safe shopping experience. The design of the application is simple, easy and modern, through which you can create an account, browse the site, shop and exit it with ease.<\\/span><\\/p>\\r\\n<h1><strong><span style=\\\"font-family: \'Times New Roman\',serif; mso-ascii-theme-font: major-bidi; mso-hansi-theme-font: major-bidi; mso-bidi-theme-font: major-bidi; color: #24676e; mso-bidi-language: AR-QA;\\\">Technical expertise:<\\/span><\\/strong><\\/h1>\\r\\n<p class=\\\"MsoNormal\\\"><span style=\\\"font-size: 12.0pt; line-height: 107%; font-family: \'Times New Roman\',serif; mso-ascii-theme-font: major-bidi; mso-hansi-theme-font: major-bidi; mso-bidi-theme-font: major-bidi; mso-bidi-language: AR-QA;\\\">Blockat Boutique is characterized by having highly qualified expertise that is selected within professional and technical standards to reach high quality in providing services and products at standards adequate with working conditions.<\\/span><\\/p>\\r\\n<h1><strong><span style=\\\"font-family: \'Times New Roman\',serif; mso-ascii-theme-font: major-bidi; mso-hansi-theme-font: major-bidi; mso-bidi-theme-font: major-bidi; color: #24676e; mso-bidi-language: AR-QA;\\\">Privacy policy:<\\/span><\\/strong><\\/h1>\\r\\n<p class=\\\"MsoNormal\\\"><span style=\\\"font-size: 12.0pt; line-height: 107%; font-family: \'Times New Roman\',serif; mso-ascii-theme-font: major-bidi; mso-hansi-theme-font: major-bidi; mso-bidi-theme-font: major-bidi; mso-bidi-language: AR-QA;\\\">Blockat Boutique app respects everyone\'s privacy, so we are committed to maintaining and respecting your privacy and the privacy of visitors who use the application. The information requested by the application is an important part of our work and will not be shared with others.<\\/span><\\/p>\\r\\n<p class=\\\"MsoNormal\\\"><span style=\\\"font-size: 12.0pt; line-height: 107%; font-family: \'Times New Roman\',serif; mso-ascii-theme-font: major-bidi; mso-hansi-theme-font: major-bidi; mso-bidi-theme-font: major-bidi; mso-bidi-language: AR-QA;\\\">When you use our application, you will be asked to provide us with information referred to as personal data that we collect to provide the required services and perform our contractual obligations. This data includes name, phone number, address, e-mail, credit card and others...<\\/span><\\/p>\\r\\n<h1><strong><span style=\\\"font-family: \'Times New Roman\',serif; mso-ascii-theme-font: major-bidi; mso-hansi-theme-font: major-bidi; mso-bidi-theme-font: major-bidi; color: #24676e; mso-bidi-language: AR-QA;\\\">Security:<\\/span><\\/strong><\\/h1>\\r\\n<p class=\\\"MsoNormal\\\"><span style=\\\"font-size: 12.0pt; line-height: 107%; font-family: \'Times New Roman\',serif; mso-ascii-theme-font: major-bidi; mso-hansi-theme-font: major-bidi; mso-bidi-theme-font: major-bidi; mso-bidi-language: AR-QA;\\\">Necessary measures are taken to prevent unauthorized access and destruction of personal information and data in the application.<\\/span><\\/p>\\r\\n<h1><strong><span style=\\\"font-family: \'Times New Roman\',serif; mso-ascii-theme-font: major-bidi; mso-hansi-theme-font: major-bidi; mso-bidi-theme-font: major-bidi; color: #24676e; mso-bidi-language: AR-QA;\\\">Our services:<\\/span><\\/strong><\\/h1>\\r\\n<p class=\\\"MsoNormal\\\"><span style=\\\"font-size: 12.0pt; line-height: 107%; font-family: \'Times New Roman\',serif; mso-ascii-theme-font: major-bidi; mso-hansi-theme-font: major-bidi; mso-bidi-theme-font: major-bidi; mso-bidi-language: AR-QA;\\\">Providing an online display platform for merchants to display their products<\\/span><\\/p>\\r\\n<p class=\\\"MsoNormal\\\"><span style=\\\"font-size: 12.0pt; line-height: 107%; font-family: \'Times New Roman\',serif; mso-ascii-theme-font: major-bidi; mso-hansi-theme-font: major-bidi; mso-bidi-theme-font: major-bidi; mso-bidi-language: AR-QA;\\\">Facilitate the process of the monthly subscription method for the merchant<\\/span><\\/p>\\r\\n<p class=\\\"MsoNormal\\\"><span style=\\\"font-size: 12.0pt; line-height: 107%; font-family: \'Times New Roman\',serif; mso-ascii-theme-font: major-bidi; mso-hansi-theme-font: major-bidi; mso-bidi-theme-font: major-bidi; mso-bidi-language: AR-QA;\\\">Facilitate the free registration process for the consumer<\\/span><\\/p>\\r\\n<p class=\\\"MsoNormal\\\"><span style=\\\"font-size: 12.0pt; line-height: 107%; font-family: \'Times New Roman\',serif; mso-ascii-theme-font: major-bidi; mso-hansi-theme-font: major-bidi; mso-bidi-theme-font: major-bidi; mso-bidi-language: AR-QA;\\\">Facilitate direct communication between the consumer and the merchant<\\/span><\\/p>\\r\\n<p class=\\\"MsoNormal\\\"><span style=\\\"font-size: 12.0pt; line-height: 107%; font-family: \'Times New Roman\',serif; mso-ascii-theme-font: major-bidi; mso-hansi-theme-font: major-bidi; mso-bidi-theme-font: major-bidi; mso-bidi-language: AR-QA;\\\">Facilitating the purchasing process for consumers<\\/span><\\/p>\\r\\n<p class=\\\"MsoNormal\\\"><span style=\\\"font-size: 12.0pt; line-height: 107%; font-family: \'Times New Roman\',serif; mso-ascii-theme-font: major-bidi; mso-hansi-theme-font: major-bidi; mso-bidi-theme-font: major-bidi; mso-bidi-language: AR-QA;\\\">Managing the registration process with the latest methods and technologies<\\/span><\\/p>\\r\\n<p class=\\\"MsoNormal\\\"><span style=\\\"font-size: 12.0pt; line-height: 107%; font-family: \'Times New Roman\',serif; mso-ascii-theme-font: major-bidi; mso-hansi-theme-font: major-bidi; mso-bidi-theme-font: major-bidi; mso-bidi-language: AR-QA;\\\">Managing advertising, promotional and e-marketing campaigns<\\/span><\\/p>\\r\\n<p class=\\\"MsoNormal\\\"><span style=\\\"font-size: 12.0pt; line-height: 107%; font-family: \'Times New Roman\',serif; mso-ascii-theme-font: major-bidi; mso-hansi-theme-font: major-bidi; mso-bidi-theme-font: major-bidi; mso-bidi-language: AR-QA;\\\">Continuous follow-up of the special periodic maintenance<\\/span><\\/p>\\r\\n<h1><strong><span style=\\\"font-family: \'Times New Roman\',serif; mso-ascii-theme-font: major-bidi; mso-hansi-theme-font: major-bidi; mso-bidi-theme-font: major-bidi; color: #24676e; mso-bidi-language: AR-QA;\\\">To communicate:<\\/span><\\/strong><\\/h1>\\r\\n<p class=\\\"MsoNormal\\\"><span style=\\\"font-size: 12.0pt; line-height: 107%; font-family: \'Times New Roman\',serif; mso-ascii-theme-font: major-bidi; mso-hansi-theme-font: major-bidi; mso-bidi-theme-font: major-bidi; mso-bidi-language: AR-QA;\\\">You can contact us through the following communication channels:<\\/span><\\/p>\\r\\n<p class=\\\"MsoNormal\\\"><span style=\\\"font-size: 12.0pt; line-height: 107%; font-family: \'Times New Roman\',serif; mso-ascii-theme-font: major-bidi; mso-hansi-theme-font: major-bidi; mso-bidi-theme-font: major-bidi; mso-bidi-language: AR-QA;\\\">Customer service in the application<\\/span><\\/p>\\r\\n<p class=\\\"MsoNormal\\\"><strong><u><span style=\\\"font-size: 12.0pt; line-height: 107%; font-family: \'Times New Roman\',serif; mso-ascii-theme-font: major-bidi; mso-hansi-theme-font: major-bidi; mso-bidi-theme-font: major-bidi; mso-bidi-language: AR-QA;\\\">Our email<\\/span><\\/u><\\/strong><span style=\\\"font-size: 12.0pt; line-height: 107%; font-family: \'Times New Roman\',serif; mso-ascii-theme-font: major-bidi; mso-hansi-theme-font: major-bidi; mso-bidi-theme-font: major-bidi; mso-bidi-language: AR-QA;\\\">&nbsp;blockatboutique@gmail.com<\\/span><\\/p>\\r\\n<p class=\\\"MsoNormal\\\"><strong><u><span style=\\\"font-size: 12.0pt; line-height: 107%; font-family: \'Times New Roman\',serif; mso-ascii-theme-font: major-bidi; mso-hansi-theme-font: major-bidi; mso-bidi-theme-font: major-bidi; mso-bidi-language: AR-QA;\\\">Phone number<\\/span><\\/u><\\/strong><span style=\\\"font-size: 12.0pt; line-height: 107%; font-family: \'Times New Roman\',serif; mso-ascii-theme-font: major-bidi; mso-hansi-theme-font: major-bidi; mso-bidi-theme-font: major-bidi; mso-bidi-language: AR-QA;\\\">&nbsp;+974 50888154<\\/span><\\/p>\"}',2,1,NULL,'2022-10-18 20:32:15'),
	(6,'FreeMonth','1',1,1,'2022-03-29 10:20:49','2022-10-18 20:32:15'),
	(7,'FreePackageId','10',1,1,'2022-10-10 13:13:42','2022-10-18 20:32:15');



# Dump of table shop_categories
# ------------------------------------------------------------


CREATE TABLE `shop_categories` (
  `id` bigint unsigned NOT NULL AUTO_INCREMENT,
  `user_id` bigint unsigned NOT NULL,
  `category_id` bigint unsigned NOT NULL,
  `payment_id` bigint unsigned NOT NULL,
  `package_id` bigint unsigned NOT NULL,
  `is_active` int NOT NULL DEFAULT '0',
  `product_count` int NOT NULL DEFAULT '0',
  `valid_from` timestamp NOT NULL,
  `valid_to` timestamp NOT NULL,
  `current_status_json` text COLLATE utf8mb4_unicode_ci NOT NULL,
  `created_at` timestamp NULL DEFAULT NULL,
  `updated_at` timestamp NULL DEFAULT NULL,
  `deleted_at` timestamp NULL DEFAULT NULL,
  PRIMARY KEY (`id`),
  KEY `shop_categories_user_id_foreign` (`user_id`),
  KEY `shop_categories_category_id_foreign` (`category_id`),
  KEY `shop_categories_payment_id_foreign` (`payment_id`),
  KEY `shop_categories_package_id_foreign` (`package_id`),
  CONSTRAINT `shop_categories_category_id_foreign` FOREIGN KEY (`category_id`) REFERENCES `categories` (`id`),
  CONSTRAINT `shop_categories_package_id_foreign` FOREIGN KEY (`package_id`) REFERENCES `packages` (`id`),
  CONSTRAINT `shop_categories_payment_id_foreign` FOREIGN KEY (`payment_id`) REFERENCES `payment_transactions` (`id`),
  CONSTRAINT `shop_categories_user_id_foreign` FOREIGN KEY (`user_id`) REFERENCES `users` (`id`)
) ENGINE=InnoDB DEFAULT CHARSET=utf8mb4 COLLATE=utf8mb4_unicode_ci;


INSERT INTO `shop_categories` (`id`, `user_id`, `category_id`, `payment_id`, `package_id`, `is_active`, `product_count`, `valid_from`, `valid_to`, `current_status_json`, `created_at`, `updated_at`, `deleted_at`)
VALUES
	(1,138,1,1,1,1,0,'2023-03-18 20:06:34','2023-04-17 20:06:34','\"{\\\"id\\\":1,\\\"ar_name\\\":\\\"\\\\u0634\\\\u0647\\\\u0631 \\\\u0645\\\\u062c\\\\u0627\\\\u0646\\\\u064a\\\",\\\"en_name\\\":\\\"Free Month\\\",\\\"cost\\\":0,\\\"days\\\":30,\\\"discount\\\":0,\\\"discount_type\\\":1,\\\"is_active\\\":1,\\\"created_at\\\":\\\"2022-12-15T06:46:29.000000Z\\\",\\\"updated_at\\\":\\\"2022-12-15T06:46:29.000000Z\\\",\\\"deleted_at\\\":null,\\\"name\\\":\\\"\\\\u0634\\\\u0647\\\\u0631 \\\\u0645\\\\u062c\\\\u0627\\\\u0646\\\\u064a\\\"}\"','2023-03-18 20:06:34','2023-03-18 20:06:34',NULL);



# Dump of table sms_logs
# ------------------------------------------------------------


CREATE TABLE `sms_logs` (
  `id` bigint unsigned NOT NULL AUTO_INCREMENT,
  `user_id` bigint unsigned DEFAULT NULL,
  `message` text COLLATE utf8mb4_unicode_ci NOT NULL,
  `type` int NOT NULL DEFAULT '1',
  `code` varchar(191) COLLATE utf8mb4_unicode_ci DEFAULT NULL,
  `vendor` int NOT NULL,
  `vendor_response` text COLLATE utf8mb4_unicode_ci,
  `created_at` timestamp NULL DEFAULT NULL,
  `updated_at` timestamp NULL DEFAULT NULL,
  `deleted_at` timestamp NULL DEFAULT NULL,
  PRIMARY KEY (`id`),
  KEY `sms_logs_user_id_foreign` (`user_id`),
  CONSTRAINT `sms_logs_user_id_foreign` FOREIGN KEY (`user_id`) REFERENCES `users` (`id`)
) ENGINE=InnoDB DEFAULT CHARSET=utf8mb4 COLLATE=utf8mb4_unicode_ci;


INSERT INTO `sms_logs` (`id`, `user_id`, `message`, `type`, `code`, `vendor`, `vendor_response`, `created_at`, `updated_at`, `deleted_at`)
VALUES
	(1,138,'كود تفعيل حساب بلوكات هو : 8799',1,NULL,3,'1777598505','2023-03-18 20:05:38','2023-03-18 20:05:42',NULL);



# Dump of table users
# ------------------------------------------------------------


CREATE TABLE `users` (
  `id` bigint unsigned NOT NULL AUTO_INCREMENT,
  `user_type` int NOT NULL DEFAULT '1',
  `user_vendor` tinyint(1) DEFAULT NULL,
  `name` varchar(191) CHARACTER SET utf8mb4 COLLATE utf8mb4_unicode_ci DEFAULT NULL,
  `country_id` bigint unsigned NOT NULL,
  `phone` varchar(191) COLLATE utf8mb4_unicode_ci NOT NULL,
  `email` varchar(191) COLLATE utf8mb4_unicode_ci DEFAULT NULL,
  `whatsapp` varchar(191) COLLATE utf8mb4_unicode_ci DEFAULT NULL,
  `whatsapp_country_id` varchar(191) COLLATE utf8mb4_unicode_ci DEFAULT NULL,
  `whatsapp_country_code` varchar(191) COLLATE utf8mb4_unicode_ci DEFAULT NULL,
  `instagram` varchar(191) COLLATE utf8mb4_unicode_ci DEFAULT NULL,
  `facebook` varchar(191) COLLATE utf8mb4_unicode_ci DEFAULT NULL,
  `snapchat` varchar(191) COLLATE utf8mb4_unicode_ci DEFAULT NULL,
  `is_active` int NOT NULL DEFAULT '1',
  `shop_name` varchar(191) COLLATE utf8mb4_unicode_ci DEFAULT NULL,
  `shop_name_en` varchar(191) COLLATE utf8mb4_unicode_ci DEFAULT NULL,
  `shop_accept_contract` int NOT NULL DEFAULT '0',
  `lang` varchar(191) COLLATE utf8mb4_unicode_ci NOT NULL DEFAULT 'ar',
  `phone_verified_at` timestamp NULL DEFAULT NULL,
  `email_verified_at` timestamp NULL DEFAULT NULL,
  `password` varchar(191) COLLATE utf8mb4_unicode_ci NOT NULL,
  `remember_token` varchar(100) COLLATE utf8mb4_unicode_ci DEFAULT NULL,
  `created_at` timestamp NULL DEFAULT NULL,
  `updated_at` timestamp NULL DEFAULT NULL,
  `deleted_at` timestamp NULL DEFAULT NULL,
  PRIMARY KEY (`id`),
  UNIQUE KEY `users_phone_unique` (`phone`),
  UNIQUE KEY `users_email_unique` (`email`),
  KEY `users_country_id_foreign` (`country_id`),
  CONSTRAINT `users_country_id_foreign` FOREIGN KEY (`country_id`) REFERENCES `countries` (`id`)
) ENGINE=InnoDB DEFAULT CHARSET=utf8mb4 COLLATE=utf8mb4_unicode_ci;


INSERT INTO `users` (`id`, `user_type`, `user_vendor`, `name`, `country_id`, `phone`, `email`, `whatsapp`, `whatsapp_country_id`, `whatsapp_country_code`, `instagram`, `facebook`, `snapchat`, `is_active`, `shop_name`, `shop_name_en`, `shop_accept_contract`, `lang`, `phone_verified_at`, `email_verified_at`, `password`, `remember_token`, `created_at`, `updated_at`, `deleted_at`)
VALUES
	(1,2,1,'Hesham',1,'50331419-2022-12-19 09:47:34',NULL,'50331419',NULL,'+974',NULL,NULL,NULL,1,'هشام','Hesham',1,'ar','2022-12-15 10:16:12',NULL,'$2y$10$oL9e1.G67vxDP6b7hBD1uOdYNXXbE1ewhDzVaBYqQDh3VZyBu/UJi',NULL,'2022-12-15 10:16:01','2022-12-19 09:47:34','2022-12-19 09:47:34'),
	(2,2,1,NULL,1,'66774433-2022-12-17 19:47:45',NULL,'66774433',NULL,NULL,'aljryanevents','aljryanevents','enjoooy1',1,'خليفه-DELETED','khalifa-DELETED',0,'ar',NULL,NULL,'$2y$10$NISRBjsyUIybAxxdnUEBDeU8sJajGwGmEBWMnlqivgT//WIysjhZe',NULL,'2022-12-15 10:39:59','2022-12-17 19:47:45','2022-12-17 19:47:45'),
	(3,2,1,NULL,1,'30459097-2022-12-17 19:44 PM',NULL,'30459097',NULL,'+974',NULL,NULL,NULL,1,'خديجة-DELETED','Khadijah-DELETED',1,'en','2022-12-17 19:43:06',NULL,'$2y$10$4acm/FPoFV88AZToq5t8pu6kyw5RjniCuF//N7d102xLHkflXK0wC',NULL,'2022-12-17 19:42:50','2022-12-17 19:44:28','2022-12-17 19:44:28'),
	(4,2,1,NULL,1,'30459097-2022-12-17 19:59:56',NULL,'30459097',NULL,'+974',NULL,NULL,NULL,1,'خديجة-DELETED','Khadijah-DELETED',1,'ar','2022-12-17 19:45:55',NULL,'$2y$10$GzMkNVw03q8t5miUQpqchO9ThLzmhLifl177gUHCcNNIGrdHcJqne',NULL,'2022-12-17 19:45:51','2022-12-17 19:59:56','2022-12-17 19:59:56'),
	(5,2,1,NULL,1,'66774433-2022-12-17 19:54:06',NULL,'66774433',NULL,NULL,NULL,NULL,NULL,1,'خليفه-DELETED','khalifa-DELETED',1,'ar','2022-12-17 19:50:04',NULL,'$2y$10$ImCXDjPLacwOsMqgTF2KJuAQMTHfpYSVzdGxb6zGKBGQJo17X30KO',NULL,'2022-12-17 19:49:59','2022-12-17 19:54:06','2022-12-17 19:54:06'),
	(6,2,1,NULL,1,'66774433-2022-12-17 20:31:31',NULL,'66774433','VolejRejNm','+974','aljryanevents','aljryanevents','jojohashisho',1,'تست-DELETED','test-DELETED',1,'ar','2022-12-17 19:56:22',NULL,'$2y$10$eGZIeUVoY/imOL9YHIiVU.d5yruB0JE1kEZrNoLxzLlVK2spb0QSO',NULL,'2022-12-17 19:56:13','2022-12-17 20:31:31','2022-12-17 20:31:31'),
	(7,1,0,'Khadijah',1,'30459097-2022-12-17 20:56:54',NULL,NULL,NULL,NULL,NULL,NULL,NULL,1,NULL,NULL,0,'ar','2022-12-17 20:03:31',NULL,'$2y$10$bE7rjJD8NbnTzDSoFyzRv.VUU6vUu47J7x6dKTX0UxkS8It0Riz3S',NULL,'2022-12-17 20:03:26','2022-12-17 20:56:54','2022-12-17 20:56:54'),
	(8,2,1,NULL,1,'66774433-2022-12-17 20:56:33',NULL,'66774433',NULL,NULL,NULL,NULL,NULL,1,'تست-DELETED','test-DELETED',1,'ar','2022-12-17 20:32:59',NULL,'$2y$10$5i9RzHGcEOQTIv.i8ZbE3eF8GjmFNUmtXP2upbfRGm8LLyp5E.0My',NULL,'2022-12-17 20:32:47','2022-12-17 20:56:33','2022-12-17 20:56:33'),
	(9,2,1,NULL,1,'66774433-2022-12-17 21:37 PM',NULL,'66774433',NULL,NULL,NULL,NULL,NULL,1,'خليفه-DELETED','khalifa-DELETED',1,'ar','2022-12-17 21:03:17',NULL,'$2y$10$dF8PLaXjIuJo3TPdFwhDe.qRM5n77Ud3sR.trBpCGqfu2xGqSeZRm',NULL,'2022-12-17 21:03:14','2022-12-17 21:37:51','2022-12-17 21:37:51'),
	(10,2,1,NULL,1,'66774433-2022-12-20 09:15:44',NULL,'66774433',NULL,NULL,NULL,NULL,'enjoooy1',1,'خليفه-DELETED','khalifa-DELETED',1,'ar','2022-12-19 09:32:08',NULL,'$2y$10$zu.iL3V.dx.rZFbHP2bze.hJQJcL.zBzTUWyioJ7i0MA5qC7BKjn.',NULL,'2022-12-19 09:32:02','2022-12-20 09:15:44','2022-12-20 09:15:44'),
	(11,1,0,'Hesham',1,'50331419-2022-12-19 09:50:37',NULL,NULL,NULL,NULL,NULL,NULL,NULL,1,NULL,NULL,0,'ar','2022-12-19 09:47:44',NULL,'$2y$10$fxa3p6/Ufc25vW8MeuA4rOxFeM9kJxSWntRaLzRYSGzHVxha9OOGi',NULL,'2022-12-19 09:47:38','2022-12-19 09:50:37','2022-12-19 09:50:37'),
	(12,1,1,NULL,1,'50331419-2022-12-19 12:11:51',NULL,'50331419',NULL,'+974',NULL,NULL,NULL,1,'تيست','test',1,'ar','2022-12-19 09:52:59',NULL,'$2y$10$uTS4jY618y4O8iY0xFwax.VAsgy8b.phUlT1V4/E6n6O6BB3AbXuy',NULL,'2022-12-19 09:52:55','2022-12-19 12:11:51','2022-12-19 12:11:51'),
	(13,2,1,NULL,1,'50331419-2022-12-19 12:14:06',NULL,'50331419',NULL,NULL,NULL,NULL,NULL,1,'تيست ايفون','test iPhone',1,'en','2022-12-19 12:12:04',NULL,'$2y$10$YSCqCikixbzEIFGCI8H.aeCdy5BbFe05yy5dRFGlvsRs2i1Q64iQ.',NULL,'2022-12-19 12:11:55','2022-12-19 12:14:06','2022-12-19 12:14:06'),
	(14,1,0,'Anand Bose',104,'907420487-2022-12-22 23:14:10',NULL,NULL,NULL,NULL,NULL,NULL,NULL,1,NULL,NULL,0,'ar',NULL,NULL,'$2y$10$2e7dPWY9CCdP60gEe6H69e.htUOrWEsQOr9CF7Ef0FyMvxXyWQJCG',NULL,'2022-12-19 13:48:07','2022-12-22 23:14:10','2022-12-22 23:14:10'),
	(15,2,1,'Testy',1,'50331419-2022-12-20 08:39:43',NULL,'50331419',NULL,'+974',NULL,NULL,NULL,1,'هشام تيست-DELETED','Hesham test-DELETED',1,'en','2022-12-19 14:02:12',NULL,'$2y$10$ryeQwK.YaEhpgbLaqVTIauytuq1EWm48Uf44MthyQ5r740VMGew6i',NULL,'2022-12-19 14:02:06','2022-12-20 08:39:43','2022-12-20 08:39:43'),
	(16,2,1,NULL,1,'66774433-2022-12-20 10:22 AM',NULL,'66774433',NULL,NULL,'aljryanevents','aljryanevents','enjoooy1',1,'خليفه-DELETED','khalifa-DELETED',1,'ar','2022-12-20 09:23:30',NULL,'$2y$10$4z.Uigi6/LaqunnsgOxXkuFVr0z3V0nB0KUy0DejURJ7OQI1jrzrC',NULL,'2022-12-20 09:23:24','2022-12-20 10:22:17','2022-12-20 10:22:17'),
	(17,2,1,NULL,1,'4564887-2022-12-20 09:43 AM',NULL,'9639634',NULL,'+974',NULL,NULL,NULL,1,'Hshzh-DELETED','Hshsh-DELETED',1,'en',NULL,NULL,'$2y$10$UCTRk554A9.KZblRNzjCR.fyoNYU8zwwgRN.L/VqJ4cxXpu600nOu',NULL,'2022-12-20 09:42:33','2022-12-20 09:43:00','2022-12-20 09:43:00'),
	(18,1,0,'احمد',1,'33382388-2022-12-22 23:18:28',NULL,NULL,NULL,NULL,NULL,NULL,NULL,1,NULL,NULL,0,'ar','2022-12-20 10:02:32',NULL,'$2y$10$jxhPA8ibpSVptTaAdAPoVegdW3h6YCPaQPgKkt/7tJ09k7gqspWrC',NULL,'2022-12-20 10:02:19','2022-12-22 23:18:28','2022-12-22 23:18:28'),
	(19,2,1,NULL,1,'66774433-2022-12-22 12:52:11',NULL,'66774433',NULL,NULL,'aljryanevents','aljryanevents','enjoooy1',1,'علي-DELETED','ali-DELETED',1,'en','2022-12-20 10:24:01',NULL,'$2y$10$vnWMGuL7tnqh.tmcARah1OSJvZfSMrcr.u69.uJHg9M3ystkD4TQG',NULL,'2022-12-20 10:23:57','2022-12-22 12:52:12','2022-12-22 12:52:12'),
	(20,1,0,'Hesham',1,'50331419-2022-12-20 14:00 PM',NULL,NULL,NULL,NULL,NULL,NULL,NULL,1,'-DELETED','-DELETED',0,'en','2022-12-20 13:59:24',NULL,'$2y$10$pOVFVzGvBnyCa9OW0Dwk9uWM/Iu3QJdAuYMXuty9KjkNlA7e7Mo1.',NULL,'2022-12-20 13:58:49','2022-12-20 14:00:13','2022-12-20 14:00:13'),
	(21,1,0,'Anand Bose',104,'9074204987-2022-12-22 23:18:44',NULL,NULL,NULL,NULL,NULL,NULL,NULL,1,NULL,NULL,0,'en','2022-12-20 14:20:03',NULL,'$2y$10$Vo4ccoPUilKm8uF0wDkod.MWlgwmYSadAktFGqWOFr3g2rN2FquFe',NULL,'2022-12-20 14:19:39','2022-12-22 23:18:44','2022-12-22 23:18:44'),
	(22,1,1,NULL,1,'50331419-2022-12-20 15:32:04',NULL,'50331419',NULL,NULL,'h31ch',NULL,NULL,1,'-DELETED','Hesham Test-DELETED',1,'en','2022-12-20 15:29:55',NULL,'$2y$10$88M0MnBvkB3BvxuP2Kq1JOIpjtnL0vRIkfnkNzFoq4fPgrlvfsYwm',NULL,'2022-12-20 15:29:49','2022-12-20 15:32:04','2022-12-20 15:32:04'),
	(23,2,1,'Hesham',1,'50331419-2022-12-20 15:48:20',NULL,'50331419',NULL,NULL,NULL,NULL,NULL,1,'هشاام-DELETED','Hesham Test-DELETED',1,'en','2022-12-20 15:33:04',NULL,'$2y$10$GfBtTnpKIMnO0nWSxCBOO.w8lt.5wCUv/88SxT1hDnQvJhG4WFAoi',NULL,'2022-12-20 15:32:54','2022-12-20 15:48:20','2022-12-20 15:48:20'),
	(24,1,0,'Gsgz',1,'70138435-2022-12-22 23:18:51',NULL,NULL,NULL,NULL,NULL,NULL,NULL,1,NULL,NULL,0,'en','2022-12-20 15:34:02',NULL,'$2y$10$869847Rz5xqQJ5KvqtS3/.3hi17GKrrNGnoSg0kj.5QiUwB2eIvPG',NULL,'2022-12-20 15:33:37','2022-12-22 23:18:51','2022-12-22 23:18:51'),
	(25,1,0,'Gdhd',104,'9747747702-2022-12-22 23:19:39',NULL,NULL,NULL,NULL,NULL,NULL,NULL,1,NULL,NULL,0,'en',NULL,NULL,'$2y$10$1XY54nVUgZroRLqnaJD2be7WNVaoQ2eezprqUjkS.ba8IIx47xwcu',NULL,'2022-12-20 15:40:04','2022-12-22 23:19:39','2022-12-22 23:19:39'),
	(26,1,1,NULL,1,'50331419-2022-12-20 15:52:00',NULL,'50331419',NULL,NULL,'h31ch',NULL,NULL,1,'هشاام-DELETED','Hesham Test-DELETED',1,'en','2022-12-20 15:49:17',NULL,'$2y$10$o9OMkssr5KUzWMEtXlcMD.ZDt8Xb3NtmCkFWyyjvf3nNiUaCNdXC6',NULL,'2022-12-20 15:49:11','2022-12-20 15:52:00','2022-12-20 15:52:00'),
	(27,1,1,'Hesham',1,'50331419-2022-12-20 16:09:15',NULL,'50331419',NULL,'+974',NULL,NULL,NULL,1,'-DELETED','Hesham Test-DELETED',1,'en','2022-12-20 16:06:35',NULL,'$2y$10$5BscVLIfLUco3lW01xJWDuNFRne1jgSyx3FuBTIM1T4d1mT/jvGCG',NULL,'2022-12-20 16:06:29','2022-12-20 16:09:15','2022-12-20 16:09:15'),
	(28,2,1,'hesham zaky',1,'50331419-2022-12-20 16:17:32',NULL,'50331419',NULL,NULL,NULL,NULL,NULL,1,'هشاام-DELETED','Hesham Test-DELETED',1,'en','2022-12-20 16:11:12',NULL,'$2y$10$9OTDjhIV1Be9wcV4IwDkleE1ex.QuLS8ELNosRT8iDr.VxSSG8.Y6',NULL,'2022-12-20 16:11:08','2022-12-20 16:17:32','2022-12-20 16:17:32'),
	(29,1,1,'Hesham Zaky',1,'50331419-2022-12-21 15:05:06',NULL,'50331419',NULL,'+974','h31ch',NULL,'h.mando99',1,'-DELETED','Hesham test-DELETED',1,'en','2022-12-21 15:02:55',NULL,'$2y$10$03hbD3IC3TBZSI/nVp1Pg.piXhlYSaRnKfK7Z7qVKonMs6V05NB3i',NULL,'2022-12-21 15:02:50','2022-12-21 15:05:06','2022-12-21 15:05:06'),
	(30,2,1,NULL,1,'55181114-2022-12-22 23:11:15',NULL,'55181114',NULL,NULL,'w.f_qtr',NULL,'w.f0004',1,'عالم الاقمشة-DELETED','the world-DELETED',1,'ar','2022-12-22 12:43:34',NULL,'$2y$10$agzXEt5rDn9ueEoxLGA5FuKbfbAsajKBkK0T6QUaU/YZBI5A0SOXq',NULL,'2022-12-22 12:43:28','2022-12-22 23:11:15','2022-12-22 23:11:15'),
	(31,1,0,'خليفه',1,'66774433-2022-12-22 23:19:49',NULL,NULL,NULL,NULL,NULL,NULL,NULL,1,NULL,NULL,0,'ar','2022-12-22 12:52:35',NULL,'$2y$10$fkSG6arJUWyvg8JR3LSKGe.FmFjbNOHXuavmS2evBGb7J2OwpPzEO',NULL,'2022-12-22 12:52:31','2022-12-22 23:19:49','2022-12-22 23:19:49'),
	(32,1,0,'Tarek',1,'33133541-2022-12-22 23:38:17',NULL,NULL,NULL,NULL,NULL,NULL,NULL,1,NULL,NULL,0,'en','2022-12-22 23:16:47',NULL,'$2y$10$2c2kkb3vNGV6zxkWSDdtr.cO8UZ6nQ4zfb1pdidzeWXyqcrmdRzw6',NULL,'2022-12-22 23:16:06','2022-12-22 23:38:17','2022-12-22 23:38:17'),
	(33,2,1,NULL,1,'66774433-2022-12-22 23:24:19',NULL,'66774433',NULL,NULL,'aljryanevents','aljryanevents','enjoooy1',1,'خليفه-DELETED','khalifa-DELETED',1,'ar','2022-12-22 23:20:16',NULL,'$2y$10$eKbFnW.5TYmUc7n7G4Co6e.TcwxAw1dQlM7o6CDQFcZlvNE68Jfwq',NULL,'2022-12-22 23:20:12','2022-12-22 23:24:19','2022-12-22 23:24:19'),
	(34,2,1,NULL,1,'66774433-2022-12-24 12:12:57',NULL,'66774433',NULL,NULL,'aljryanevents','aljryanevents','enjoooy1',1,'خليفه-DELETED','khalifa-DELETED',1,'ar','2022-12-22 23:25:50',NULL,'$2y$10$6cVDXA2cet.jYOtVRlY/3.dspgAZtQmNqG/v8OLEajpx0kNW441iC',NULL,'2022-12-22 23:25:47','2022-12-24 12:12:57','2022-12-24 12:12:57'),
	(35,2,1,NULL,1,'33133541-2022-12-22 23:41:40',NULL,'33133541',NULL,'+974','6hd6','6hd6','enjoooy1',1,'-DELETED','El Tarek-DELETED',1,'en','2022-12-22 23:40:40',NULL,'$2y$10$hGufTESsMSXKHDdVz3BcM.ONSYQvQ98qUNdkbsrw3ZrXaOC.UVdy6',NULL,'2022-12-22 23:40:29','2022-12-22 23:41:40','2022-12-22 23:41:40'),
	(36,2,1,'اف',1,'33133541-2022-12-23 00:01:12',NULL,'33133541',NULL,NULL,NULL,NULL,NULL,0,'اف-DELETED','Fa-DELETED',1,'ar','2022-12-22 23:44:01',NULL,'$2y$10$WliaKTAZpPmhmj2lyRzZL.hlkN7.7poEXG1uBrwJVXU3Gz9ArkMi.',NULL,'2022-12-22 23:42:57','2022-12-23 00:01:12','2022-12-23 00:01:12'),
	(37,1,0,'طارق',1,'74443859-2022-12-25 11:37:21',NULL,NULL,NULL,NULL,NULL,NULL,NULL,0,NULL,NULL,0,'ar','2022-12-23 00:19:42',NULL,'$2y$10$QYy055N7GDp0wjfg5KJ59Ok9i.e/DZ.mE4odPP2UY2QNoazcul9A.',NULL,'2022-12-23 00:19:32','2022-12-25 11:37:21','2022-12-25 11:37:21'),
	(38,1,0,'Tarek',1,'33133541-2022-12-25 11:41:38',NULL,NULL,NULL,NULL,NULL,NULL,NULL,1,NULL,NULL,0,'en','2022-12-23 00:19:51',NULL,'$2y$10$EXN0FhyZ4GOo6q9pjsGjs.oy.4u4K0oaBpc0AUZ9fbclNz9OTkHmy',NULL,'2022-12-23 00:19:40','2022-12-25 11:41:38','2022-12-25 11:41:38'),
	(39,2,1,NULL,1,'50331419-2022-12-25 11:30:03',NULL,'50331419',NULL,NULL,NULL,NULL,NULL,1,'-DELETED','Hesham test-DELETED',1,'ar','2022-12-24 12:06:44',NULL,'$2y$10$qQY3rwj0GQooKDz3UWHCk.PIQ5HYW/cUIOGJUig0yMppOTW3UyGZG',NULL,'2022-12-24 12:06:39','2022-12-25 11:30:03','2022-12-25 11:30:03'),
	(40,2,1,NULL,1,'66774433-2022-12-24 12:17:55',NULL,'66774433',NULL,NULL,NULL,NULL,NULL,1,'خليفه-DELETED','khalifa-DELETED',1,'ar','2022-12-24 12:14:21',NULL,'$2y$10$pA3.4P/CAoRchxgbotW.reqdk6Cd/rf5wCJZCR5pVbSjs6WUEeKcO',NULL,'2022-12-24 12:14:16','2022-12-24 12:17:55','2022-12-24 12:17:55'),
	(41,2,1,NULL,1,'66774433-2022-12-24 12:38:03',NULL,'66774433',NULL,'+974',NULL,NULL,NULL,1,'خليفه-DELETED','khalifa-DELETED',1,'ar','2022-12-24 12:18:10',NULL,'$2y$10$KXiIUzS0Cpa2Wh0gG69SK.J5cCUrjpatG15xfhxz.GA2MZ8LTG3BS',NULL,'2022-12-24 12:18:03','2022-12-24 12:38:03','2022-12-24 12:38:03'),
	(42,2,1,NULL,1,'66774433-2022-12-26 16:28:35',NULL,'66774433',NULL,NULL,NULL,NULL,NULL,1,'خخخخ-DELETED','kkk-DELETED',1,'ar','2022-12-24 12:43:09',NULL,'$2y$10$6QgiImYtFMQdxQ6Hh0wpF.hg/c1GuNNcG/lksENJt/oASv6KetP/O',NULL,'2022-12-24 12:43:06','2022-12-26 16:28:35','2022-12-26 16:28:35'),
	(43,2,0,'hesham',1,'50331419-2022-12-25 11:34:30',NULL,'50331419',NULL,NULL,NULL,NULL,NULL,0,'-DELETED','Hesham Test-DELETED',0,'en',NULL,NULL,'$2y$10$y9J5QFnCpU59cyjo0iYUyucEHEtLG6c3kGB.5tfyp/fN4lmB.DSi6',NULL,'2022-12-25 11:33:52','2022-12-25 11:34:30','2022-12-25 11:34:30'),
	(44,2,1,'hhhh',1,'50331419-2022-12-25 11:37:54',NULL,'50331419',NULL,NULL,NULL,NULL,NULL,0,'-DELETED','Hesham Test-DELETED',1,'en','2022-12-25 11:35:36',NULL,'$2y$10$IaU/TC9FDX/emEdnTDOgOuI7vmb9I6G84BF5sFDhIFC/d4ToNltby',NULL,'2022-12-25 11:35:29','2022-12-25 11:37:54','2022-12-25 11:37:54'),
	(45,1,0,'Hesham',2,'00000000-2022-12-26 10:39:37','heshamzaky@applab.com',NULL,NULL,NULL,NULL,NULL,NULL,1,NULL,NULL,0,'ar',NULL,NULL,'$2y$10$v4EPPI2OpABhzyYx4RXj0uTQDw6au.mzKLv9utfyHrSLQr/uGhM36',NULL,'2022-12-25 11:40:22','2022-12-26 10:39:37','2022-12-26 10:39:37'),
	(46,1,0,'Hesham',1,'50330000-2022-12-26 10:39:32','test@applab.com',NULL,NULL,NULL,NULL,NULL,NULL,1,NULL,NULL,0,'ar',NULL,NULL,'$2y$10$sw2JEVGYawiiGW63uzKZnu4bxS9j3RvvGQlux9xQM4zJN7ybFNQHy',NULL,'2022-12-25 11:41:23','2022-12-26 10:39:33','2022-12-26 10:39:33'),
	(47,2,1,NULL,1,'50331419-2022-12-25 14:27:10',NULL,'50331419',NULL,'+974','h31ch',NULL,NULL,1,'-DELETED','HeshamTest-DELETED',1,'en','2022-12-25 14:24:27',NULL,'$2y$10$U2qEsC0IuZ9vJpg.Mh6ar.am4lAtAlwV4VuZYn8E43AqMwXQuYKne',NULL,'2022-12-25 14:24:21','2022-12-25 14:27:10','2022-12-25 14:27:10'),
	(48,1,1,NULL,1,'50331419-2022-12-26 08:38 AM',NULL,'50331419',NULL,'+974','h31ch',NULL,NULL,1,'-DELETED','HeshamTest-DELETED',1,'en','2022-12-25 16:21:19',NULL,'$2y$10$10.6SEtilGLiKGk1zHkvfeyM.lEhxzb7vXy2EEuBtbLRsEHDiHe0K',NULL,'2022-12-25 16:21:14','2022-12-26 08:38:52','2022-12-26 08:38:52'),
	(49,2,1,NULL,1,'50331419-2022-12-26 08:49 AM',NULL,'50331419',NULL,'+974',NULL,NULL,NULL,1,'-DELETED','HeshamTest-DELETED',1,'en','2022-12-26 08:39:44',NULL,'$2y$10$yFigdxSCuhrIRZT6GMo63.7ZeotRgi1oVDRmm2TyYL4WrMstQ.hwe',NULL,'2022-12-26 08:39:37','2022-12-26 08:49:49','2022-12-26 08:49:49'),
	(50,2,1,NULL,1,'50331419-2022-12-26 10:39:46',NULL,'50331419',NULL,'+974',NULL,NULL,NULL,1,'-DELETED','HeshamTest-DELETED',1,'ar','2022-12-26 08:51:21',NULL,'$2y$10$gHYNAILn2A6xItwAr2BeAeEjv/9leTRHb/9wsF2QpDvOLJ4Dms4My',NULL,'2022-12-26 08:51:08','2022-12-26 10:39:46','2022-12-26 10:39:46'),
	(51,2,1,NULL,1,'9488446-2022-12-28 20:09:42',NULL,'97766467',NULL,'+974',NULL,NULL,NULL,1,'-DELETED','Yrudud-DELETED',0,'en',NULL,NULL,'$2y$10$TqhAm3pBrOY8wN1oRLgYMOATUSrYVEs/mb69etdCDtrSTQ35PWaTq',NULL,'2022-12-26 10:02:06','2022-12-28 20:09:42','2022-12-28 20:09:42'),
	(52,1,1,NULL,1,'50331419-2022-12-26 11:00 AM',NULL,'50331419',NULL,'+974','h31ch',NULL,NULL,1,'-DELETED','HeshamTest-DELETED',1,'en','2022-12-26 10:52:10',NULL,'$2y$10$bfO35DWjTUl6T9g4KOIyuOSU5oxUSOLvedcAHfLU6bwchtNNLUe/O',NULL,'2022-12-26 10:52:04','2022-12-26 11:00:03','2022-12-26 11:00:03'),
	(53,2,1,'Heaham',1,'50331419-2022-12-26 11:19 AM',NULL,'50331419',NULL,'+974','h31ch',NULL,NULL,1,'-DELETED','HeshamTest-DELETED',1,'en','2022-12-26 11:01:09',NULL,'$2y$10$7rKy1KBICKB4aSIuinrhSeEuCrY9HuHvx3VRWeGB7AF4wa0tZxA8G',NULL,'2022-12-26 11:01:03','2022-12-26 11:19:32','2022-12-26 11:19:32'),
	(54,2,1,'hesham',1,'50331419-2022-12-26 13:25 PM',NULL,'50331419',NULL,'+974',NULL,NULL,NULL,1,'-DELETED','HeshamTest-DELETED',1,'en','2022-12-26 13:23:55',NULL,'$2y$10$WrFDVwftPQ7s1.N9uRuM6e6tPpxsl7S3QL/Wkid8WmdAJyTiUykqm',NULL,'2022-12-26 13:23:49','2022-12-26 13:25:13','2022-12-26 13:25:13'),
	(55,2,1,'Hesham',1,'50331419-2022-12-26 15:40 PM',NULL,'50331419',NULL,'+974',NULL,NULL,NULL,1,'-DELETED','HeshamTest-DELETED',1,'en','2022-12-26 13:26:04',NULL,'$2y$10$iZxeOy1elRjG44rNzmo6E.Vl77eo.ApnRnlV7YXavbhK0spnJcWwG',NULL,'2022-12-26 13:25:59','2022-12-26 15:40:47','2022-12-26 15:40:47'),
	(56,2,1,NULL,1,'55887722-2022-12-28 20:09:21',NULL,'55885588',NULL,NULL,NULL,NULL,NULL,1,'-DELETED','rrr-DELETED',0,'ar',NULL,NULL,'$2y$10$KF605VJ5btHAtsNnweLjIOko74iiHFXL06Q/PKn9FwJBgB7q0T/9.',NULL,'2022-12-26 15:40:09','2022-12-28 20:09:21','2022-12-28 20:09:21'),
	(57,2,1,NULL,1,'50331419-2022-12-26 15:42 PM',NULL,'50331419',NULL,'+974',NULL,NULL,NULL,1,'-DELETED','HeshamTest-DELETED',1,'en','2022-12-26 15:41:48',NULL,'$2y$10$1JOq7RIrUmT2w/CuVdzxDuKZfTTsUbIkYp2os.HRQSmQmIbXEOLqi',NULL,'2022-12-26 15:41:20','2022-12-26 15:42:36','2022-12-26 15:42:36'),
	(58,2,1,NULL,1,'50331419-2022-12-26 16:24 PM',NULL,'50331419',NULL,'+974',NULL,NULL,NULL,1,'-DELETED','HeshamZaky-DELETED',1,'en','2022-12-26 15:43:25',NULL,'$2y$10$edbBUpPQKCNEJDaBWcaQOeB/keu1pBibDCfOlPPSHCq3FkWvLgaoO',NULL,'2022-12-26 15:43:08','2022-12-26 16:24:49','2022-12-26 16:24:49'),
	(59,2,1,NULL,1,'50585258-2022-12-28 20:09:28',NULL,'50508541',NULL,NULL,NULL,NULL,NULL,1,'-DELETED','hvuv-DELETED',0,'ar',NULL,NULL,'$2y$10$1YjuywSYGYNY9yLgDg4YzugDByWkJd8yFtDViPqRSWP8Vo5z.LRuC',NULL,'2022-12-26 15:45:14','2022-12-28 20:09:28','2022-12-28 20:09:28'),
	(60,2,1,NULL,1,'22558844-2022-12-28 20:09:32',NULL,'55228855',NULL,NULL,NULL,NULL,NULL,1,'-DELETED','yy-DELETED',0,'ar',NULL,NULL,'$2y$10$non7VFZhstjTTLyFEfz6Y.Ndc1aINsWkxrvS2NbCXOeYv3i9n60za',NULL,'2022-12-26 15:47:01','2022-12-28 20:09:32','2022-12-28 20:09:32'),
	(61,2,1,NULL,1,'22558849-2022-12-28 20:10:38',NULL,'55228855',NULL,NULL,NULL,NULL,NULL,1,'ggg-DELETED','yyjjj-DELETED',0,'ar',NULL,NULL,'$2y$10$chQOLlQeC1hFsc1xWWrwq.XuAxUrSHtPiZNHzFT8zfhRIUuac2K92',NULL,'2022-12-26 15:47:31','2022-12-28 20:10:38','2022-12-28 20:10:38'),
	(62,2,1,NULL,1,'55884412-2022-12-28 20:10:33',NULL,'55224411',NULL,NULL,NULL,NULL,NULL,1,'gggbbh-DELETED','yyjjjkjj-DELETED',0,'ar',NULL,NULL,'$2y$10$2DPfQ55BYsYxCS5T3dQG6.1FmAIxxzmVf3drc0wSeg8laemLTignS',NULL,'2022-12-26 15:48:08','2022-12-28 20:10:33','2022-12-28 20:10:33'),
	(63,2,1,NULL,1,'55112233-2022-12-28 20:10:28',NULL,'55883366',NULL,NULL,NULL,NULL,NULL,1,'jjj-DELETED','jj-DELETED',0,'ar',NULL,NULL,'$2y$10$1GS7HZ6jmn9BcJesjyMjKeHiqhCt1rRL.sxejhTEXFBxwqO9/HLpO',NULL,'2022-12-26 15:51:17','2022-12-28 20:10:28','2022-12-28 20:10:28'),
	(64,2,1,NULL,1,'8855477-2022-12-28 20:10:22',NULL,'98447',NULL,'+974',NULL,NULL,NULL,1,'-DELETED','Rtttt-DELETED',0,'ar',NULL,NULL,'$2y$10$aVaBmXaNYTaOdb0DLYEXZO4JBo0rZ37TPAz3ogxZrKVRdELu8sl7S',NULL,'2022-12-26 15:57:18','2022-12-28 20:10:22','2022-12-28 20:10:22'),
	(65,2,1,NULL,1,'885547766-2022-12-28 20:10:17',NULL,'98447666',NULL,'+974',NULL,NULL,NULL,1,'-DELETED','Rttttttr-DELETED',0,'ar',NULL,NULL,'$2y$10$McF8fts5rn18AjF5r/ero.3p2qV4e/36kFB4HUGDWikUqy.z86yOq',NULL,'2022-12-26 15:58:00','2022-12-28 20:10:17','2022-12-28 20:10:17'),
	(66,2,1,NULL,1,'6464979797-2022-12-28 20:10:11',NULL,'85548686',NULL,'+974',NULL,NULL,NULL,1,'-DELETED','Syysus-DELETED',0,'ar',NULL,NULL,'$2y$10$c3xMJf9GAJerRVLcIsCN0ufwzFmsp3uvGMblVJp3xglZl8JhvvfZ.',NULL,'2022-12-26 15:59:15','2022-12-28 20:10:11','2022-12-28 20:10:11'),
	(67,2,1,NULL,1,'50331419-2022-12-27 16:50 PM',NULL,'50331419',NULL,'+974',NULL,NULL,NULL,1,'-DELETED','HeshamTest-DELETED',1,'en','2022-12-26 16:25:36',NULL,'$2y$10$0TVEAdc3LYRpsUr6hsVt3ewrMfT.LjjnpdSOVssC5svCXWSoy5TFy',NULL,'2022-12-26 16:25:30','2022-12-27 16:50:01','2022-12-27 16:50:01'),
	(68,1,1,NULL,1,'66774433-2023-01-03 08:08:40',NULL,'66774433','VolejRejNm','+974','aljryanevents','aljryanevents','enjoooy1',1,'تاجر تست-DELETED','tajer test-DELETED',1,'ar','2022-12-26 16:29:07',NULL,'$2y$10$niIsfRdpsI8udCSGZHiyn.dTaoOK8wuB2f21G3Eq77UFdf4XBUEGS',NULL,'2022-12-26 16:28:50','2023-01-03 08:08:40','2023-01-03 08:08:40'),
	(69,2,1,NULL,1,'55885524-2022-12-28 20:10:05',NULL,'55882235',NULL,NULL,NULL,NULL,NULL,1,'hjh-DELETED','bhh-DELETED',0,'ar',NULL,NULL,'$2y$10$aF1dBq9wBm8uJCSQdiP/geDee32flmPoX7PCBJPx3Z334kXvmekge',NULL,'2022-12-27 08:19:43','2022-12-28 20:10:05','2022-12-28 20:10:05'),
	(70,2,1,NULL,1,'50331419-2022-12-27 17:32 PM',NULL,'50331419',NULL,'+974',NULL,NULL,NULL,1,'-DELETED','Hesham Test-DELETED',1,'en','2022-12-27 16:56:52',NULL,'$2y$10$/fSVZLChYaALhE1c0dZlaOyJW2e7tszppkXx0BS7GgF6ROJk7QSQW',NULL,'2022-12-27 16:56:46','2022-12-27 17:32:02','2022-12-27 17:32:02'),
	(71,2,1,NULL,1,'50331419-2022-12-27 17:37:40',NULL,'50331419',NULL,NULL,'h31ch',NULL,NULL,1,'هشام تجريب-DELETED','HeshamTest-DELETED',1,'ar','2022-12-27 17:33:32',NULL,'$2y$10$W2atTLI3sD8RES4MrTfkpOEEni7Tt85zOkt9.ap75ZIxq.L7zoB5u',NULL,'2022-12-27 17:33:21','2022-12-27 17:37:40','2022-12-27 17:37:40'),
	(72,2,1,NULL,1,'50331419-2022-12-27 17:46:35',NULL,'50331419',NULL,'+974',NULL,NULL,NULL,1,'-DELETED','HeshamTest-DELETED',1,'en','2022-12-27 17:44:39',NULL,'$2y$10$VeXjewfjjoXT6zXxlmPS0u1mK4obXgNo49UrOUTKJbN/ivQwqSwy.',NULL,'2022-12-27 17:44:19','2022-12-27 17:46:35','2022-12-27 17:46:35'),
	(73,2,1,NULL,1,'50331419-2022-12-28 10:23 AM',NULL,'50331419',NULL,NULL,NULL,NULL,NULL,1,'-DELETED','HeshamTest-DELETED',1,'ar','2022-12-28 10:16:32',NULL,'$2y$10$C6GC76UtKIwdp13sWY366eA.tlMQVVtEJhg/GI7ZZHQj1QwAdu0w.',NULL,'2022-12-28 10:16:23','2022-12-28 10:23:46','2022-12-28 10:23:46'),
	(74,2,1,NULL,1,'50331419-2022-12-28 14:02 PM',NULL,'50331419',NULL,NULL,'h31ch',NULL,NULL,1,'-DELETED','heshamTest-DELETED',1,'en','2022-12-28 10:31:33',NULL,'$2y$10$M3gKS8yttg75hKVT5OKSiOt8S8AUB96MnHjjZo3mVwVVdtlk9xeIC',NULL,'2022-12-28 10:31:21','2022-12-28 14:02:09','2022-12-28 14:02:09'),
	(75,2,1,NULL,1,'50331419-2022-12-28 14:11:58',NULL,'50331419',NULL,'+974','h31ch',NULL,NULL,1,'-DELETED','HeshamTest-DELETED',1,'en','2022-12-28 14:05:41',NULL,'$2y$10$cRpDwx.NZ51MGXb.nC35tOh3MuaFbQAUx2yBCEefknE93nnboEiF2',NULL,'2022-12-28 14:05:29','2022-12-28 14:11:59','2022-12-28 14:11:59'),
	(76,2,1,NULL,1,'50334419-2022-12-28 14:56:35',NULL,'50331419',NULL,'+974',NULL,NULL,NULL,1,'-DELETED','heshamTest-DELETED',0,'ar',NULL,NULL,'$2y$10$vbQMhpyeHF5ns.gjd1YRNukRvTFB9Rnnp7ZP6G06lKogiMVskQ.uC',NULL,'2022-12-28 14:29:28','2022-12-28 14:56:35','2022-12-28 14:56:35'),
	(77,2,1,NULL,1,'50331419-2022-12-28 14:31 PM',NULL,'50331419',NULL,'+974',NULL,NULL,NULL,1,'-DELETED','Hesham Test-DELETED',1,'ar','2022-12-28 14:30:51',NULL,'$2y$10$3WqDUjOkI3b6jdZGhVGkzuDl7qHe3VRProDGgVjbZWMy4sI4LjH9a',NULL,'2022-12-28 14:30:41','2022-12-28 14:31:45','2022-12-28 14:31:45'),
	(78,2,1,NULL,1,'50415589-2022-12-28 20:09:58',NULL,'55712269',NULL,NULL,NULL,NULL,NULL,1,'h jc-DELETED','hcjc-DELETED',0,'en',NULL,NULL,'$2y$10$msq7UINq0uQCGOgfdLjK0Onj9mec.Wqi2yCciQEdDfkcBOliHjd5S',NULL,'2022-12-28 14:49:22','2022-12-28 20:09:58','2022-12-28 20:09:58'),
	(79,2,1,NULL,1,'50331419-2022-12-28 15:23 PM',NULL,'50331419',NULL,'+974',NULL,NULL,NULL,1,'-DELETED','testtest-DELETED',1,'ar','2022-12-28 15:09:32',NULL,'$2y$10$au84wxZbgh2TaqRAqhU9FOUKQGVTQxSFRC/VaD/grT6Iga.ig/xHK',NULL,'2022-12-28 15:09:22','2022-12-28 15:23:13','2022-12-28 15:23:13'),
	(80,2,1,NULL,1,'50331419-2022-12-28 17:58:59',NULL,'50331419',NULL,'+974',NULL,NULL,NULL,1,'-DELETED','heshamTest-DELETED',1,'en','2022-12-28 16:56:06',NULL,'$2y$10$ilTEUyojxf6lnSutznnJkum5v12Be2oMg11tX.Ja0mvihO3VMh/Yi',NULL,'2022-12-28 16:55:58','2022-12-28 17:58:59','2022-12-28 17:58:59'),
	(81,2,1,NULL,1,'50331419-2022-12-29 09:58 AM',NULL,'50331419',NULL,NULL,NULL,NULL,NULL,1,'هشام تيست-DELETED','HeshamT-DELETED',1,'ar','2022-12-29 09:51:17',NULL,'$2y$10$PWKmsvRjIGyLmiqLJqsuAuAOZLLqGorGWL9z4a7A9wWH7amFeqhdi',NULL,'2022-12-29 09:50:16','2022-12-29 09:58:24','2022-12-29 09:58:24'),
	(82,2,1,NULL,1,'50331419-2022-12-29 11:47:24',NULL,'50331419',NULL,'+974','h31ch',NULL,NULL,1,'-DELETED','HeshamT-DELETED',1,'ar','2022-12-29 10:41:14',NULL,'$2y$10$LbdIRrWvvYZBrqBO.gSTLe3XGYVsuNL4dMf85W5Bs3CKaDqiuzbY.',NULL,'2022-12-29 10:40:59','2022-12-29 11:47:24','2022-12-29 11:47:24'),
	(83,2,1,NULL,1,'50331419-2022-12-29 14:10 PM',NULL,'50331419',NULL,'+974',NULL,NULL,NULL,1,'-DELETED','Hesham Zaky-DELETED',1,'en','2022-12-29 11:48:32',NULL,'$2y$10$GO1zA/MvHQUVc2pz1C393uQTrm93BbLLeKVenax7DxovnKrRENE3u',NULL,'2022-12-29 11:48:26','2022-12-29 14:10:11','2022-12-29 14:10:11'),
	(84,2,1,NULL,1,'50331419-2022-12-29 14:34:10',NULL,'50331419',NULL,'+974',NULL,NULL,NULL,1,'-DELETED','Heshat-DELETED',1,'en','2022-12-29 14:10:46',NULL,'$2y$10$TuhfMIrg.x4XN7v5JEqPy.Kq2bXkM6djw68J.VKl2OZQMob7A4vK.',NULL,'2022-12-29 14:10:40','2022-12-29 14:34:10','2022-12-29 14:34:10'),
	(85,2,1,NULL,1,'50331419-2022-12-29 14:41 PM',NULL,'50331419',NULL,NULL,NULL,NULL,NULL,1,'هشام تيست-DELETED','heshamTest-DELETED',1,'ar','2022-12-29 14:36:22',NULL,'$2y$10$hLR9KmcLTmB5Kuo86VHqAe6icq/2RuZFC/fONVfGtzdMRF9jHfaUS',NULL,'2022-12-29 14:36:10','2022-12-29 14:41:17','2022-12-29 14:41:17'),
	(86,2,1,NULL,1,'50331419-2022-12-29 15:49 PM',NULL,'50331419',NULL,'+974',NULL,NULL,NULL,1,'هشام تجربة-DELETED','TestHesham-DELETED',1,'ar','2022-12-29 15:46:30',NULL,'$2y$10$XA9Mq69toWnq6sQ2Tr/kIOCA42.rSKcIuUZCDnvBNkXv0V.hGrxz6',NULL,'2022-12-29 15:46:24','2022-12-29 15:49:37','2022-12-29 15:49:37'),
	(87,1,0,'Mohammad alsukhni',1,'77740424-2023-01-10 15:25:35',NULL,NULL,NULL,NULL,NULL,NULL,NULL,1,NULL,NULL,0,'en','2022-12-29 22:23:06',NULL,'$2y$10$UKExC1Jj06nbi5ToR/WK0e/R3xcf35btdSzvh44sMBzPXtoGO45ye',NULL,'2022-12-29 22:22:45','2023-01-10 15:25:35','2023-01-10 15:25:35'),
	(88,1,0,'عبدالقادر ابراهيم',211,'0912766852-2023-01-10 15:25:31',NULL,NULL,NULL,NULL,NULL,NULL,NULL,1,NULL,NULL,0,'ar',NULL,NULL,'$2y$10$ygMbtjC3m3Ed7jx1lQhBWechWjaraC8.Eg//4uNh8Z8i7cFbrQ5KK',NULL,'2023-01-02 03:14:59','2023-01-10 15:25:31','2023-01-10 15:25:31'),
	(89,2,1,NULL,1,'66774433-2023-01-05 09:46:09',NULL,'66774433',NULL,NULL,'aljryanevents','aljryanevents','enjoooy1',1,'خليفه-DELETED','khalifa-DELETED',1,'ar','2023-01-03 08:11:51',NULL,'$2y$10$sbMQgk69ikyo40n1x2Y7xOZxt/608VRDI3splf5dUlLbWKl/Ord.e',NULL,'2023-01-03 08:11:47','2023-01-05 09:46:09','2023-01-05 09:46:09'),
	(90,2,1,NULL,1,'33382388-2023-01-03 08:40:50',NULL,'33382388',NULL,NULL,NULL,NULL,NULL,1,'تاجر تست-DELETED','tajer test-DELETED',1,'ar','2023-01-03 08:14:01',NULL,'$2y$10$IpCVf17.Id5p/.WO2ebwwOJvxlXr5xFPNWuClzDOkQX9pRhu/I4yG',NULL,'2023-01-03 08:13:46','2023-01-03 08:40:50','2023-01-03 08:40:50'),
	(91,2,1,NULL,1,'55701198-2023-01-03 09:21:18',NULL,'55701198',NULL,NULL,NULL,NULL,NULL,1,'1تست-DELETED','test data-DELETED',1,'ar','2023-01-03 08:39:04',NULL,'$2y$10$cCIunujLl9Doa0/q8jPgDepGmQneeR9Wwi4B.PEcII5HzmU5/mXTW',NULL,'2023-01-03 08:39:00','2023-01-03 09:21:19','2023-01-03 09:21:19'),
	(92,2,1,NULL,1,'50331419-2023-01-03 09:21:13',NULL,'50331419',NULL,'+974',NULL,NULL,NULL,1,'هشام تيست-DELETED','HeshamTest-DELETED',1,'ar','2023-01-03 08:41:48',NULL,'$2y$10$Z3yHuN9I8ziRFSqHooUEBupE3ECdvgOya2EDUBsTWCjFNXEU3oT92',NULL,'2023-01-03 08:41:38','2023-01-03 09:21:13','2023-01-03 09:21:13'),
	(93,2,1,NULL,1,'33382388-2023-01-03 08:51:08',NULL,'33382388',NULL,'+974',NULL,NULL,NULL,1,'خليفه تست-DELETED','khalifa test-DELETED',0,'ar',NULL,NULL,'$2y$10$Eje07YDhqO.xoSU6bJOZcuTHsOABncIDKhFCA4Y5jQvGIJTFRX/5a',NULL,'2023-01-03 08:49:54','2023-01-03 08:51:08','2023-01-03 08:51:08'),
	(94,2,1,NULL,1,'33382388-2023-01-03 08:58:28',NULL,'33382388',NULL,'+974',NULL,NULL,NULL,1,'الاء-DELETED','alaa-DELETED',1,'ar','2023-01-03 08:53:05',NULL,'$2y$10$lCtLANtVzPu/zWUZr331gec9T0ff2jT3K2EaV1eXqPkPQmjfBvALC',NULL,'2023-01-03 08:52:07','2023-01-03 08:58:28','2023-01-03 08:58:28'),
	(95,2,1,NULL,1,'33382388-2023-01-04 23:40:17',NULL,'33382388',NULL,'+974',NULL,NULL,NULL,1,'هاي-DELETED','hi-DELETED',0,'ar',NULL,NULL,'$2y$10$vFfXlPG1FRiFzwHTrqG6Uu/1Qo/D6ZtWIrAjcJ7SDHwz/s2fUjp9u',NULL,'2023-01-03 09:01:17','2023-01-04 23:40:18','2023-01-04 23:40:18'),
	(96,2,1,NULL,1,'55701198-2023-01-03 10:35 AM',NULL,'55701198',NULL,NULL,NULL,NULL,NULL,1,'تست-DELETED','test12-DELETED',1,'en','2023-01-03 10:19:13',NULL,'$2y$10$3eDOeEdxyVt19EBtLBbMN.0Z/D/6NaunjINCNAH1eVL.0TYmh3Hwm',NULL,'2023-01-03 10:19:10','2023-01-03 10:35:46','2023-01-03 10:35:46'),
	(97,2,1,NULL,1,'50331419-2023-01-03 10:31:36',NULL,'50331419',NULL,NULL,NULL,NULL,NULL,1,'-DELETED','heshamTest-DELETED',1,'en','2023-01-03 10:21:51',NULL,'$2y$10$zQmNrUNb69jA41JrLpWJCeKTDFmqJVSuLXb2CSRiOn3weSDaugayq',NULL,'2023-01-03 10:21:36','2023-01-03 10:31:36','2023-01-03 10:31:36'),
	(98,2,1,NULL,1,'55549838-2023-01-05 09:46:05',NULL,'55549838',NULL,NULL,NULL,NULL,NULL,1,'قصر الإحتفالات-DELETED','celebrations-DELETED',1,'en','2023-01-04 23:41:33',NULL,'$2y$10$GS70z8F2EQZQA1sA9sK4N.98aUaPKz0jWjMzc1Ouq62TxMwTYQlNu',NULL,'2023-01-04 23:41:24','2023-01-05 09:46:05','2023-01-05 09:46:05'),
	(99,2,1,NULL,1,'33981272-2023-01-09 23:58:16',NULL,'33981272',NULL,NULL,NULL,NULL,NULL,1,'تست-DELETED','Amani shops-DELETED',1,'en','2023-01-09 23:51:04',NULL,'$2y$10$NpA9QDeIQokiDUQZ/4o1V.x8tVRH3i55fn.maVorSYFTqw4cb/DQW',NULL,'2023-01-09 23:50:48','2023-01-09 23:58:17','2023-01-09 23:58:17'),
	(100,2,1,NULL,1,'66774433-2023-01-10 14:03:56',NULL,'66774433',NULL,NULL,NULL,NULL,NULL,1,'خخخ-DELETED','kkk-DELETED',1,'ar','2023-01-10 01:20:57',NULL,'$2y$10$BGKboGwujpj5sYHEaS6QuOqBWV.SMBBioJSurb5BVZdFOzMtFaMrK',NULL,'2023-01-10 01:20:53','2023-01-10 14:03:56','2023-01-10 14:03:56'),
	(101,2,1,NULL,1,'55701198-2023-01-10 09:00 AM',NULL,'55701198',NULL,NULL,NULL,NULL,NULL,1,'تست١٢-DELETED','test12-DELETED',1,'en','2023-01-10 08:52:44',NULL,'$2y$10$ym3bEtqBtn8AIM1rSTrAlOX9Xs.9xbgxXMbwFSOdHO2XF8iReKQfW',NULL,'2023-01-10 08:52:40','2023-01-10 09:00:19','2023-01-10 09:00:19'),
	(102,2,1,NULL,1,'667744333-2023-01-10 14:03:51',NULL,'66774433',NULL,NULL,NULL,NULL,NULL,1,'خليفه سعد-DELETED','khalifa saad-DELETED',0,'ar',NULL,NULL,'$2y$10$QqTDHxoZiwAjzxI1Hztoe.ejitrUgr7j5Dk0arUj4IEdzVTS8BS5W',NULL,'2023-01-10 09:02:18','2023-01-10 14:03:51','2023-01-10 14:03:51'),
	(103,2,1,NULL,1,'50331419-2023-01-10 09:09 AM',NULL,'50331419',NULL,NULL,'h31ch',NULL,NULL,1,'هشام تيست-DELETED','HeshamTest-DELETED',1,'en','2023-01-10 09:04:46',NULL,'$2y$10$S7VkltA2FL.xqfj7.j.ulO.9bWTbbHJB.SLKxvFk4ut1421..JBrS',NULL,'2023-01-10 09:04:35','2023-01-10 09:09:25','2023-01-10 09:09:25'),
	(104,2,1,NULL,1,'50331419-2023-01-10 14:02 PM',NULL,'50331419',NULL,NULL,'h31ch',NULL,NULL,1,'هشام تيست-DELETED','HeshamTest-DELETED',1,'ar','2023-01-10 09:10:18',NULL,'$2y$10$HE9Ei5v0p.qrY9vCxPml7OfRwdykgJfFzkytjO5bGzNsqibB.00.G',NULL,'2023-01-10 09:10:09','2023-01-10 14:02:31','2023-01-10 14:02:31'),
	(105,1,1,'خليفه',1,'66774433-2023-01-10 14:22:10',NULL,'66774433',NULL,NULL,'aljryanevents','aljryanevents','enjoooy1',1,'خليفه-DELETED','khalifa-DELETED',1,'ar','2023-01-10 14:07:23',NULL,'$2y$10$exmF62T5dAyLcpHmATyOie08FvYPElpwQTjTxUEyo0ER7YbJhwhFC',NULL,'2023-01-10 14:07:18','2023-01-10 14:22:10','2023-01-10 14:22:10'),
	(106,2,1,'Hesham',1,'50331419-2023-01-10 15:24:52',NULL,'50331419',NULL,NULL,'h31ch',NULL,NULL,1,'-DELETED','heshamTest-DELETED',1,'en','2023-01-10 14:09:09',NULL,'$2y$10$6KMzTkG1WLx4qi5awKYQ3.P31oeu0BE14zmO4SlYZlF0ca6fsdkD6',NULL,'2023-01-10 14:08:56','2023-01-10 15:24:52','2023-01-10 15:24:52'),
	(107,1,1,'khalifa',1,'66774433-2023-01-10 14:26:30',NULL,'66774433','VolejRejNm','+974',NULL,NULL,NULL,1,'خليفه-DELETED','khalifa-DELETED',1,'ar','2023-01-10 14:22:58',NULL,'$2y$10$iFCA7BfIdB9dTZXRNrd5UeXPJABE7bN6elxoKji2qfl/mM3P6bjZO',NULL,'2023-01-10 14:22:54','2023-01-10 14:26:30','2023-01-10 14:26:30'),
	(108,2,1,'khalifa',1,'66774433-2023-01-10 15:25:23',NULL,'66774433','VolejRejNm','+974',NULL,NULL,NULL,1,'است-DELETED','hhtest-DELETED',1,'ar','2023-01-10 14:28:27',NULL,'$2y$10$FyGoYiu9.O1sZKbdyfpOA..yUlbGiOi.CtfwP46soQafQdVwmpaFq',NULL,'2023-01-10 14:28:23','2023-01-10 15:25:23','2023-01-10 15:25:23'),
	(109,2,1,NULL,1,'50331419-2023-01-11 10:11 AM',NULL,'50331419',NULL,'+974',NULL,NULL,NULL,1,'هشام تيست-DELETED','HeshamTest-DELETED',1,'en','2023-01-11 10:11:20',NULL,'$2y$10$qwExo2oSsYdZo/IDx/iiHe.99AadVSMh/Kki1gSdfWhTSVNiSPXEe',NULL,'2023-01-11 10:11:13','2023-01-11 10:11:41','2023-01-11 10:11:41'),
	(110,1,1,'هشام تيست',1,'50331419-2023-01-11 10:16 AM',NULL,'50331419',NULL,NULL,NULL,NULL,NULL,1,'-DELETED','heshamTest-DELETED',1,'en','2023-01-11 10:12:32',NULL,'$2y$10$v/sP2om0ln4sJ5gFXnoj9uBQ8Z8qYTzHm1wFKQxRwPdbMWPRJ8qtq',NULL,'2023-01-11 10:12:22','2023-01-11 10:16:26','2023-01-11 10:16:26'),
	(111,2,1,'Hesham',1,'50331419-2023-01-15 11:55 AM',NULL,'50331419',NULL,NULL,NULL,NULL,NULL,1,'-DELETED','HeshamHesham-DELETED',1,'en','2023-01-11 10:17:24',NULL,'$2y$10$T0gilTT54LDetY9p.CFMpOlRr17C4pmoeP1l0byKCXRbWFcfCYsFu',NULL,'2023-01-11 10:17:16','2023-01-15 11:55:35','2023-01-15 11:55:35'),
	(112,1,0,'Test User',1,'55030303-2023-03-06 12:54:05',NULL,NULL,NULL,NULL,NULL,NULL,NULL,1,NULL,NULL,0,'en',NULL,NULL,'$2y$10$6AXl4VaYzGyloT/GG65q2OnoNt70L5L68bVNjtU4453Tf3sczIvVS',NULL,'2023-01-11 13:29:20','2023-03-06 12:54:05','2023-03-06 12:54:05'),
	(113,2,1,NULL,1,'12312321-2023-01-12 11:28:06',NULL,'12345612',NULL,NULL,NULL,NULL,NULL,1,'sss-DELETED','Teest-DELETED',0,'ar',NULL,NULL,'$2y$10$omQyxvVI5wIn6RgrqoAtYuhSRPMabcqO76/Ar1xUCG3bAwWzDFv3C',NULL,'2023-01-12 08:04:15','2023-01-12 11:28:06','2023-01-12 11:28:06'),
	(114,1,0,NULL,2,'337657657658-2023-03-06 12:54:08',NULL,NULL,NULL,NULL,NULL,NULL,NULL,1,NULL,NULL,0,'ar',NULL,NULL,'$2y$10$s1n5Wnwr21zI3FBA.3.5FuJv2pqz/xrParqz0zFpmuVModFiAwxBy',NULL,'2023-01-12 15:17:32','2023-03-06 12:54:08','2023-03-06 12:54:08'),
	(115,1,0,'Gopikrishnan',104,'9633101192-2023-03-06 12:54:11',NULL,NULL,NULL,NULL,NULL,NULL,NULL,1,NULL,NULL,0,'en',NULL,NULL,'$2y$10$UxW/C9d5W/a.oFYCpqFXoe.kN3va3h0r2MwaM7OmKIFFlNTzH7oOm',NULL,'2023-01-13 07:56:10','2023-03-06 12:54:11','2023-03-06 12:54:11'),
	(116,1,0,NULL,2,'3723765375675-2023-03-06 12:54:16',NULL,NULL,NULL,NULL,NULL,NULL,NULL,1,NULL,NULL,0,'en',NULL,NULL,'$2y$10$Abbo9VwG4CAMijWj.lqiG.CR3gHtQLjEXo29H5vA2ooyndhU4m/sW',NULL,'2023-01-13 08:40:02','2023-03-06 12:54:16','2023-03-06 12:54:16'),
	(117,1,0,'gopikrishn',104,'8086720187-2023-03-06 12:54:19',NULL,NULL,NULL,NULL,NULL,NULL,NULL,1,NULL,NULL,0,'en',NULL,NULL,'$2y$10$QKXX8CnPkEYqWXuZmsptju2aoW.MwjgxK0GfAmdLLMCORl2aWBqnq',NULL,'2023-01-13 15:03:29','2023-03-06 12:54:19','2023-03-06 12:54:19'),
	(118,1,0,'Appstation Android',104,'8590985227-2023-03-06 12:54:22',NULL,NULL,NULL,NULL,NULL,NULL,NULL,1,NULL,NULL,0,'en',NULL,NULL,'$2y$10$Ayl0eT2NxwRO.5aK.jHm7.txg3.DPIhAiMNpqKI.938gLd0f3gBxu',NULL,'2023-01-13 15:05:55','2023-03-06 12:54:22','2023-03-06 12:54:22'),
	(119,1,0,NULL,1,'147258369-2023-03-06 12:54:26',NULL,NULL,NULL,NULL,NULL,NULL,NULL,1,NULL,NULL,0,'en',NULL,NULL,'$2y$10$9ULUVp7TDAe4XHBVRmdW3O1pOpWY0I4E4PGUOqPnPGhNnaYMT6XzK',NULL,'2023-01-15 07:19:32','2023-03-06 12:54:26','2023-03-06 12:54:26'),
	(120,2,1,NULL,1,'50331419-2023-01-15 12:00 PM',NULL,'50331419',NULL,NULL,NULL,NULL,NULL,1,'-DELETED','heahamTest-DELETED',1,'en','2023-01-15 11:56:28',NULL,'$2y$10$pqHfIJhAR3liCnejoBl/Yupaw.zXDQR9Ws9DHMhQ1Gx.usiHHXPeO',NULL,'2023-01-15 11:56:10','2023-01-15 12:00:36','2023-01-15 12:00:36'),
	(121,2,1,NULL,1,'50331419-2023-01-15 12:03 PM',NULL,'50331419','VolejRejNm','+974',NULL,NULL,NULL,1,'هشام ايست-DELETED','HeahamTest-DELETED',1,'en','2023-01-15 12:01:06',NULL,'$2y$10$4xCdjhA2l6VC1L4nAc1oo.fMswJfUUt21MAushajI/J9XuwDY5TKK',NULL,'2023-01-15 12:00:57','2023-01-15 12:03:01','2023-01-15 12:03:01'),
	(122,2,1,NULL,1,'66774433-2023-01-15 21:14:55',NULL,'66774433',NULL,NULL,'aljryanevents','aljryanevents','enjoooy1',1,'خليفه-DELETED','khalifa-DELETED',1,'ar','2023-01-15 21:14:02',NULL,'$2y$10$E80ADan.E8v53BKqYKzdB.rz/vL3gi5fJXaroNWpKMr3PFdmMtRWC',NULL,'2023-01-15 21:13:58','2023-01-15 21:14:55','2023-01-15 21:14:55'),
	(123,2,1,NULL,1,'55463905-2023-03-06 12:54:29',NULL,'55463905',NULL,NULL,'aljryanevents','aljryanevents','enjoooy1',1,'بتول','batoul',1,'ar','2023-01-15 21:46:47',NULL,'$2y$10$cEbF4zdXPQBfXwgeWL28VeI19JVaMWY0LvGc3yYqXAkVVDQodULjy',NULL,'2023-01-15 21:46:39','2023-03-06 12:54:29','2023-03-06 12:54:29'),
	(124,1,0,'khalifa',1,'66774433-2023-01-26 12:05:33',NULL,NULL,NULL,NULL,NULL,NULL,NULL,1,NULL,NULL,0,'en','2023-01-16 00:21:11',NULL,'$2y$10$fPAXWjSCwS2LNfS0aq7BTOp3WHcjMF.KW6xEYJJ8yIa9o6lzJrw6u',NULL,'2023-01-16 00:21:06','2023-01-26 12:05:33','2023-01-26 12:05:33'),
	(125,1,0,NULL,1,'6546546546-2023-03-06 12:54:32',NULL,NULL,NULL,NULL,NULL,NULL,NULL,1,NULL,NULL,0,'en',NULL,NULL,'$2y$10$8BqtYeCE6Uz0sg1qrN723OdOcV5p2cWr241v18ILaW3tek8JQIC.q',NULL,'2023-01-16 07:52:02','2023-03-06 12:54:32','2023-03-06 12:54:32'),
	(126,1,1,NULL,1,'50331419-2023-01-16 08:21 AM',NULL,'50331419',NULL,'+974',NULL,NULL,NULL,1,'-DELETED','HeshamTest-DELETED',1,'en','2023-01-16 08:19:57',NULL,'$2y$10$qtxzB/PaReOA8gaJjsSESeqZ3xkgZ8./8cLoaTM/LCJXiNLY5UTgm',NULL,'2023-01-16 08:19:43','2023-01-16 08:21:20','2023-01-16 08:21:20'),
	(127,2,1,NULL,1,'50331419-2023-01-16 08:24:30',NULL,'50331419',NULL,NULL,NULL,NULL,NULL,1,'هشام تيست-DELETED','HeshamTest-DELETED',1,'ar','2023-01-16 08:21:45',NULL,'$2y$10$oqUbmIHjnJ611gSMsREx6.RRNH1V4/Pb7OAU3HnpaiUec2Iur4J.q',NULL,'2023-01-16 08:21:40','2023-01-16 08:24:31','2023-01-16 08:24:31'),
	(128,1,0,'basel',1,'33066039-2023-03-06 12:54:35',NULL,NULL,NULL,NULL,NULL,NULL,NULL,1,NULL,NULL,0,'en','2023-01-16 09:32:44',NULL,'$2y$10$NLX1bF6xlJ6TUe2wwl4xUeQLSoPUVC79p4H.nACfAvDhkXTUcnw2S',NULL,'2023-01-16 09:32:34','2023-03-06 12:54:35','2023-03-06 12:54:35'),
	(129,1,0,'Hong',101,'858696450-2023-03-06 12:54:44',NULL,NULL,NULL,NULL,NULL,NULL,NULL,1,NULL,NULL,0,'en',NULL,NULL,'$2y$10$9aFcOjwgBJMab/xvvjSS9eNJqrQQmII7FPA6DLS5PfWLIWBgByC9y',NULL,'2023-01-16 19:05:13','2023-03-06 12:54:44','2023-03-06 12:54:44'),
	(130,1,0,'Hong PING',108,'896049810-2023-03-06 12:54:50',NULL,NULL,NULL,NULL,NULL,NULL,NULL,1,NULL,NULL,1,'en','2023-01-17 12:56:40',NULL,'$2y$10$qN/bGOpiMAIWubjEHVjmmeQc78hZYdHswtbQKpuFyIpLLuB7XRjL.',NULL,'2023-01-17 12:56:09','2023-03-06 12:54:50','2023-03-06 12:54:50'),
	(131,1,0,'سعيد',1,'33267280-2023-03-06 12:54:56',NULL,NULL,NULL,NULL,NULL,NULL,NULL,1,NULL,NULL,1,'ar','2023-01-26 11:54:52',NULL,'$2y$10$e7O4MhGDmPPpWt1bwrkYXOMr4EfXpr.GGsNn3csl0Q3QvzKQ35KVO',NULL,'2023-01-26 11:54:21','2023-03-06 12:54:56','2023-03-06 12:54:56'),
	(132,2,1,NULL,1,'66774433-2023-01-29 14:57:49',NULL,'66774433',NULL,NULL,'aljryanevents','aljryanevents','enjoooy1',1,'خليفه-DELETED','khalifa-DELETED',0,'ar','2023-01-26 12:05:48',NULL,'$2y$10$f/Ax9sKcNPkpQDP3ngky0uJJQh36WhHjjF2g2F031T75BECCLP9xG',NULL,'2023-01-26 12:05:42','2023-01-29 14:57:49','2023-01-29 14:57:49'),
	(133,2,1,NULL,1,'66774433-2023-02-20 14:54:41',NULL,'66774433',NULL,NULL,NULL,NULL,NULL,1,'خليفه-DELETED','khalifa-DELETED',0,'ar','2023-01-29 15:02:52',NULL,'$2y$10$aSqfgh3okmDTiJOMbyTKveKyL9vihdYEZxBMTVX7IrpHr2kuPa25i',NULL,'2023-01-29 15:02:47','2023-02-20 14:54:41','2023-02-20 14:54:41'),
	(134,2,1,NULL,1,'55880089-2023-02-20 15:15:38',NULL,'50335500',NULL,NULL,'قلبل','تكثر','تكثر',1,'بيبو-DELETED','bebo-DELETED',0,'ar',NULL,NULL,'$2y$10$Knic8RCOJYsw7Qo2CxSsYuGjyPSyb1UfPsPeQpyru/AA0toWyd8O2',NULL,'2023-02-20 15:14:50','2023-02-20 15:15:38','2023-02-20 15:15:38'),
	(135,2,1,NULL,1,'30303355-2023-03-06 12:55:03',NULL,'50335500',NULL,NULL,'قلبل','تكثر','تكثر',1,'بيبوو','bebop',0,'ar','2023-02-20 15:15:57',NULL,'$2y$10$K0kmsHuszKwKGtH.a0dMZ.zB3m6QR2KxCOUmnSL8YxnYXTUtrPhDe',NULL,'2023-02-20 15:15:47','2023-03-06 12:55:03','2023-03-06 12:55:03'),
	(136,1,0,'خليفه',1,'66774433-2023-03-06 12:55:07',NULL,NULL,NULL,NULL,NULL,NULL,NULL,1,NULL,NULL,0,'ar','2023-02-20 15:19:27',NULL,'$2y$10$TqRpYh.5difD.rdDUiUoDu1oYaE1tzt3c1PWz.YZIQomf5.mA8use',NULL,'2023-02-20 15:19:23','2023-03-06 12:55:07','2023-03-06 12:55:07'),
	(137,2,1,NULL,1,'31382291-2023-03-06 12:55:10',NULL,'31382291',NULL,NULL,NULL,NULL,NULL,1,NULL,'ha',0,'ar','2023-03-06 00:03:19',NULL,'$2y$10$.V.U6/LS1qtp99aQ3bKzKeaGRyFYQhJLxZfuQY1LYRyHpL9eilfeC',NULL,'2023-03-06 00:03:14','2023-03-06 12:55:10','2023-03-06 12:55:10'),
	(138,2,1,NULL,1,'66774433',NULL,'66774433',NULL,NULL,NULL,NULL,NULL,1,'تست','1test',0,'ar','2023-03-18 20:05:42',NULL,'$2y$10$9QlfG5EEJEZhLB/cAH1WHOUzatPXNqPSmplGXqugYA2PJ8diE4gYK',NULL,'2023-03-18 20:05:37','2023-03-18 20:05:42',NULL);




